000
CXUS51 KRNK 011858
CF6DAN
PRELIMINARY LOCAL CLIMATOLOGICAL DATA (WS FORM: F-6)
STATION: DANVILLE VA
MONTH: JULY
YEAR: 2021
LATITUDE: 36 34 N
LONGITUDE: 79 20 W
TEMPERATURE IN F: :PCPN: SNOW: WIND :SUNSHINE: SKY :PK WND
================================================================================
1 2 3 4 5 6A 6B 7 8 9 10 11 12 13 14 15 16 17 18
12Z AVG MX 2MIN
DY MAX MIN AVG DEP HDD CDD WTR SNW DPTH SPD SPD DIR MIN PSBL S-S WX SPD DR
================================================================================
1 95 70 83 6 0 18 1.18 0.0 0 7.9 21 230 M M 4 13 27 210
2 85 66 76 -1 0 11 1.58 0.0 0 5.9 15 270 M M 6 13 21 270
3 83 55 69 -8 0 4 0.00 0.0 0 5.9 16 330 M M 1 21 340
4 86 57 72 -5 0 7 0.00 0.0 0 4.3 12 250 M M 1 14 240
5 92 64 78 0 0 13 0.00 0.0 0 2.9 9 40 M M 3 11 40
6 92 65 79 1 0 14 0.00 0.0 0 4.6 10 230 M M 0 1 17 240
7 92 65 79 1 0 14 0.00 0.0 0 4.4 16 230 M M 0 21 220
8 78 68 73 -5 0 8 0.17 0.0 0 5.4 20 340 M M 5 1 26 360
9 91 67 79 1 0 14 0.44 0.0 0 4.9 25 310 M M 2 13 31 320
10 89 66 78 0 0 13 0.00 0.0 0 1.8 7 10 M M 0 1 9 210
11 89 69 79 1 0 14 0.58 0.0 0 3.6 20 280 M M 3 13 31 290
12 90 73 82 4 0 17 0.00 0.0 0 6.4 17 230 M M 2 25 230
13 89 71 80 2 0 15 0.00 0.0 0 6.2 15 230 M M 1 19 230
14 91 69 80 2 0 15 0.00 0.0 0 3.6 16 230 M M 1 3 22 230
15 91 68 80 2 0 15 0.00 0.0 0 4.4 9 250 M M 1 12 250
16 93 71 82 4 0 17 0.00 0.0 0 3.8 13 230 M M 0 1 16 230
17 91 69 80 2 0 15 0.36 0.0 0 5.6 22 230 M M 2 13 31 230
18 88 68 78 0 0 13 0.12 0.0 0 4.4 22 360 M M 3 3 30 350
19 82 65 74 -4 0 9 0.26 0.0 0 2.6 12 50 M M 6 1 16 50
20 87 64 76 -2 0 11 0.00 0.0 0 1.8 8 40 M M 0 1 10 230
21 89 64 77 -1 0 12 0.00 0.0 0 4.8 13 260 M M 1 18 16 260
22 85 63 74 -4 0 9 0.00 0.0 0 2.1 9 40 M M 1 12 40
23 88 64 76 -2 0 11 0.00 0.0 0 1.3 8 250 M M 2 1 11 250
24 87 66 77 -1 0 12 0.00 0.0 0 3.0 13 210 M M 4 1 22 210
25 88 70 79 1 0 14 0.00 0.0 0 5.2 13 230 M M 3 17 200
26 89 74 82 4 0 17 T 0.0 0 3.4 10 230 M M 2 14 230
27 92 71 82 4 0 17 0.00 0.0 0 1.2 7 60 M M 3 10 210
28 94 71 83 5 0 18 0.00 0.0 0 4.2 12 50 M M 1 1 15 20
29 93 69 81 3 0 16 0.00 0.0 0 6.0 15 230 M M 0 20 240
30 96 74 85 7 0 20 0.00 0.0 0 6.1 16 270 M M 3 24 280
31 90 68 79 1 0 14 0.00 0.0 0 3.9 10 50 M M 1 14 60
================================================================================
SM 2765 2084 0 417 4.69 0.0 131.6 M 62
================================================================================
AV 89.2 67.2 4.2 FASTST M M 2 MAX(MPH)
MISC ----> 25 310 # 31 320
================================================================================
NOTES:
# LAST OF SEVERAL OCCURRENCES
COLUMN 17 PEAK WIND IN M.P.H.
PRELIMINARY LOCAL CLIMATOLOGICAL DATA (WS FORM: F-6) , PAGE 2
STATION: DANVILLE VA
MONTH: JULY
YEAR: 2021
LATITUDE: 36 34 N
LONGITUDE: 79 20 W
[TEMPERATURE DATA] [PRECIPITATION DATA] SYMBOLS USED IN COLUMN 16
AVERAGE MONTHLY: 78.2 TOTAL FOR MONTH: 4.69 1 = FOG OR MIST
DPTR FM NORMAL: 0.3 DPTR FM NORMAL: -0.19 2 = FOG REDUCING VISIBILITY
HIGHEST: 96 ON 30 GRTST 24HR 2.76 ON 1- 2 TO 1/4 MILE OR LESS
LOWEST: 55 ON 3 3 = THUNDER
SNOW, ICE PELLETS, HAIL 4 = ICE PELLETS
TOTAL MONTH: 0.0 INCH 5 = HAIL
GRTST 24HR 0.0 6 = FREEZING RAIN OR DRIZZLE
GRTST DEPTH: 0 7 = DUSTSTORM OR SANDSTORM:
VSBY 1/2 MILE OR LESS
8 = SMOKE OR HAZE
[NO. OF DAYS WITH] [WEATHER - DAYS WITH] 9 = BLOWING SNOW
X = TORNADO
MAX 32 OR BELOW: 0 0.01 INCH OR MORE: 8
MAX 90 OR ABOVE: 15 0.10 INCH OR MORE: 8
MIN 32 OR BELOW: 0 0.50 INCH OR MORE: 3
MIN 0 OR BELOW: 0 1.00 INCH OR MORE: 2
[HDD (BASE 65) ]
TOTAL THIS MO. 0 CLEAR (SCALE 0-3) 25
DPTR FM NORMAL 0 PTCLDY (SCALE 4-7) 6
TOTAL FM JUL 1 0 CLOUDY (SCALE 8-10) 0
DPTR FM NORMAL 0
[CDD (BASE 65) ]
TOTAL THIS MO. 417
DPTR FM NORMAL 17 [PRESSURE DATA]
TOTAL FM JAN 1 878 HIGHEST SLP 30.24 ON 13
DPTR FM NORMAL 62 LOWEST SLP 29.75 ON 2
[REMARKS]
#FINAL-07-21#