000
CXUS51 KRNK 011215
CLMDAN
CLIMATE REPORT
NATIONAL WEATHER SERVICE BLACKSBURG, VA
815 AM EDT TUE AUG 01 2023
...................................
...THE DANVILLE VA CLIMATE SUMMARY FOR THE MONTH OF JULY 2023...
CLIMATE NORMAL PERIOD: 1991 TO 2020
CLIMATE RECORD PERIOD: 1916 TO 2023
WEATHER OBSERVED NORMAL DEPART LAST YEAR`S
VALUE DATE(S) VALUE FROM VALUE
NORMAL
..............................................................
TEMPERATURE (F)
RECORD
HIGH 105 07/10/1990
07/14/1954
LOW 50 07/22/1974
07/11/1963
07/27/1962
HIGHEST 97 07/28 96
LOWEST 61 07/23 58
AVG. MAXIMUM 89.1 88.8 0.3 89.5
AVG. MINIMUM 67.8 67.0 0.8 69.0
MEAN 78.4 77.9 0.5 79.2
DAYS MAX >= 90 14 14.8 -0.8 16
DAYS MAX <= 32 0 0.0 0.0 0
DAYS MIN <= 32 0 0.0 0.0 0
DAYS MIN <= 0 0 0.0 0.0 0
PRECIPITATION (INCHES)
RECORD
MAXIMUM 11.50 2013
MINIMUM 0.70 1957
TOTALS 2.61 4.88 -2.27 3.31
DAYS >= .01 12 12.3 -0.3 12
DAYS >= .10 8 8.0 0.0 8
DAYS >= .50 1 3.4 -2.4 3
DAYS >= 1.00 0 1.4 -1.4 0
GREATEST
24 HR. TOTAL 0.90 0.74
SNOWFALL (INCHES)
TOTALS 0.0 0.0 0.0 0.0
DAYS >= TRACE 0 0.0 0.0 0
DAYS >= 1.0 0 0.0 0.0 0
GREATEST
24 HR TOTAL 0.0 0.0
DEGREE DAYS
HEATING TOTAL 0 0 0 0
COOLING TOTAL 425 400 25 449
..............................................................
WIND (MPH)
AVERAGE WIND SPEED 3.4
RESULTANT WIND SPEED/DIRECTION 1/260
HIGHEST WIND SPEED/DIRECTION 36/250 DATE 07/02
HIGHEST GUST SPEED/DIRECTION 57/240 DATE 07/02
SKY COVER
AVERAGE SKY COVER 0.26
AVERAGE RH (PERCENT) 73
WEATHER CONDITIONS. NUMBER OF DAYS WITH
THUNDERSTORM 13 MIXED PRECIP 0
HEAVY RAIN 5 RAIN 8
LIGHT RAIN 16 FREEZING RAIN 0
LT FREEZING RAIN 0 HAIL 0
HEAVY SNOW 0 SNOW 0
LIGHT SNOW 0 SLEET 0
FOG 19 FOG W/VIS <= 1/4 MILE 2
HAZE 1
- INDICATES NEGATIVE NUMBERS.
R INDICATES RECORD WAS SET OR TIED.
MM INDICATES DATA IS MISSING.
T INDICATES TRACE AMOUNT.
$$
PW