000
CXUS51 KRNK 011432
CLSDAN
CLIMATE REPORT
NATIONAL WEATHER SERVICE BLACKSBURG, VA
1032 AM EDT THU JUN 01 2023
...................................
...THE DANVILLE VA CLIMATE SUMMARY FOR THE SEASON, FROM
3/1/2023 TO 5/31/2023...
CLIMATE NORMAL PERIOD: 1991 TO 2020
CLIMATE RECORD PERIOD: 1916 TO 2023
WEATHER OBSERVED NORMAL DEPART LAST YEAR`S
VALUE DATE(S) VALUE FROM VALUE
NORMAL
..............................................................
TEMPERATURE (F)
RECORD
HIGH 101 05/22/1941
LOW 9 03/04/2014
HIGHEST 87 03/24 91
LOWEST 23 03/21 19
AVG. MAXIMUM 69.6 70.1 -0.5 71.8
AVG. MINIMUM 45.6 45.3 0.3 46.7
MEAN 57.6 57.7 -0.1 59.2
DAYS MAX >= 90 0 1.8 -1.8 3
DAYS MAX <= 32 0 0.0 0.0 0
DAYS MIN <= 32 13 13.8 -0.8 14
DAYS MIN <= 0 0 0.0 0.0 0
PRECIPITATION (INCHES)
RECORD
MAXIMUM 18.38 1998
MINIMUM 3.07 1985
TOTALS 12.30 11.19 1.11 12.22
DAYS >= .01 30 33.3 -3.3 28
DAYS >= .10 23 20.3 2.7 19
DAYS >= .50 8 7.5 0.5 10
DAYS >= 1.00 4 2.6 1.4 4
GREATEST
24 HR. TOTAL 2.73 1.53
SNOWFALL (INCHES)
TOTALS 0.5 1.5 -1.0 T
DAYS >= TRACE 1 0.7 0.3 1
DAYS >= 1.0 0 0.3 -0.3 0
GREATEST
24 HR TOTAL 0.0 0.0
DEGREE DAYS
HEATING TOTAL 751 817 -66 680
COOLING TOTAL 90 142 -52 174
..............................................................
WIND (MPH)
AVERAGE WIND SPEED 5.7
RESULTANT WIND SPEED/DIRECTION 1/310
HIGHEST WIND SPEED/DIRECTION 33/340 DATE 05/16
HIGHEST GUST SPEED/DIRECTION 47/350 DATE 05/16
SKY COVER
AVERAGE SKY COVER 0.36
AVERAGE RH (PERCENT) 65
WEATHER CONDITIONS. NUMBER OF DAYS WITH
THUNDERSTORM 8 MIXED PRECIP 0
HEAVY RAIN 13 RAIN 17
LIGHT RAIN 36 FREEZING RAIN 0
LT FREEZING RAIN 0 HAIL 0
HEAVY SNOW 0 SNOW 0
LIGHT SNOW 1 SLEET 0
FOG 30 FOG W/VIS <= 1/4 MILE 3
HAZE 0
- INDICATES NEGATIVE NUMBERS.
R INDICATES RECORD WAS SET OR TIED.
MM INDICATES DATA IS MISSING.
T INDICATES TRACE AMOUNT.
$$
RCS