000
CXUS53 KARX 010900
CF6DEH
PRELIMINARY LOCAL CLIMATOLOGICAL DATA (WS FORM: F-6)
STATION: DECORAH IA
MONTH: MARCH
YEAR: 2021
LATITUDE: 43 16 N
LONGITUDE: 91 44 W
TEMPERATURE IN F: :PCPN: SNOW: WIND :SUNSHINE: SKY :PK WND
================================================================================
1 2 3 4 5 6A 6B 7 8 9 10 11 12 13 14 15 16 17 18
12Z AVG MX 2MIN
DY MAX MIN AVG DEP HDD CDD WTR SNW DPTH SPD SPD DIR MIN PSBL S-S WX SPD DR
================================================================================
1 25 12 19 M 46 0 M M M 6.4 15 360 M M 3 20 360
2 39 12 26 M 39 0 0.00 0.0 M 8.5 14 190 M M 0 24 200
3 46 28 37 M 28 0 0.00 0.0 M 2.6 8 320 M M 1 M M
4 43 28 36 M 29 0 0.00 0.0 M 6.5 12 80 M M 2 18 110
5 39 27 33 M 32 0 0.00 0.0 M 1.2 5 210 M M 7 M M
6 45 23 34 M 31 0 0.00 0.0 M 3.2 7 150 M M 2 M M
7 50 32 41 M 24 0 0.00 0.0 M 11.1 15 160 M M 2 24 160
8 59 37 48 M 17 0 0.00 0.0 M 4.7 10 200 M M 0 20 200
9 64 41 53 M 12 0 0.00 0.0 M 12.0 21 160 M M 2 30 170
10 64 37 51 M 14 0 M M M 13.8 23 180 M M 8 35 180
11 48 34 41 M 24 0 0.00 0.0 M 9.4 18 240 M M 3 29 240
12 46 28 37 M 28 0 0.00 0.0 0 4.4 13 360 M M 0 18 360
13 57 25 41 M 24 0 0.00 0.0 0 2.7 9 210 M M 0 15 280
14 48 34 41 M 24 0 0.00 0.0 0 12.0 22 90 M M 0 29 100
15 34 28 31 M 34 0 M M M 14.4 24 90 M M 8 1 41 100
16 34 28 31 M 34 0 0.00 0.0 M 4.6 8 90 M M 7 1 M M
17 39 32 36 M 29 0 0.00 0.0 M 6.5 14 10 M M 6 1 20 10
18 50 34 42 M 23 0 0.00 0.0 M 10.4 15 50 M M 0 25 40
19 48 27 38 M 27 0 0.00 0.0 M 6.0 10 140 M M 0 15 140
20 57 30 44 M 21 0 0.00 0.0 M 10.1 16 170 M M 0 24 190
21 63 41 52 M 13 0 0.00 0.0 0 15.2 22 180 M M 2 37 180
22 57 41 49 M 16 0 0.01 0.0 0 6.4 13 180 M M 7 8 22 180
23 52 45 49 M 16 0 0.45 M M 10.3 16 90 M M 6 1 23 90
24 52 41 47 M 18 0 0.07 M M 8.2 13 270 M M 6 1 24 270
25 46 39 43 M 22 0 0.01 M M 5.2 13 70 M M 7 16 70
26 48 37 43 M 22 0 0.00 0.0 0 3.9 7 160 M M 5 M M
27 46 36 41 M 24 0 0.30 0.0 0 7.6 21 330 M M 8 1 30 330
28 41 32 37 M 28 0 0.00 0.0 0 12.3 23 320 M M 2 30 320
29 70 34 52 M 13 0 0.00 0.0 0 16.5 23 200 M M 2 37 180
30 57 32 45 M 20 0 0.00 0.0 0 11.8 18 320 M M 3 30 310
31 34 25 30 M 35 0 M M 0 11.3 21 320 M M 3 32 300
================================================================================
SM 1501 980 767 0 0.84 0.0 259.2 M 102
================================================================================
AV 48.4 31.6 8.4 FASTST M M 3 MAX(MPH)
MISC ----> 24 90 41 100
================================================================================
NOTES:
# LAST OF SEVERAL OCCURRENCES
COLUMN 17 PEAK WIND IN M.P.H.
PRELIMINARY LOCAL CLIMATOLOGICAL DATA (WS FORM: F-6) , PAGE 2
STATION: DECORAH IA
MONTH: MARCH
YEAR: 2021
LATITUDE: 43 16 N
LONGITUDE: 91 44 W
[TEMPERATURE DATA] [PRECIPITATION DATA] SYMBOLS USED IN COLUMN 16
AVERAGE MONTHLY: 40.0 TOTAL FOR MONTH: 0.84 1 = FOG OR MIST
DPTR FM NORMAL: 0.0 DPTR FM NORMAL: M 2 = FOG REDUCING VISIBILITY
HIGHEST: 70 ON 29 GRTST 24HR 0.45 ON 23-23 TO 1/4 MILE OR LESS
LOWEST: 12 ON 2, 1 3 = THUNDER
SNOW, ICE PELLETS, HAIL 4 = ICE PELLETS
TOTAL MONTH: 0.0 INCH 5 = HAIL
GRTST 24HR 0.0 6 = FREEZING RAIN OR DRIZZLE
GRTST DEPTH: 0 7 = DUSTSTORM OR SANDSTORM:
VSBY 1/2 MILE OR LESS
8 = SMOKE OR HAZE
[NO. OF DAYS WITH] [WEATHER - DAYS WITH] 9 = BLOWING SNOW
X = TORNADO
MAX 32 OR BELOW: 1 0.01 INCH OR MORE: 5
MAX 90 OR ABOVE: 0 0.10 INCH OR MORE: 2
MIN 32 OR BELOW: 17 0.50 INCH OR MORE: 0
MIN 0 OR BELOW: 0 1.00 INCH OR MORE: 0
[HDD (BASE 65) ]
TOTAL THIS MO. 767 CLEAR (SCALE 0-3) 19
DPTR FM NORMAL M PTCLDY (SCALE 4-7) 11
TOTAL FM JUL 1 6357 CLOUDY (SCALE 8-10) 1
DPTR FM NORMAL M
[CDD (BASE 65) ]
TOTAL THIS MO. 0
DPTR FM NORMAL M [PRESSURE DATA]
TOTAL FM JAN 1 0 HIGHEST SLP M ON M
DPTR FM NORMAL M LOWEST SLP M ON M
[REMARKS]
#FINAL-03-21#