000
CXUS53 KARX 011000
CF6DEH
PRELIMINARY LOCAL CLIMATOLOGICAL DATA (WS FORM: F-6)
STATION: DECORAH IA
MONTH: JANUARY
YEAR: 2021
LATITUDE: 43 16 N
LONGITUDE: 91 44 W
TEMPERATURE IN F: :PCPN: SNOW: WIND :SUNSHINE: SKY :PK WND
================================================================================
1 2 3 4 5 6A 6B 7 8 9 10 11 12 13 14 15 16 17 18
12Z AVG MX 2MIN
DY MAX MIN AVG DEP HDD CDD WTR SNW DPTH SPD SPD DIR MIN PSBL S-S WX SPD DR
================================================================================
1 23 16 20 M 45 0 M M M 5.6 8 340 M M 5 1 15 180
2 25 14 20 M 45 0 M M M 1.3 7 170 M M 10 12 M M
3 25 16 21 M 44 0 M M M 4.2 9 170 M M 7 12 13 99
4 32 18 25 M 40 0 M M M 6.2 9 230 M M 7 12 15 240
5 32 19 26 M 39 0 M M M 1.9 5 100 M M 0 M M
6 27 21 24 M 41 0 0.00 0.0 M 4.8 9 90 M M 4 12 12 99
7 30 23 27 M 38 0 0.00 0.0 M 2.9 6 10 M M 10 12 M M
8 27 23 25 M 40 0 0.00 0.0 M 4.5 7 10 M M 10 M M
9 25 19 22 M 43 0 0.00 0.0 M 3.6 7 330 M M 10 1 M M
10 27 18 23 M 42 0 0.00 0.0 M 6.1 10 320 M M 10 1 15 320
11 36 25 31 M 34 0 0.00 0.0 M 8.7 16 220 M M 3 25 220
12 36 21 29 M 36 0 0.00 0.0 M 4.5 9 220 M M 0 1 16 220
13 39 30 35 M 30 0 0.00 0.0 M 4.5 8 260 M M 1 14 190
14 32 27 30 M 35 0 0.40 M M 4.3 8 160 M M 6 1 M M
15 34 32 33 M 32 0 M M M 6.9 13 10 M M 9 1 14 90
16 34 27 31 M 34 0 M M M 9.8 15 340 M M 9 1 20 330
17 27 21 24 M 41 0 M M M 5.4 9 350 M M 9 1 13 300
18 25 16 21 M 44 0 0.00 0.0 M 4.8 9 300 M M 7 1 16 300
19 28 5 17 M 48 0 M M M 6.6 20 330 M M 8 31 330
20 37 0 19 M 46 0 0.00 0.0 M 10.3 22 190 M M 0 32 190
21 34 12 23 M 42 0 0.00 0.0 M 10.3 17 290 M M 1 30 290
22 14 1 8 M 57 0 0.00 0.0 M 11.0 96 132 M M 0 22 320
23 19 -2 9 M 56 0 M M M 4.4 10 130 M M 3 17 99
24 27 10 19 M 46 0 M M M 5.1 14 340 M M 5 15 140
25 21 10 16 M 49 0 M M M 7.9 13 40 M M 3 1 20 50
26 21 10 16 M 49 0 M M M 9.2 15 20 M M 3 18 24 20
27 19 7 13 M 52 0 0.00 0.0 M 5.3 13 330 M M 3 M M
28 19 3 11 M 54 0 0.00 0.0 M 3.9 10 150 M M 3 17 150
29 25 14 20 M 45 0 0.00 0.0 M 8.6 13 100 M M 7 22 110
30 30 25 28 M 37 0 M M M 13.0 20 100 M M 6 28 100
31 30 27 29 M 36 0 M M M 10.6 17 330 M M 8 22 330
================================================================================
SM 860 508 1320 0 0.40 0.0 196.1 M 167
================================================================================
AV 27.7 16.4 6.3 FASTST M M 5 MAX(MPH)
MISC ----> 96 132 32 190
================================================================================
NOTES:
# LAST OF SEVERAL OCCURRENCES
COLUMN 17 PEAK WIND IN M.P.H.
PRELIMINARY LOCAL CLIMATOLOGICAL DATA (WS FORM: F-6) , PAGE 2
STATION: DECORAH IA
MONTH: JANUARY
YEAR: 2021
LATITUDE: 43 16 N
LONGITUDE: 91 44 W
[TEMPERATURE DATA] [PRECIPITATION DATA] SYMBOLS USED IN COLUMN 16
AVERAGE MONTHLY: 22.1 TOTAL FOR MONTH: 0.40 1 = FOG OR MIST
DPTR FM NORMAL: 0.0 DPTR FM NORMAL: M 2 = FOG REDUCING VISIBILITY
HIGHEST: 39 ON 13 GRTST 24HR 0.40 ON 14-14 TO 1/4 MILE OR LESS
LOWEST: -2 ON 23 3 = THUNDER
SNOW, ICE PELLETS, HAIL 4 = ICE PELLETS
TOTAL MONTH: 0.0 INCH 5 = HAIL
GRTST 24HR 0.0 6 = FREEZING RAIN OR DRIZZLE
GRTST DEPTH: M ON M 7 = DUSTSTORM OR SANDSTORM:
VSBY 1/2 MILE OR LESS
8 = SMOKE OR HAZE
[NO. OF DAYS WITH] [WEATHER - DAYS WITH] 9 = BLOWING SNOW
X = TORNADO
MAX 32 OR BELOW: 24 0.01 INCH OR MORE: 1
MAX 90 OR ABOVE: 0 0.10 INCH OR MORE: 1
MIN 32 OR BELOW: 31 0.50 INCH OR MORE: 0
MIN 0 OR BELOW: 2 1.00 INCH OR MORE: 0
[HDD (BASE 65) ]
TOTAL THIS MO. 1320 CLEAR (SCALE 0-3) 11
DPTR FM NORMAL M PTCLDY (SCALE 4-7) 12
TOTAL FM JUL 1 4071 CLOUDY (SCALE 8-10) 8
DPTR FM NORMAL M
[CDD (BASE 65) ]
TOTAL THIS MO. 0
DPTR FM NORMAL M [PRESSURE DATA]
TOTAL FM JAN 1 0 HIGHEST SLP M ON M
DPTR FM NORMAL M LOWEST SLP M ON M
[REMARKS]
#FINAL-01-21#