013
CXUS56 KOTX 070134
CF6DEW
PRELIMINARY LOCAL CLIMATOLOGICAL DATA (WS FORM: F-6)
STATION: DEER_PARK WA AIRPORT
MONTH: SEPTEMBER
YEAR: 2020
LATITUDE: 47 58 N
LONGITUDE: 117 25 W
TEMPERATURE IN F: :PCPN: SNOW: WIND :SUNSHINE: SKY :PK WND
================================================================================
1 2 3 4 5 6A 6B 7 8 9 10 11 12 13 14 15 16 17 18
12Z AVG MX 2MIN
DY MAX MIN AVG DEP HDD CDD WTR SNW DPTH SPD SPD DIR MIN PSBL S-S WX SPD DR
================================================================================
1 86 47 67 5 0 2 0.00 M M 7.2 14 200 M M 1 18 190
2 88 47 68 7 0 3 0.00 M M 8.1 18 270 M M 0 23 230
3 88 43 66 5 0 1 0.00 M M 3.0 13 210 M M 0 8 19 180
4 93 44 69 8 0 4 0.00 M M 3.3 12 10 M M 0 15 80
5 91 47 69 9 0 4 0.00 M M 5.6 15 220 M M 0 25 230
6 90 46 68 8 0 3 0.00 M M 4.0 15 240 M M 0 20 200
7 71 40 56 -4 9 0 0.00 M M 14.2 35 60 M M 1 48 60
8 71 30 51 -8 14 0 0.00 M M 3.7 12 320 M M 0 8 14 30
9 82 38 60 1 5 0 0.00 M M 4.5 12 50 M M 0 18 20
10 86 44 65 7 0 0 0.00 M M 3.0 10 40 M M 0 8 17 230
11 88 38 63 5 2 0 0.00 M M 2.7 12 200 M M 0 8 16 210
12 76 41 59 1 6 0 0.00 M M 1.8 7 170 M M 6 8 9 180
13 69 36 53 -4 12 0 0.00 M M 2.8 7 70 M M 10 8 9 60
14 71 46 59 2 6 0 0.00 M M 1.7 6 330 M M 10 8 7 40
15 78 43 61 4 4 0 0.00 M M 1.3 8 170 M M 10 8 14 110
16 82 47 65 9 0 0 0.00 M M 2.6 9 60 M M 6 8 13 60
17 82 39 61 5 4 0 0.00 M M 3.6 14 50 M M 0 128 18 40
18 73 42 58 2 7 0 0.00 M M 2.3 9 30 M M 2 18 11 190
19 67 56 62 7 3 0 T M M 6.9 14 200 M M 7 8 19 200
20 71 40 56 1 9 0 0.01 M M 5.8 12 170 M M 5 16 190
21 73 35 54 0 11 0 0.00 M M 1.6 8 210 M M 0 8 10 210
22 75 44 60 6 5 0 0.00 M M 3.5 13 190 M M 1 16 160
23 72 48 60 7 5 0 0.23 M M 5.8 18 190 M M 5 1 24 190
24 68 47 58 5 7 0 0.01 M M 12.3 23 210 M M 5 1 30 210
25 58 38 48 -4 17 0 0.71 M M 5.6 17 230 M M 6 13 24 210
26 63 34 49 -3 16 0 T M M 7.6 20 210 M M 3 1 24 240
27 64 30 47 -5 18 0 0.00 M M 2.8 7 210 M M 1 1 M M
28 70 31 51 0 14 0 0.00 M M 2.1 9 190 M M 0 12 190
29 78 34 56 5 9 0 0.00 M M 2.2 7 70 M M 0 1 10 60
30 79 38 59 9 6 0 0.00 M M 2.0 9 40 M M 0 1 11 40
================================================================================
SM 2303 1233 189 17 0.96 M 133.6 M 79
================================================================================
AV 76.8 41.1 4.5 FASTST M M 3 MAX(MPH)
MISC ----> # 35 60 # 48 60
================================================================================
NOTES:
# LAST OF SEVERAL OCCURRENCES
COLUMN 17 PEAK WIND IN M.P.H.
PRELIMINARY LOCAL CLIMATOLOGICAL DATA (WS FORM: F-6) , PAGE 2
STATION: DEER_PARK WA AIRPORT
MONTH: SEPTEMBER
YEAR: 2020
LATITUDE: 47 58 N
LONGITUDE: 117 25 W
[TEMPERATURE DATA] [PRECIPITATION DATA] SYMBOLS USED IN COLUMN 16
AVERAGE MONTHLY: 58.9 TOTAL FOR MONTH: 0.96 1 = FOG OR MIST
DPTR FM NORMAL: 2.6 DPTR FM NORMAL: -0.04 2 = FOG REDUCING VISIBILITY
HIGHEST: 93 ON 4 GRTST 24HR 0.71 ON 25-25 TO 1/4 MILE OR LESS
LOWEST: 30 ON 27, 8 3 = THUNDER
SNOW, ICE PELLETS, HAIL 4 = ICE PELLETS
TOTAL MONTH: M 5 = HAIL
GRTST 24HR M ON M 6 = FREEZING RAIN OR DRIZZLE
GRTST DEPTH: M ON M 7 = DUSTSTORM OR SANDSTORM:
VSBY 1/2 MILE OR LESS
8 = SMOKE OR HAZE
[NO. OF DAYS WITH] [WEATHER - DAYS WITH] 9 = BLOWING SNOW
X = TORNADO
MAX 32 OR BELOW: 0 0.01 INCH OR MORE: 4
MAX 90 OR ABOVE: 3 0.10 INCH OR MORE: 2
MIN 32 OR BELOW: 3 0.50 INCH OR MORE: 1
MIN 0 OR BELOW: 0 1.00 INCH OR MORE: 0
[HDD (BASE 65) ]
TOTAL THIS MO. 189 CLEAR (SCALE 0-3) 20
DPTR FM NORMAL -86 PTCLDY (SCALE 4-7) 7
TOTAL FM JUL 1 315 CLOUDY (SCALE 8-10) 3
DPTR FM NORMAL -104
[CDD (BASE 65) ]
TOTAL THIS MO. 17
DPTR FM NORMAL 5 [PRESSURE DATA]
TOTAL FM JAN 1 217 HIGHEST SLP 30.54 ON 8
DPTR FM NORMAL 30 LOWEST SLP 29.70 ON 25
[REMARKS]
#FINAL-09-20#