000
CXUS56 KOTX 011300
CLMDEW
CLIMATE REPORT
NATIONAL WEATHER SERVICE SPOKANE WA
600 AM PDT SAT JUL 01 2023
...................................
...THE DEER_PARK WA AIRPORT CLIMATE SUMMARY FOR THE MONTH OF JUNE 2023...
CLIMATE NORMAL PERIOD 1991 TO 2020
CLIMATE RECORD PERIOD 9999 TO 9999
WEATHER OBSERVED NORMAL DEPART LAST YEAR`S
VALUE DATE(S) VALUE FROM VALUE DATE(S)
NORMAL
................................................................
TEMPERATURE (F)
RECORD
HIGH 111 06/29/2021
LOW 30 06/09/2012
HIGHEST 91 06/07 MM MM 93 06/27
06/30
LOWEST 33 06/19 MM MM 39 06/07
AVG. MAXIMUM 79.7 73.1 6.6 72.6
AVG. MINIMUM 46.3 44.0 2.3 47.6
MEAN 63.0 58.6 4.4 60.1
DAYS MAX >= 90 2 1.5 0.5 1
DAYS MAX <= 32 0 0.0 0.0 0
DAYS MIN <= 32 0 0.5 -0.5 0
DAYS MIN <= 0 0 0.0 0.0 0
PRECIPITATION (INCHES)
RECORD
MAXIMUM 4.41 2012
MINIMUM 0.08 2019
TOTALS 0.87 1.91 -1.04 3.77
DAILY AVG. 0.03 0.06 -0.03 0.13
DAYS >= .01 4 9.5 -5.5 14
DAYS >= .10 2 4.9 -2.9 8
DAYS >= .50 0 1.0 -1.0 3
DAYS >= 1.00 0 0.2 -0.2 1
GREATEST
24 HR. TOTAL 0.74 06/08 TO 06/09 1.45
DEGREE DAYS
HEATING TOTAL 96 212 -116 152
SINCE 7/1 6897 7285 -388 MM
COOLING TOTAL 45 18 27 14
SINCE 1/1 85 22 63 MM
................................................................
WIND (MPH)
AVERAGE WIND SPEED 5.1
HIGHEST WIND SPEED/DIRECTION 28/150 DATE 06/08
HIGHEST GUST SPEED/DIRECTION 35/190 DATE 06/13
SKY COVER
POSSIBLE SUNSHINE (PERCENT) MM
AVERAGE SKY COVER 0.27
NUMBER OF DAYS FAIR 20
NUMBER OF DAYS PC 6
NUMBER OF DAYS CLOUDY 4
AVERAGE RH (PERCENT) 58
WEATHER CONDITIONS. NUMBER OF DAYS WITH
THUNDERSTORM 5 MIXED PRECIP 0
HEAVY RAIN 2 RAIN 3
LIGHT RAIN 7 FREEZING RAIN 0
LT FREEZING RAIN 0 HAIL 0
HEAVY SNOW 0 SNOW 0
LIGHT SNOW 0 SLEET 0
FOG 9 FOG W/VIS <= 1/4 MILE 1
HAZE 1
- INDICATES NEGATIVE NUMBERS.
R INDICATES RECORD WAS SET OR TIED.
MM INDICATES DATA IS MISSING.
T INDICATES TRACE AMOUNT.
$$