000
CXUS54 KFWD 010730
CF6DFW
PRELIMINARY LOCAL CLIMATOLOGICAL DATA (WS FORM: F-6)
STATION: DALLAS/FORT WORTH
MONTH: SEPTEMBER
YEAR: 2021
LATITUDE: 32 54 N
LONGITUDE: 97 2 W
TEMPERATURE IN F: :PCPN: SNOW: WIND :SUNSHINE: SKY :PK WND
================================================================================
1 2 3 4 5 6A 6B 7 8 9 10 11 12 13 14 15 16 17 18
12Z AVG MX 2MIN
DY MAX MIN AVG DEP HDD CDD WTR SNW DPTH SPD SPD DIR MIN PSBL S-S WX SPD DR
================================================================================
1 99 79 89 6 0 24 0.00 0.0 0 8.2 16 140 M M 3 22 130
2 97 78 88 5 0 23 0.00 0.0 0 9.3 17 170 M M 1 23 170
3 96 79 88 6 0 23 0.00 0.0 0 11.1 16 170 M M 6 22 180
4 98 78 88 6 0 23 0.00 0.0 0 9.1 16 190 M M 5 21 180
5 90 79 85 3 0 20 0.09 0.0 0 8.7 17 340 M M 6 13 22 340
6 94 76 85 3 0 20 0.00 0.0 0 5.9 14 110 M M 5 18 110
7 96 68 82 1 0 17 0.00 0.0 0 5.3 13 190 M M 6 18 170
8 94 69 82 1 0 17 0.09 0.0 0 7.7 29 50 M M 4 3 41 40
9 92 66 79 -2 0 14 0.00 0.0 0 7.4 13 110 M M 1 18 130
10 92 67 80 0 0 15 0.00 0.0 0 8.1 16 180 M M 0 24 200
11 91 67 79 -1 0 14 0.00 0.0 0 7.3 14 110 M M 0 21 110
12 90 65 78 -2 0 13 0.00 0.0 0 7.0 16 120 M M 3 22 200
13 88 71 80 1 0 15 T 0.0 0 8.0 17 170 M M 6 25 170
14 85 70 78 -1 0 13 T 0.0 0 7.1 21 120 M M 5 18 28 120
15 91 68 80 1 0 15 0.00 0.0 0 7.2 17 40 M M 4 23 40
16 91 71 81 3 0 16 0.00 0.0 0 5.2 13 60 M M 2 18 60
17 92 71 82 4 0 17 0.00 0.0 0 4.7 14 50 M M 2 19 50
18 96 72 84 6 0 19 0.00 0.0 0 6.5 16 10 M M 2 22 50
19 94 73 84 6 0 19 0.00 0.0 0 5.3 17 130 M M 2 22 120
20 100 73 87 10 0 22 0.00 0.0 0 12.5 20 170 M M 3 25 220
21 88 68 78 1 0 13 0.01 0.0 0 15.5 26 360 M M 7 3 36 350
22 83 60 72 -5 0 7 0.00 0.0 0 8.2 17 350 M M 1 24 350
23 85 56 71 -5 0 6 0.00 0.0 0 3.2 9 130 M M 2 8 13 140
24 87 58 73 -3 0 8 0.00 0.0 0 4.8 13 180 M M 5 19 200
25 91 60 76 0 0 11 0.00 0.0 0 4.8 12 170 M M 2 19 130
26 91 64 78 3 0 13 0.00 0.0 0 8.2 17 180 M M 3 27 170
27 88 65 77 2 0 12 0.00 0.0 0 8.6 16 200 M M 6 21 160
28 93 68 81 7 0 16 T 0.0 0 8.3 20 140 M M 6 8 25 140
29 90 69 80 6 0 15 0.00 0.0 0 9.9 20 130 M M 7 3 26 140
30 89 69 79 5 0 14 0.06 0.0 0 9.4 28 10 M M 7 3 35 360
================================================================================
SM 2751 2077 0 474 0.25 0.0 232.5 M 112
================================================================================
AV 91.7 69.2 7.7 FASTST M M 4 MAX(MPH)
MISC ----> 29 50 41 40
================================================================================
NOTES:
# LAST OF SEVERAL OCCURRENCES
COLUMN 17 PEAK WIND IN M.P.H.
PRELIMINARY LOCAL CLIMATOLOGICAL DATA (WS FORM: F-6) , PAGE 2
STATION: DALLAS/FORT WORTH
MONTH: SEPTEMBER
YEAR: 2021
LATITUDE: 32 54 N
LONGITUDE: 97 2 W
[TEMPERATURE DATA] [PRECIPITATION DATA] SYMBOLS USED IN COLUMN 16
AVERAGE MONTHLY: 80.5 TOTAL FOR MONTH: 0.25 1 = FOG OR MIST
DPTR FM NORMAL: 2.0 DPTR FM NORMAL: -2.47 2 = FOG REDUCING VISIBILITY
HIGHEST: 100 ON 20 GRTST 24HR 0.98 ON 13-14 TO 1/4 MILE OR LESS
LOWEST: 56 ON 23 3 = THUNDER
SNOW, ICE PELLETS, HAIL 4 = ICE PELLETS
TOTAL MONTH: 0.0 INCH 5 = HAIL
GRTST 24HR 0.0 6 = FREEZING RAIN OR DRIZZLE
GRTST DEPTH: 0 7 = DUSTSTORM OR SANDSTORM:
VSBY 1/2 MILE OR LESS
8 = SMOKE OR HAZE
[NO. OF DAYS WITH] [WEATHER - DAYS WITH] 9 = BLOWING SNOW
X = TORNADO
MAX 32 OR BELOW: 0 0.01 INCH OR MORE: 4
MAX 90 OR ABOVE: 22 0.10 INCH OR MORE: 0
MIN 32 OR BELOW: 0 0.50 INCH OR MORE: 0
MIN 0 OR BELOW: 0 1.00 INCH OR MORE: 0
[HDD (BASE 65) ]
TOTAL THIS MO. 0 CLEAR (SCALE 0-3) 13
DPTR FM NORMAL -3 PTCLDY (SCALE 4-7) 17
TOTAL FM JUL 1 0 CLOUDY (SCALE 8-10) 0
DPTR FM NORMAL 0
[CDD (BASE 65) ]
TOTAL THIS MO. 474
DPTR FM NORMAL 64 [PRESSURE DATA]
TOTAL FM JAN 1 2605 HIGHEST SLP M ON M
DPTR FM NORMAL -33 LOWEST SLP 29.71 ON 28
[REMARKS]
#FINAL-09-21#