000
CXUS52 KTAE 010800
CF6DHN
PRELIMINARY LOCAL CLIMATOLOGICAL DATA (WS FORM: F-6)
STATION: DOTHAN
MONTH: APRIL
YEAR: 2021
LATITUDE: 31 19 N
LONGITUDE: 85 27 W
TEMPERATURE IN F: :PCPN: SNOW: WIND :SUNSHINE: SKY :PK WND
================================================================================
1 2 3 4 5 6A 6B 7 8 9 10 11 12 13 14 15 16 17 18
12Z AVG MX 2MIN
DY MAX MIN AVG DEP HDD CDD WTR SNW DPTH SPD SPD DIR MIN PSBL S-S WX SPD DR
================================================================================
1 61 41 51 -11 14 0 0.00 0.0 0 16.8 28 340 M M 2 35 360
2 62 35 49 -13 16 0 0.00 0.0 0 8.0 17 30 M M 0 24 30
3 66 36 51 -11 14 0 0.00 0.0 0 2.9 14 80 M M 0 21 90
4 73 39 56 -6 9 0 0.00 0.0 M 2.4 9 210 M M 0 13 220
5 77 46 62 -1 3 0 0.00 0.0 M 3.7 10 230 M M 0 14 210
6 79 49 64 1 1 0 0.00 M M 4.1 15 200 M M 0 20 200
7 79 53 66 3 0 1 0.00 M M 5.0 14 200 M M 3 128 18 200
8 80 59 70 6 0 5 0.00 0.0 M 10.0 23 230 M M 5 18 30 220
9 73 64 69 5 0 4 0.08 M M 8.1 17 180 M M 7 13 23 170
10 68 58 63 -1 2 0 0.93 0.0 M 8.3 21 150 M M 4 13 25 150
11 79 59 69 5 0 4 0.00 0.0 0 6.1 14 280 M M 4 20 260
12 85 51 68 4 0 3 0.00 0.0 0 3.6 10 270 M M 0 12 270
13 88 56 72 7 0 7 0.00 0.0 0 3.6 13 240 M M 0 17 240
14 84 55 70 5 0 5 0.08 0.0 0 5.3 23 260 M M 3 1 30 270
15 67 60 64 -1 1 0 0.34 0.0 0 5.0 14 320 M M 6 1 18 320
16 68 56 62 -4 3 0 0.01 0.0 0 4.0 12 30 M M 4 1 14 40
17 71 56 64 -2 1 0 0.14 0.0 0 4.0 12 220 M M 8 13 14 220
18 76 58 67 1 0 2 0.00 M M 6.6 15 290 M M 2 1 18 280
19 76 53 65 -1 0 0 0.00 M M 7.1 15 360 M M 0 24 350
20 80 58 69 2 0 4 T 0.0 M 3.6 10 290 M M 2 14 210
21 73 49 61 -6 4 0 0.00 0.0 M 13.0 24 340 M M 0 27 330
22 69 42 56 -12 9 0 0.00 0.0 0 7.3 18 50 M M 0 25 40
23 74 49 62 -6 3 0 0.00 0.0 0 6.8 17 140 M M 2 8 22 110
24 76 63 70 2 0 5 3.72 0.0 0 11.3 33 240 M M 8 1238 47 230
25 77 56 67 -1 0 2 0.00 0.0 0 9.1 16 330 M M 0 21 320
26 81 52 67 -2 0 2 0.00 0.0 0 4.6 12 210 M M 0 13 210
27 84 62 73 4 0 8 0.00 0.0 0 7.6 16 150 M M 2 20 160
28 85 64 75 6 0 10 0.00 0.0 0 6.3 15 180 M M 2 18 170
29 83 62 73 3 0 8 0.00 0.0 0 6.4 16 240 M M 2 12 22 210
30 82 64 73 3 0 8 0.00 0.0 M 8.1 14 340 M M 6 1 17 340
================================================================================
SM 2276 1605 80 78 5.30 0.0 198.7 M 72
================================================================================
AV 75.9 53.5 6.6 FASTST M M 2 MAX(MPH)
MISC ----> 33 240 47 230
================================================================================
NOTES:
# LAST OF SEVERAL OCCURRENCES
COLUMN 17 PEAK WIND IN M.P.H.
PRELIMINARY LOCAL CLIMATOLOGICAL DATA (WS FORM: F-6) , PAGE 2
STATION: DOTHAN
MONTH: APRIL
YEAR: 2021
LATITUDE: 31 19 N
LONGITUDE: 85 27 W
[TEMPERATURE DATA] [PRECIPITATION DATA] SYMBOLS USED IN COLUMN 16
AVERAGE MONTHLY: 64.7 TOTAL FOR MONTH: 5.30 1 = FOG OR MIST
DPTR FM NORMAL: -1.0 DPTR FM NORMAL: 1.78 2 = FOG REDUCING VISIBILITY
HIGHEST: 88 ON 13 GRTST 24HR 3.72 ON 24-24 TO 1/4 MILE OR LESS
LOWEST: 35 ON 2 3 = THUNDER
SNOW, ICE PELLETS, HAIL 4 = ICE PELLETS
TOTAL MONTH: 0.0 INCH 5 = HAIL
GRTST 24HR 0.0 6 = FREEZING RAIN OR DRIZZLE
GRTST DEPTH: 0 7 = DUSTSTORM OR SANDSTORM:
VSBY 1/2 MILE OR LESS
8 = SMOKE OR HAZE
[NO. OF DAYS WITH] [WEATHER - DAYS WITH] 9 = BLOWING SNOW
X = TORNADO
MAX 32 OR BELOW: 0 0.01 INCH OR MORE: 7
MAX 90 OR ABOVE: 0 0.10 INCH OR MORE: 4
MIN 32 OR BELOW: 0 0.50 INCH OR MORE: 2
MIN 0 OR BELOW: 0 1.00 INCH OR MORE: 1
[HDD (BASE 65) ]
TOTAL THIS MO. 80 CLEAR (SCALE 0-3) 20
DPTR FM NORMAL 10 PTCLDY (SCALE 4-7) 10
TOTAL FM JUL 1 1491 CLOUDY (SCALE 8-10) 0
DPTR FM NORMAL -349
[CDD (BASE 65) ]
TOTAL THIS MO. 78
DPTR FM NORMAL -12 [PRESSURE DATA]
TOTAL FM JAN 1 179 HIGHEST SLP M ON M
DPTR FM NORMAL 58 LOWEST SLP 29.67 ON 11
[REMARKS]
#FINAL-04-21#