000
CXUS54 KAMA 010810
CF6DHT
PRELIMINARY LOCAL CLIMATOLOGICAL DATA (WS FORM: F-6)
STATION: DALHART
MONTH: DECEMBER
YEAR: 2022
LATITUDE: 36 1 N
LONGITUDE: 102 33 W
TEMPERATURE IN F: :PCPN: SNOW: WIND :SUNSHINE: SKY :PK WND
================================================================================
1 2 3 4 5 6A 6B 7 8 9 10 11 12 13 14 15 16 17 18
12Z AVG MX 2MIN
DY MAX MIN AVG DEP HDD CDD WTR SNW DPTH SPD SPD DIR MIN PSBL S-S WX SPD DR
================================================================================
1 62 22 42 3 23 0 0.00 M M 16.5 29 190 M M 0 37 200
2 73 34 54 15 11 0 0.00 M M 23.2 41 250 M M 1 8 58 240
3 44 22 33 -5 32 0 0.00 M M 11.4 23 210 M M 1 29 230
4 63 37 50 12 15 0 0.00 M M 8.2 16 10 M M 0 20 360
5 73 35 54 16 11 0 0.00 M M 13.2 22 250 M M 0 31 250
6 67 19 43 5 22 0 0.00 M M 8.6 17 250 M M 0 22 220
7 66 31 49 12 16 0 0.00 M M 9.5 18 210 M M 0 1 25 180
8 63 31 47 10 18 0 0.00 M M 10.0 23 250 M M 0 1 30 260
9 52 22 37 0 28 0 0.00 M M 9.8 21 160 M M 0 25 160
10 52 18 35 -2 30 0 0.00 M M 10.1 25 50 M M 0 33 50
11 66 20 43 7 22 0 0.00 M M 12.7 25 210 M M 0 31 220
12 64 31 48 12 17 0 0.00 M M 16.0 38 210 M M 4 12 56 210
13 50 26 38 2 27 0 0.00 M M 18.5 32 270 M M 0 43 240
14 49 16 33 -3 32 0 0.00 M M M M M M M 0 M M
15 41 13 27 -9 38 0 0.00 M M 7.9 15 210 M M 4 20 210
16 36 15 26 -10 39 0 0.03 M M 9.0 20 290 M M 4 12 26 280
17 45 8 27 -8 38 0 0.00 M M 5.1 12 290 M M 0 17 270
18 44 11 28 -7 37 0 0.00 M M 11.2 23 190 M M 2 29 180
19 53 13 33 -2 32 0 0.00 M M 8.6 16 20 M M 0 20 30
20 48 11 30 -5 35 0 0.00 M M 9.1 18 180 M M 0 8 23 190
21 63 11 37 2 28 0 T M M 15.0 44 10 M M 0 89 57 20
22 11 0 6 -29 59 0 T M M 26.2 43 10 M M 5 89 62 10
23 22 1 12 -23 53 0 0.00 M M 6.2 12 250 M M 0 15 260
24 49 9 29 -6 36 0 0.00 M M 9.0 20 230 M M 0 26 240
25 56 16 36 1 29 0 0.00 M M 10.2 25 40 M M 0 36 50
26 53 27 40 5 25 0 0.00 M M 9.8 21 10 M M 3 26 340
27 72 25 49 14 16 0 0.00 M M 17.3 32 230 M M 0 41 230
28 60 46 53 18 12 0 0.00 M M 23.6 37 240 M M 0 8 50 240
29 56 30 43 8 22 0 0.00 M M 13.8 33 240 M M 0 44 230
30 57 21 39 4 26 0 0.00 M M 9.4 24 210 M M 1 31 210
31 69 22 46 11 19 0 0.00 M M 7.4 17 290 M M 0 23 290
================================================================================
SM 1679 643 848 0 0.03 M 366.5 M 25
================================================================================
AV 54.2 20.7 12.2 FASTST M M 1 MAX(MPH)
MISC ----> 44 10 62 10
================================================================================
NOTES:
# LAST OF SEVERAL OCCURRENCES
COLUMN 17 PEAK WIND IN M.P.H.
PRELIMINARY LOCAL CLIMATOLOGICAL DATA (WS FORM: F-6) , PAGE 2
STATION: DALHART
MONTH: DECEMBER
YEAR: 2022
LATITUDE: 36 1 N
LONGITUDE: 102 33 W
[TEMPERATURE DATA] [PRECIPITATION DATA] SYMBOLS USED IN COLUMN 16
AVERAGE MONTHLY: 37.5 TOTAL FOR MONTH: 0.03 1 = FOG OR MIST
DPTR FM NORMAL: 1.4 DPTR FM NORMAL: -0.51 2 = FOG REDUCING VISIBILITY
HIGHEST: 73 ON 5, 2 GRTST 24HR 0.03 ON 16-16 TO 1/4 MILE OR LESS
LOWEST: 0 ON 22 3 = THUNDER
SNOW, ICE PELLETS, HAIL 4 = ICE PELLETS
TOTAL MONTH: M 5 = HAIL
GRTST 24HR M ON M 6 = FREEZING RAIN OR DRIZZLE
GRTST DEPTH: M ON M 7 = DUSTSTORM OR SANDSTORM:
VSBY 1/2 MILE OR LESS
8 = SMOKE OR HAZE
[NO. OF DAYS WITH] [WEATHER - DAYS WITH] 9 = BLOWING SNOW
X = TORNADO
MAX 32 OR BELOW: 2 0.01 INCH OR MORE: 1
MAX 90 OR ABOVE: 0 0.10 INCH OR MORE: 0
MIN 32 OR BELOW: 27 0.50 INCH OR MORE: 0
MIN 0 OR BELOW: 1 1.00 INCH OR MORE: 0
[HDD (BASE 65) ]
TOTAL THIS MO. 848 CLEAR (SCALE 0-3) 27
DPTR FM NORMAL -49 PTCLDY (SCALE 4-7) 4
TOTAL FM JUL 1 1829 CLOUDY (SCALE 8-10) 0
DPTR FM NORMAL 32
[CDD (BASE 65) ]
TOTAL THIS MO. 0
DPTR FM NORMAL 0 [PRESSURE DATA]
TOTAL FM JAN 1 1646 HIGHEST SLP M ON M
DPTR FM NORMAL 242 LOWEST SLP 29.31 ON 28
[REMARKS]
#FINAL-12-22#