000
CXUS53 KBIS 011449
CF6DIK
PRELIMINARY LOCAL CLIMATOLOGICAL DATA (WS FORM: F-6)
STATION: DICKINSON ND
MONTH: MARCH
YEAR: 2024
LATITUDE: 46 47 N
LONGITUDE: 102 48 W
TEMPERATURE IN F: :PCPN: SNOW: WIND :SUNSHINE: SKY :PK WND
================================================================================
1 2 3 4 5 6A 6B 7 8 9 10 11 12 13 14 15 16 17 18
12Z AVG MX 2MIN
DY MAX MIN AVG DEP HDD CDD WTR SNW DPTH SPD SPD DIR MIN PSBL S-S WX SPD DR
================================================================================
1 52 32 42 18 23 0 T M M 11.2 22 320 M M 3 27 330
2 36 26 31 7 34 0 0.08 M M 17.2 30 80 M M 10 12 38 90
3 27 8 18 -7 47 0 0.08 M M 19.7 37 270 M M 8 1268 46 280
4 19 0 10 -15 55 0 0.00 M M 10.4 26 290 M M 1 33 290
5 22 0 11 -15 54 0 0.03 M M 11.7 23 110 M M 4 18 29 120
6 22 6 14 -12 51 0 M M M 13.7 24 290 M M 8 12 30 280
7 27 -3 12 -14 53 0 0.00 M M 5.8 14 290 M M 1 16 280
8 40 12 26 -1 39 0 0.00 M M 7.9 15 300 M M 0 20 300
9 53 19 36 9 29 0 0.00 M M 7.9 13 170 M M 0 14 180
10 60 30 45 17 20 0 0.00 M M 10.5 20 290 M M 0 25 290
11 57 33 45 17 20 0 0.00 M M 8.6 18 320 M M 0 25 310
12 59 29 44 15 21 0 0.00 M M 8.0 21 140 M M 4 25 140
13 59 31 45 16 20 0 0.00 M M 9.6 17 340 M M 1 12 26 10
14 37 24 31 1 34 0 T M M 12.0 22 310 M M 9 12 28 310
15 57 25 41 11 24 0 0.00 M M 18.2 36 270 M M 0 47 260
16 43 24 34 4 31 0 0.00 M M 15.7 29 320 M M 1 39 320
17 32 13 23 -8 42 0 0.00 M M 10.9 22 340 M M 2 32 340
18 68 12 40 9 25 0 0.00 M M 14.5 30 290 M M 0 39 300
19 53 23 38 6 27 0 0.00 M M 11.3 21 350 M M 6 27 350
20 23 14 19 -13 46 0 M M M M M M M M M M M
21 24 15 20 -13 45 0 M M M 10.8 16 110 M M 10 1 20 130
22 23 14 19 -14 46 0 M M M 4.0 10 40 M M 10 12 13 30
23 21 14 18 -16 47 0 M M M 16.6 25 110 M M 10 18 32 130
24 21 14 18 -16 47 0 M M M 17.1 24 80 M M 10 1 33 70
25 19 0 10 -24 55 0 T M M 11.2 17 40 M M 4 1 23 40
26 17 -9 4 -31 61 0 0.00 M M 8.7 16 320 M M 0 21 320
27 27 -6 11 -24 54 0 0.00 M M 5.1 14 140 M M 0 16 150
28 37 15 26 -9 39 0 T M M 17.5 26 150 M M 5 1 35 120
29 35 30 33 -3 32 0 M M M 14.6 25 300 M M 10 16 32 300
30 30 28 29 -7 36 0 M M M 5.6 15 320 M M 10 18 19 330
31 33 27 30 -6 35 0 0.00 M M 9.4 16 110 M M 10 1 20 110
================================================================================
SM 1133 500 1192 0 0.19 M 345.4 M 137
================================================================================
AV 36.5 16.1 11.5 FASTST M M 5 MAX(MPH)
MISC ----> 37 270 47 260
================================================================================
NOTES:
# LAST OF SEVERAL OCCURRENCES
COLUMN 17 PEAK WIND IN M.P.H.
PRELIMINARY LOCAL CLIMATOLOGICAL DATA (WS FORM: F-6) , PAGE 2
STATION: DICKINSON ND
MONTH: MARCH
YEAR: 2024
LATITUDE: 46 47 N
LONGITUDE: 102 48 W
[TEMPERATURE DATA] [PRECIPITATION DATA] SYMBOLS USED IN COLUMN 16
AVERAGE MONTHLY: 26.3 TOTAL FOR MONTH: 0.19 1 = FOG OR MIST
DPTR FM NORMAL: -4.0 DPTR FM NORMAL: -0.37 2 = FOG REDUCING VISIBILITY
HIGHEST: 68 ON 18 GRTST 24HR 0.08 ON 2- 2 TO 1/4 MILE OR LESS
LOWEST: -9 ON 26 3 = THUNDER
SNOW, ICE PELLETS, HAIL 4 = ICE PELLETS
TOTAL MONTH: M 5 = HAIL
GRTST 24HR M ON M 6 = FREEZING RAIN OR DRIZZLE
GRTST DEPTH: M ON M 7 = DUSTSTORM OR SANDSTORM:
VSBY 1/2 MILE OR LESS
8 = SMOKE OR HAZE
[NO. OF DAYS WITH] [WEATHER - DAYS WITH] 9 = BLOWING SNOW
X = TORNADO
MAX 32 OR BELOW: 15 0.01 INCH OR MORE: 3
MAX 90 OR ABOVE: 0 0.10 INCH OR MORE: 0
MIN 32 OR BELOW: 30 0.50 INCH OR MORE: 0
MIN 0 OR BELOW: 6 1.00 INCH OR MORE: 0
[HDD (BASE 65) ]
TOTAL THIS MO. 1192 CLEAR (SCALE 0-3) 14
DPTR FM NORMAL 118 PTCLDY (SCALE 4-7) 6
TOTAL FM JUL 1 6670 CLOUDY (SCALE 8-10) 11
DPTR FM NORMAL -589
[CDD (BASE 65) ]
TOTAL THIS MO. 0
DPTR FM NORMAL 0 [PRESSURE DATA]
TOTAL FM JAN 1 0 HIGHEST SLP 30.44 ON 14
DPTR FM NORMAL 0 LOWEST SLP 29.41 ON 3
[REMARKS]
#FINAL-03-24#