000
CXUS53 KDLH 012001
CLMDLH
CLIMATE REPORT
NATIONAL WEATHER SERVICE DULUTH MN
301 PM CDT SAT JUL 01 2023
...................................
...THE DULUTH CLIMATE SUMMARY FOR THE MONTH OF JUNE 2023...
CLIMATE NORMAL PERIOD: 1991 TO 2020
CLIMATE RECORD PERIOD: 1870 TO 2023
WEATHER OBSERVED NORMAL DEPART LAST YEAR`S
VALUE DATE(S) VALUE FROM VALUE DATE(S)
NORMAL
................................................................
TEMPERATURE (F)
RECORD
HIGH 97 06/28/1910
LOW 27 06/10/1972
HIGHEST 89 06/22 MM MM 94 06/20
LOWEST 39 06/16 MM MM 40 06/07
AVG. MAXIMUM 74.4 72.1 2.3 73.5
AVG. MINIMUM 51.9 50.2 1.7 50.6
MEAN 63.2 61.2 2.0 62.0
DAYS MAX >= 90 0 0.0 0.0 1
DAYS MAX <= 32 0 0.0 0.0 0
DAYS MIN <= 32 0 0.1 -0.1 0
DAYS MIN <= 0 0 0.0 0.0 0
PRECIPITATION (INCHES)
RECORD
MAXIMUM 10.89 1874
MINIMUM 0.11 1910
TOTALS 4.12 4.39 -0.27 4.08
DAILY AVG. 0.14 0.15 -0.01 0.14
DAYS >= .01 8 12.4 -4.4 13
DAYS >= .10 5 8.0 -3.0 5
DAYS >= .50 4 2.9 1.1 4
DAYS >= 1.00 2 1.0 1.0 1
GREATEST
24 HR. TOTAL 2.10 06/27 TO 06/28
SNOWFALL (INCHES)
RECORDS
TOTAL T 2021
TOTALS 0.0 0.0 0.0 0.0
SINCE 7/1 140.1 90.2 49.9 MM
SNOWDEPTH AVG. 0 0
DAYS >= 1.0 0 0.0 0.0 0
GREATEST
SNOW DEPTH 0 0 MM
24 HR TOTAL 0.0
DEGREE DAYS
HEATING TOTAL 100 152 -52 133
SINCE 7/1 8889 9116 -227 MM
COOLING TOTAL 56 36 20 52
SINCE 1/1 63 43 20 MM
................................................................
WIND (MPH)
AVERAGE WIND SPEED 8.2
HIGHEST WIND SPEED/DIRECTION 26/090 DATE 06/24
HIGHEST GUST SPEED/DIRECTION 37/090 DATE 06/24
SKY COVER
POSSIBLE SUNSHINE (PERCENT) MM
AVERAGE SKY COVER 0.34
NUMBER OF DAYS FAIR 17
NUMBER OF DAYS PC 9
NUMBER OF DAYS CLOUDY 4
AVERAGE RH (PERCENT) 68
WEATHER CONDITIONS. NUMBER OF DAYS WITH
THUNDERSTORM 6 MIXED PRECIP 0
HEAVY RAIN 3 RAIN 5
LIGHT RAIN 12 FREEZING RAIN 0
LT FREEZING RAIN 0 HAIL 0
HEAVY SNOW 0 SNOW 0
LIGHT SNOW 0 SLEET 0
FOG 11 FOG W/VIS <= 1/4 MILE 4
HAZE 9
- INDICATES NEGATIVE NUMBERS.
R INDICATES RECORD WAS SET OR TIED.
MM INDICATES DATA IS MISSING.
T INDICATES TRACE AMOUNT.
$$