000
CXUS56 KTFX 070807
CF6DLN
PRELIMINARY LOCAL CLIMATOLOGICAL DATA (WS FORM: F-6)
STATION: DILLON AIRPORT MT
MONTH: JULY
YEAR: 2020
LATITUDE: 45 15 N
LONGITUDE: 112 33 W
TEMPERATURE IN F: :PCPN: SNOW: WIND :SUNSHINE: SKY :PK WND
================================================================================
1 2 3 4 5 6A 6B 7 8 9 10 11 12 13 14 15 16 17 18
12Z AVG MX 2MIN
DY MAX MIN AVG DEP HDD CDD WTR SNW DPTH SPD SPD DIR MIN PSBL S-S WX SPD DR
================================================================================
1 69 38 54 -9 11 0 T M 0 10.8 28 220 M M 2 3 34 220
2 77 34 56 -7 9 0 0.00 M 0 6.4 20 250 M M 0 26 250
3 79 43 61 -3 4 0 T M 0 7.8 31 230 M M 1 3 38 230
4 80 46 63 -1 2 0 0.00 M 0 7.5 40 170 M M 1 38 52 170
5 78 44 61 -3 4 0 T M 0 5.8 23 150 M M 1 3 28 140
6 83 43 63 -1 2 0 0.00 M 0 6.6 15 140 M M 0 19 150
7 79 48 64 0 1 0 0.00 M 0 8.4 22 260 M M 0 29 280
8 75 46 61 -4 4 0 0.00 M 0 9.1 17 260 M M 1 23 210
9 81 40 61 -4 4 0 0.00 M 0 6.4 24 260 M M 1 30 260
10 81 46 64 -1 1 0 0.00 M 0 7.5 18 270 M M 1 24 40
11 88 44 66 1 0 1 0.00 M 0 8.3 18 170 M M 0 25 160
12 84 53 69 3 0 4 0.00 M 0 11.5 26 250 M M 1 39 250
13 73 51 62 -4 3 0 0.00 M 0 7.6 15 20 M M 1 18 290
14 77 39 58 -8 7 0 0.00 M 0 5.1 12 40 M M 0 16 40
15 82 37 60 -6 5 0 0.00 M 0 6.4 13 300 M M 0 16 300
16 85 43 64 -2 1 0 0.00 M 0 7.5 21 160 M M 0 28 160
17 87 50 69 3 0 4 0.00 M 0 11.2 31 250 M M 0 38 260
18 82 51 67 1 0 2 0.00 M 0 3.8 13 80 M M 0 14 80
19 83 48 66 -1 0 1 0.00 M 0 4.9 13 30 M M 0 15 30
20 82 49 66 -1 0 1 0.00 M 0 5.8 12 40 M M 0 16 30
21 88 47 68 1 0 3 0.00 M 0 5.5 16 220 M M 0 19 220
22 87 51 69 2 0 4 T M 0 9.1 28 220 M M 1 35 220
23 79 55 67 0 0 2 0.15 M 0 8.9 28 250 M M 6 13 38 260
24 78 52 65 -2 0 0 0.00 M 0 10.1 23 240 M M 2 30 240
25 83 49 66 -1 0 1 T M 0 6.4 14 30 M M 1 3 18 30
26 84 44 64 -3 1 0 0.00 M 0 6.2 12 40 M M 0 14 40
27 90 47 69 2 0 4 0.00 M 0 5.8 22 140 M M 0 27 150
28 75 53 64 -3 1 0 T M 0 8.6 20 210 M M 4 26 120
29 85 53 69 2 0 4 0.03 M 0 8.0 23 310 M M 1 1 29 320
30 88 47 68 1 0 3 0.00 M 0 6.3 13 220 M M 0 15 220
31 92 50 71 4 0 6 0.00 M 0 9.7 37 220 M M 0 38 46 220
================================================================================
SM 2534 1441 60 40 0.18 M 233.0 M 25
================================================================================
AV 81.7 46.5 7.5 FASTST M M 1 MAX(MPH)
MISC ----> 40 170 52 170
================================================================================
NOTES:
# LAST OF SEVERAL OCCURRENCES
COLUMN 17 PEAK WIND IN M.P.H.
PRELIMINARY LOCAL CLIMATOLOGICAL DATA (WS FORM: F-6) , PAGE 2
STATION: DILLON AIRPORT MT
MONTH: JULY
YEAR: 2020
LATITUDE: 45 15 N
LONGITUDE: 112 33 W
[TEMPERATURE DATA] [PRECIPITATION DATA] SYMBOLS USED IN COLUMN 16
AVERAGE MONTHLY: 64.1 TOTAL FOR MONTH: 0.18 1 = FOG OR MIST
DPTR FM NORMAL: -1.6 DPTR FM NORMAL: -1.03 2 = FOG REDUCING VISIBILITY
HIGHEST: 92 ON 31 GRTST 24HR 0.15 ON 23-23 TO 1/4 MILE OR LESS
LOWEST: 34 ON 2 3 = THUNDER
SNOW, ICE PELLETS, HAIL 4 = ICE PELLETS
TOTAL MONTH: M 5 = HAIL
GRTST 24HR M ON M 6 = FREEZING RAIN OR DRIZZLE
GRTST DEPTH: 0 7 = DUSTSTORM OR SANDSTORM:
VSBY 1/2 MILE OR LESS
8 = SMOKE OR HAZE
[NO. OF DAYS WITH] [WEATHER - DAYS WITH] 9 = BLOWING SNOW
X = TORNADO
MAX 32 OR BELOW: 0 0.01 INCH OR MORE: 2
MAX 90 OR ABOVE: 2 0.10 INCH OR MORE: 1
MIN 32 OR BELOW: 0 0.50 INCH OR MORE: 0
MIN 0 OR BELOW: 0 1.00 INCH OR MORE: 0
[HDD (BASE 65) ]
TOTAL THIS MO. 60 CLEAR (SCALE 0-3) 29
DPTR FM NORMAL 5 PTCLDY (SCALE 4-7) 2
TOTAL FM JUL 1 60 CLOUDY (SCALE 8-10) 0
DPTR FM NORMAL 6
[CDD (BASE 65) ]
TOTAL THIS MO. 40
DPTR FM NORMAL -37 [PRESSURE DATA]
TOTAL FM JAN 1 53 HIGHEST SLP 30.23 ON 30
DPTR FM NORMAL -41 LOWEST SLP 29.64 ON 1
[REMARKS]
#FINAL-07-20#