000
CXUS53 KDTX 010635
CF6DTW
PRELIMINARY LOCAL CLIMATOLOGICAL DATA (WS FORM: F-6)
STATION: DETROIT MI
MONTH: MAY
YEAR: 2020
LATITUDE: 42 13 N
LONGITUDE: 83 20 W
TEMPERATURE IN F: :PCPN: SNOW: WIND :SUNSHINE: SKY :PK WND
================================================================================
1 2 3 4 5 6A 6B 7 8 9 10 11 12 13 14 15 16 17 18
12Z AVG MX 2MIN
DY MAX MIN AVG DEP HDD CDD WTR SNW DPTH SPD SPD DIR MIN PSBL S-S WX SPD DR
================================================================================
1 66 45 56 1 9 0 T 0.0 0 7.6 16 340 M M 7 1 24 10
2 80 52 66 11 0 1 T 0.0 0 12.0 29 270 M M 9 39 270
3 73 47 60 4 5 0 0.00 0.0 0 10.6 22 300 M M 5 8 30 310
4 59 41 50 -6 15 0 0.00 0.0 0 8.1 16 320 M M 5 24 360
5 52 39 46 -10 19 0 0.00 0.0 0 9.7 17 50 M M 10 24 60
6 61 38 50 -6 15 0 0.00 0.0 0 9.3 21 350 M M 6 27 360
7 66 38 52 -5 13 0 0.00 0.0 0 13.1 30 290 M M 5 48 270
8 46 31 39 -18 26 0 T T 0 13.0 24 340 M M 9 35 340
9 53 27 40 -17 25 0 T T 0 13.3 28 280 M M 6 37 270
10 61 33 47 -11 18 0 0.37 0.5 0 11.1 28 220 M M 9 18 37 210
11 47 34 41 -17 24 0 0.01 T 0 11.9 17 270 M M 9 1 25 300
12 60 34 47 -11 18 0 T T 0 9.9 21 280 M M 4 35 260
13 57 32 45 -14 20 0 0.00 0.0 0 4.2 10 100 M M 4 18 120
14 61 44 53 -6 12 0 0.39 0.0 0 5.0 12 160 M M 10 13 15 170
15 72 57 65 6 0 0 0.52 0.0 0 6.5 20 260 M M 9 13 28 220
16 69 52 61 1 4 0 0.00 0.0 0 8.6 16 60 M M 8 18 22 50
17 60 53 57 -3 8 0 0.11 0.0 0 10.5 20 60 M M 10 18 27 70
18 60 56 58 -2 7 0 1.71 0.0 0 12.5 20 80 M M 10 1 29 80
19 69 55 62 1 3 0 0.11 0.0 0 11.2 20 90 M M 10 18 30 60
20 65 50 58 -3 7 0 0.00 0.0 M 7.2 16 120 M M 8 24 110
21 68 54 61 0 4 0 0.00 0.0 0 5.3 15 180 M M 9 18 100
22 65 58 62 0 3 0 0.06 0.0 0 3.8 8 170 M M 10 18 11 170
23 72 58 65 3 0 0 0.00 0.0 0 3.7 12 140 M M 9 1 16 150
24 87 60 74 12 0 9 T 0.0 0 7.3 18 210 M M 6 38 25 210
25 85 65 75 13 0 10 0.00 0.0 0 5.9 16 170 M M 7 18 20 160
26 87 67 77 14 0 12 0.00 0.0 0 4.3 13 170 M M 6 138 18 170
27 80 65 73 10 0 8 0.00 0.0 0 4.7 14 130 M M 9 8 20 130
28 79 68 74 10 0 9 0.16 0.0 0 9.4 21 220 M M 9 27 220
29 74 60 67 3 0 2 0.18 0.0 0 9.1 25 260 M M 8 1 38 260
30 70 52 61 -3 4 0 0.00 0.0 M 11.4 21 310 M M 6 29 320
31 65 45 55 -10 10 0 0.00 0.0 M 6.2 15 170 M M 2 20 360
================================================================================
SM 2069 1510 269 51 3.62 0.5 266.4 M 234
================================================================================
AV 66.7 48.7 8.6 FASTST M M 8 MAX(MPH)
MISC ----> 30 290 48 270
================================================================================
NOTES:
# LAST OF SEVERAL OCCURRENCES
COLUMN 17 PEAK WIND IN M.P.H.
PRELIMINARY LOCAL CLIMATOLOGICAL DATA (WS FORM: F-6) , PAGE 2
STATION: DETROIT MI
MONTH: MAY
YEAR: 2020
LATITUDE: 42 13 N
LONGITUDE: 83 20 W
[TEMPERATURE DATA] [PRECIPITATION DATA] SYMBOLS USED IN COLUMN 16
AVERAGE MONTHLY: 57.7 TOTAL FOR MONTH: 3.62 1 = FOG OR MIST
DPTR FM NORMAL: -2.0 DPTR FM NORMAL: 0.24 2 = FOG REDUCING VISIBILITY
HIGHEST: 87 ON 26,24 GRTST 24HR 1.79 ON 18-19 TO 1/4 MILE OR LESS
LOWEST: 27 ON 9 3 = THUNDER
SNOW, ICE PELLETS, HAIL 4 = ICE PELLETS
TOTAL MONTH: 0.5 INCH 5 = HAIL
GRTST 24HR 0.5 ON 10-10 6 = FREEZING RAIN OR DRIZZLE
GRTST DEPTH: 0 7 = DUSTSTORM OR SANDSTORM:
VSBY 1/2 MILE OR LESS
8 = SMOKE OR HAZE
[NO. OF DAYS WITH] [WEATHER - DAYS WITH] 9 = BLOWING SNOW
X = TORNADO
MAX 32 OR BELOW: 0 0.01 INCH OR MORE: 10
MAX 90 OR ABOVE: 0 0.10 INCH OR MORE: 8
MIN 32 OR BELOW: 3 0.50 INCH OR MORE: 2
MIN 0 OR BELOW: 0 1.00 INCH OR MORE: 1
[HDD (BASE 65) ]
TOTAL THIS MO. 269 CLEAR (SCALE 0-3) 1
DPTR FM NORMAL 61 PTCLDY (SCALE 4-7) 14
TOTAL FM JUL 1 5721 CLOUDY (SCALE 8-10) 16
DPTR FM NORMAL -381
[CDD (BASE 65) ]
TOTAL THIS MO. 51
DPTR FM NORMAL 9 [PRESSURE DATA]
TOTAL FM JAN 1 51 HIGHEST SLP M ON M
DPTR FM NORMAL 3 LOWEST SLP 29.73 ON 2
[REMARKS]
#FINAL-05-20#