000
CXUS53 KFGF 010815
CF6DVL
PRELIMINARY LOCAL CLIMATOLOGICAL DATA (WS FORM: F-6)
STATION: DEVILS LAKE ND
MONTH: MAY
YEAR: 2023
LATITUDE: 48 7 N
LONGITUDE: 98 54 W
TEMPERATURE IN F: :PCPN: SNOW: WIND :SUNSHINE: SKY :PK WND
================================================================================
1 2 3 4 5 6A 6B 7 8 9 10 11 12 13 14 15 16 17 18
12Z AVG MX 2MIN
DY MAX MIN AVG DEP HDD CDD WTR SNW DPTH SPD SPD DIR MIN PSBL S-S WX SPD DR
================================================================================
1 50 31 41 -5 24 0 0.00 M M 14.7 24 350 M M 2 33 340
2 62 29 46 -1 19 0 0.00 M M 5.8 10 360 M M 0 M M
3 76 37 57 10 8 0 0.00 M M 9.1 16 20 M M 0 16 250
4 67 35 51 3 14 0 0.00 M M 8.3 16 20 M M 0 20 30
5 64 41 53 5 12 0 0.00 M M 11.7 18 80 M M 3 8 29 80
6 59 44 52 3 13 0 0.03 M M 17.5 22 50 M M 5 1 30 50
7 50 47 49 0 16 0 0.23 M M 12.8 20 50 M M 10 1 M M
8 54 45 50 0 15 0 0.08 M M 5.6 9 300 M M 9 1 M M
9 68 38 53 3 12 0 0.00 M M 7.8 14 160 M M 4 12 M M
10 77 44 61 10 4 0 0.01 M M 7.6 14 180 M M 2 12 21 160
11 77 50 64 13 1 0 0.00 M M 10.5 21 70 M M 0 1 28 70
12 79 60 70 18 0 5 T M M 14.5 24 70 M M 5 33 70
13 70 57 64 12 1 0 T M M 14.7 20 40 M M 5 25 60
14 75 45 60 7 5 0 0.00 M M 6.0 14 30 M M 0 M M
15 77 45 61 8 4 0 0.00 M M 7.5 14 290 M M 0 8 27 290
16 77 53 65 11 0 0 0.00 M M 6.1 10 260 M M 1 8 M M
17 79 51 65 11 0 0 T M M 11.0 24 320 M M 4 8 30 310
18 54 42 48 -7 17 0 0.02 M M 14.1 23 320 M M 7 8 32 330
19 67 42 55 0 10 0 0.00 M M 12.4 20 330 M M 2 31 320
20 76 49 63 7 2 0 0.00 M M 10.5 18 220 M M 0 M M
21 75 49 62 6 3 0 0.00 M M 9.0 15 60 M M 0 18 60
22 82 48 65 9 0 0 0.00 M M 7.1 12 120 M M 0 M M
23 84 52 68 11 0 3 M M M 11.3 29 60 M M 0 36 60
24 71 57 64 7 1 0 M M M 17.8 24 120 M M 4 31 120
25 85 53 69 11 0 4 M M M 15.1 22 170 M M 1 29 190
26 84 64 74 16 0 9 M M M 17.5 25 200 M M 2 38 190
27 85 65 75 16 0 10 M M M 13.9 22 180 M M 3 31 200
28 86 63 75 16 0 10 M M M 14.5 21 160 M M 1 32 160
29 81 61 71 12 0 6 0.36 M M 10.4 27 230 M M 4 31 230
30 81 53 67 7 0 2 M M M 7.5 12 200 M M 1 M M
31 84 57 71 11 0 6 0.01 M M 8.2 24 250 M M 2 1 33 250
================================================================================
SM 2256 1507 181 55 0.74 M 340.5 M 77
================================================================================
AV 72.8 48.6 11.0 FASTST M M 2 MAX(MPH)
MISC ----> 29 60 38 190
================================================================================
NOTES:
# LAST OF SEVERAL OCCURRENCES
COLUMN 17 PEAK WIND IN M.P.H.
PRELIMINARY LOCAL CLIMATOLOGICAL DATA (WS FORM: F-6) , PAGE 2
STATION: DEVILS LAKE ND
MONTH: MAY
YEAR: 2023
LATITUDE: 48 7 N
LONGITUDE: 98 54 W
[TEMPERATURE DATA] [PRECIPITATION DATA] SYMBOLS USED IN COLUMN 16
AVERAGE MONTHLY: 60.7 TOTAL FOR MONTH: 0.74 1 = FOG OR MIST
DPTR FM NORMAL: 7.2 DPTR FM NORMAL: -1.73 2 = FOG REDUCING VISIBILITY
HIGHEST: 86 ON 28 GRTST 24HR 0.36 ON 29-29 TO 1/4 MILE OR LESS
LOWEST: 29 ON 2 3 = THUNDER
SNOW, ICE PELLETS, HAIL 4 = ICE PELLETS
TOTAL MONTH: M 5 = HAIL
GRTST 24HR M ON M 6 = FREEZING RAIN OR DRIZZLE
GRTST DEPTH: M ON M 7 = DUSTSTORM OR SANDSTORM:
VSBY 1/2 MILE OR LESS
8 = SMOKE OR HAZE
[NO. OF DAYS WITH] [WEATHER - DAYS WITH] 9 = BLOWING SNOW
X = TORNADO
MAX 32 OR BELOW: 0 0.01 INCH OR MORE: 7
MAX 90 OR ABOVE: 0 0.10 INCH OR MORE: 2
MIN 32 OR BELOW: 2 0.50 INCH OR MORE: 0
MIN 0 OR BELOW: 0 1.00 INCH OR MORE: 0
[HDD (BASE 65) ]
TOTAL THIS MO. 181 CLEAR (SCALE 0-3) 21
DPTR FM NORMAL -180 PTCLDY (SCALE 4-7) 8
TOTAL FM JUL 1 9942 CLOUDY (SCALE 8-10) 2
DPTR FM NORMAL 427
[CDD (BASE 65) ]
TOTAL THIS MO. 55
DPTR FM NORMAL 51 [PRESSURE DATA]
TOTAL FM JAN 1 55 HIGHEST SLP M ON M
DPTR FM NORMAL 51 LOWEST SLP M ON M
[REMARKS]
#FINAL-05-23#