000
CXUS53 KFGF 010815
CF6DVL
PRELIMINARY LOCAL CLIMATOLOGICAL DATA (WS FORM: F-6)
STATION: DEVILS LAKE ND
MONTH: MARCH
YEAR: 2023
LATITUDE: 48 7 N
LONGITUDE: 98 54 W
TEMPERATURE IN F: :PCPN: SNOW: WIND :SUNSHINE: SKY :PK WND
================================================================================
1 2 3 4 5 6A 6B 7 8 9 10 11 12 13 14 15 16 17 18
12Z AVG MX 2MIN
DY MAX MIN AVG DEP HDD CDD WTR SNW DPTH SPD SPD DIR MIN PSBL S-S WX SPD DR
================================================================================
1 16 -11 3 -12 62 0 M M M 13.6 24 40 M M 4 31 40
2 21 -12 5 -11 60 0 T M M 11.6 17 190 M M 4 18 21 190
3 33 13 23 7 42 0 M M M 13.8 22 270 M M 0 M M
4 29 9 19 3 46 0 T M M 8.2 14 230 M M 2 M M
5 22 1 12 -5 53 0 T M M 7.2 14 40 M M 4 1 M M
6 13 -7 3 -14 62 0 M M M 15.2 20 20 M M 0 M M
7 11 -7 2 -16 63 0 T M M 12.2 18 50 M M 7 1 M M
8 15 6 11 -7 54 0 T M M 14.0 17 30 M M 10 1 M M
9 22 15 19 0 46 0 T M M 16.4 20 30 M M 10 1 M M
10 27 16 22 2 43 0 T M M 14.3 23 110 M M 10 1 M M
11 24 18 21 1 44 0 T M M 25.9 31 100 M M 10 129 39 40
12 19 -3 8 -13 57 0 T M M 17.8 25 30 M M 2 19 32 30
13 18 -14 2 -19 63 0 M M M 5.5 12 140 M M 0 M M
14 27 4 16 -6 49 0 T M M 16.9 24 170 M M 0 1 35 180
15 27 15 21 -1 44 0 T M M 12.9 23 40 M M 7 1 28 50
16 24 6 15 -8 50 0 T M M 16.4 21 330 M M 4 1 31 350
17 8 -4 2 -22 63 0 T M M 20.0 29 340 M M 7 18 36 330
18 12 -5 4 -20 61 0 M M M 13.5 21 350 M M 0 M M
19 22 4 13 -12 52 0 M M M 12.2 17 220 M M 0 M M
20 18 -6 6 -20 59 0 T M M 8.2 12 60 M M 0 18 M M
21 21 2 12 -14 53 0 M M M 9.9 16 50 M M 7 1 M M
22 23 3 13 -14 52 0 T M M 11.4 16 330 M M 5 1 M M
23 26 -3 12 -15 53 0 T M M 7.9 15 210 M M 3 12 M M
24 34 10 22 -6 43 0 M M M 8.0 15 200 M M 1 M M
25 25 3 14 -14 51 0 T M M 11.4 17 350 M M 4 12 M M
26 24 -4 10 -19 55 0 M M M 6.4 13 280 M M 3 1 M M
27 12 -2 5 -25 60 0 M M M 7.6 15 360 M M 5 1 M M
28 11 -6 3 -27 62 0 M M M 9.9 14 300 M M 4 1 M M
29 20 -9 6 -25 59 0 T M M 10.0 16 220 M M 0 M M
30 25 -4 11 -20 54 0 T M M 7.0 14 50 M M 3 1 M M
31 27 11 19 -13 46 0 T M M 17.0 22 20 M M 3 1 28 20
================================================================================
SM 656 39 1661 0 T M 382.2 M 119
================================================================================
AV 21.2 1.3 12.3 FASTST M M 4 MAX(MPH)
MISC ----> 31 100 39 40
================================================================================
NOTES:
# LAST OF SEVERAL OCCURRENCES
COLUMN 17 PEAK WIND IN M.P.H.
PRELIMINARY LOCAL CLIMATOLOGICAL DATA (WS FORM: F-6) , PAGE 2
STATION: DEVILS LAKE ND
MONTH: MARCH
YEAR: 2023
LATITUDE: 48 7 N
LONGITUDE: 98 54 W
[TEMPERATURE DATA] [PRECIPITATION DATA] SYMBOLS USED IN COLUMN 16
AVERAGE MONTHLY: 11.2 TOTAL FOR MONTH: T 1 = FOG OR MIST
DPTR FM NORMAL: -12.1 DPTR FM NORMAL: -0.64 2 = FOG REDUCING VISIBILITY
HIGHEST: 34 ON 24 GRTST 24HR T ON 2- 2 TO 1/4 MILE OR LESS
LOWEST: -14 ON 13 3 = THUNDER
SNOW, ICE PELLETS, HAIL 4 = ICE PELLETS
TOTAL MONTH: M 5 = HAIL
GRTST 24HR M ON M 6 = FREEZING RAIN OR DRIZZLE
GRTST DEPTH: M ON M 7 = DUSTSTORM OR SANDSTORM:
VSBY 1/2 MILE OR LESS
8 = SMOKE OR HAZE
[NO. OF DAYS WITH] [WEATHER - DAYS WITH] 9 = BLOWING SNOW
X = TORNADO
MAX 32 OR BELOW: 29 0.01 INCH OR MORE: 0
MAX 90 OR ABOVE: 0 0.10 INCH OR MORE: 0
MIN 32 OR BELOW: 31 0.50 INCH OR MORE: 0
MIN 0 OR BELOW: 15 1.00 INCH OR MORE: 0
[HDD (BASE 65) ]
TOTAL THIS MO. 1661 CLEAR (SCALE 0-3) 14
DPTR FM NORMAL 367 PTCLDY (SCALE 4-7) 13
TOTAL FM JUL 1 8786 CLOUDY (SCALE 8-10) 4
DPTR FM NORMAL 403
[CDD (BASE 65) ]
TOTAL THIS MO. 0
DPTR FM NORMAL 0 [PRESSURE DATA]
TOTAL FM JAN 1 0 HIGHEST SLP M ON M
DPTR FM NORMAL 0 LOWEST SLP M ON M
[REMARKS]
#FINAL-03-23#