000
CXUS54 KHGX 011410
CF6DWH
PRELIMINARY LOCAL CLIMATOLOGICAL DATA (WS FORM: F-6)
STATION: HOUSTON/D.W._HOOKS
MONTH: SEPTEMBER
YEAR: 2022
LATITUDE: 30 4 N
LONGITUDE: 95 33 W
TEMPERATURE IN F: :PCPN: SNOW: WIND :SUNSHINE: SKY :PK WND
================================================================================
1 2 3 4 5 6A 6B 7 8 9 10 11 12 13 14 15 16 17 18
12Z AVG MX 2MIN
DY MAX MIN AVG DEP HDD CDD WTR SNW DPTH SPD SPD DIR MIN PSBL S-S WX SPD DR
================================================================================
1 96 73 85 2 0 20 T 0.0 0 2.8 14 230 M M 2 13 20 210
2 96 73 85 2 0 20 1.73 0.0 0 3.8 25 100 M M 1 123 36 100
3 94 73 84 1 0 19 0.38 0.0 0 2.3 16 90 M M 4 13 25 60
4 85 71 78 -4 0 13 0.00 0.0 0 2.4 9 220 M M 0 1 12 210
5 88 72 80 -2 0 15 0.00 0.0 0 4.0 10 190 M M 2 14 210
6 92 69 81 -1 0 16 0.00 0.0 0 3.0 10 190 M M 1 1 15 120
7 95 70 83 1 0 18 0.04 0.0 0 3.0 24 10 M M 1 13 32 30
8 93 69 81 -1 0 16 0.00 0.0 0 3.6 12 60 M M 3 19 70
9 93 69 81 -1 0 16 0.00 0.0 0 2.7 9 90 M M 2 1 15 20
10 94 70 82 1 0 17 0.00 0.0 0 2.4 8 90 M M 4 1 13 310
11 94 71 83 2 0 18 0.00 0.0 0 4.4 13 350 M M 1 1 18 350
12 91 69 80 -1 0 15 0.00 0.0 0 3.6 13 360 M M 0 17 290
13 91 68 80 -1 0 15 0.00 0.0 0 3.5 10 80 M M 0 15 80
14 89 64 77 -3 0 12 0.00 0.0 0 1.3 6 70 M M 0 M M
15 92 67 80 0 0 15 0.00 0.0 0 M M M M M M M M
16 91 72 82 2 0 17 0.00 0.0 0 M M M M M M M M
17 95 72 84 4 0 19 0.00 0.0 0 M M M M M M M M
18 96 72 84 4 0 19 0.00 0.0 0 M M M M M M M M
19 94 71 83 4 0 18 T 0.0 0 M M M M M M M M
20 97 71 84 5 0 19 0.00 0.0 0 M M M M M M M M
21 96 69 83 4 0 18 0.00 0.0 0 2.2 9 90 M M 0 28 14 110
22 99 68 84 5 0 19 0.00 0.0 0 2.6 8 90 M M 1 1 14 70
23 98 70 84 6 0 19 0.00 0.0 0 3.8 12 90 M M 1 17 130
24 95 67 81 3 0 16 0.00 0.0 0 3.9 9 130 M M 0 128 15 220
25 97 66 82 4 0 17 0.00 0.0 0 3.1 8 250 M M 0 12 12 270
26 93 69 81 3 0 16 0.00 0.0 0 6.9 14 10 M M 0 24 20
27 91 56 74 -3 0 9 0.00 0.0 0 5.1 15 80 M M 0 26 70
28 89 55 72 -5 0 7 0.00 0.0 0 3.3 13 80 M M 0 8 18 90
29 87 58 73 -4 0 8 0.00 0.0 0 5.8 15 80 M M 0 20 80
30 86 51 69 -7 0 4 0.00 0.0 0 4.5 12 10 M M 0 8 21 30
================================================================================
SM 2787 2035 0 470 2.15 0.0 84.0 M 23
================================================================================
AV 92.9 67.8 3.5 FASTST M M 1 MAX(MPH)
MISC ----> 25 100 36 100
================================================================================
NOTES:
# LAST OF SEVERAL OCCURRENCES
COLUMN 17 PEAK WIND IN M.P.H.
PRELIMINARY LOCAL CLIMATOLOGICAL DATA (WS FORM: F-6) , PAGE 2
STATION: HOUSTON/D.W._HOOKS
MONTH: SEPTEMBER
YEAR: 2022
LATITUDE: 30 4 N
LONGITUDE: 95 33 W
[TEMPERATURE DATA] [PRECIPITATION DATA] SYMBOLS USED IN COLUMN 16
AVERAGE MONTHLY: 80.4 TOTAL FOR MONTH: 2.15 1 = FOG OR MIST
DPTR FM NORMAL: 0.4 DPTR FM NORMAL: -3.04 2 = FOG REDUCING VISIBILITY
HIGHEST: 99 ON 22 GRTST 24HR 1.76 ON 2- 3 TO 1/4 MILE OR LESS
LOWEST: 51 ON 30 3 = THUNDER
SNOW, ICE PELLETS, HAIL 4 = ICE PELLETS
TOTAL MONTH: 0.0 INCH 5 = HAIL
GRTST 24HR 0.0 6 = FREEZING RAIN OR DRIZZLE
GRTST DEPTH: 0 7 = DUSTSTORM OR SANDSTORM:
VSBY 1/2 MILE OR LESS
8 = SMOKE OR HAZE
[NO. OF DAYS WITH] [WEATHER - DAYS WITH] 9 = BLOWING SNOW
X = TORNADO
MAX 32 OR BELOW: 0 0.01 INCH OR MORE: 3
MAX 90 OR ABOVE: 24 0.10 INCH OR MORE: 2
MIN 32 OR BELOW: 0 0.50 INCH OR MORE: 1
MIN 0 OR BELOW: 0 1.00 INCH OR MORE: 1
[HDD (BASE 65) ]
TOTAL THIS MO. 0 CLEAR (SCALE 0-3) 21
DPTR FM NORMAL 0 PTCLDY (SCALE 4-7) 3
TOTAL FM JUL 1 0 CLOUDY (SCALE 8-10) 6
DPTR FM NORMAL 0
[CDD (BASE 65) ]
TOTAL THIS MO. 470
DPTR FM NORMAL 20 [PRESSURE DATA]
TOTAL FM JAN 1 3370 HIGHEST SLP 30.25 ON 29
DPTR FM NORMAL 523 LOWEST SLP 29.70 ON 9
[REMARKS]
#FINAL-09-22#