000
CXUS53 KGID 011418
CF6EAR
PRELIMINARY LOCAL CLIMATOLOGICAL DATA (WS FORM: F-6)
STATION: KEARNEY NE
MONTH: JANUARY
YEAR: 2023
LATITUDE: 40 43 N
LONGITUDE: 99 0 W
TEMPERATURE IN F: :PCPN: SNOW: WIND :SUNSHINE: SKY :PK WND
================================================================================
1 2 3 4 5 6A 6B 7 8 9 10 11 12 13 14 15 16 17 18
12Z AVG MX 2MIN
DY MAX MIN AVG DEP HDD CDD WTR SNW DPTH SPD SPD DIR MIN PSBL S-S WX SPD DR
================================================================================
1 44 29 37 12 28 0 0.00 M M M M M M M 3 1 M M
2 33 30 32 7 33 0 M M M M M M M M M M M
3 31 23 27 2 38 0 M M M 19.1 31 50 M M 9 1 38 40
4 34 21 28 3 37 0 0.00 M M 12.9 17 300 M M 1 M M
5 35 18 27 2 38 0 0.00 M M 12.1 16 310 M M 0 M M
6 37 12 25 0 40 0 0.00 M M 11.2 15 50 M M 7 M M
7 37 24 31 6 34 0 0.00 M M 6.1 10 10 M M 6 M M
8 44 21 33 8 32 0 0.00 M M 6.3 14 310 M M 0 M M
9 48 24 36 11 29 0 0.00 M M 9.9 15 290 M M 0 23 290
10 51 25 38 13 27 0 0.00 M M 5.1 14 180 M M 0 M M
11 40 29 35 10 30 0 0.00 M M 12.7 22 350 M M 3 28 350
12 36 21 29 4 36 0 0.00 M M 13.3 25 350 M M 6 1 32 340
13 34 19 27 2 38 0 T M M 7.3 14 180 M M 7 12 M M
14 41 27 34 9 31 0 0.00 M M 9.2 14 170 M M 0 M M
15 37 22 30 5 35 0 0.00 M M 5.2 10 10 M M 2 M M
16 47 31 39 14 26 0 T M M 10.5 16 300 M M 8 21 320
17 40 30 35 10 30 0 0.00 M M 7.0 13 50 M M 9 12 M M
18 30 21 26 1 39 0 M M M 18.4 25 10 M M 10 12 33 70
19 35 13 24 -1 41 0 M M M 13.5 22 350 M M 6 1 30 350
20 33 6 20 -5 45 0 0.00 M M 5.6 9 290 M M 0 M M
21 32 15 24 -1 41 0 T M M 6.2 10 320 M M 5 1 M M
22 30 7 19 -6 46 0 0.00 M M 6.7 12 310 M M 2 12 M M
23 35 5 20 -5 45 0 0.00 M M 5.3 9 300 M M 5 M M
24 35 18 27 2 38 0 0.00 M M 7.3 13 340 M M 5 12 M M
25 27 18 23 -2 42 0 T M M 11.7 23 340 M M 6 32 340
26 35 23 29 4 36 0 M M M 9.6 18 250 M M 7 30 250
27 41 33 37 12 28 0 0.00 M M 12.4 23 280 M M 4 31 290
28 34 2 18 -7 47 0 T M M 21.3 35 30 M M 9 1 38 30
29 6 -3 2 -23 63 0 T M M 15.4 24 10 M M 9 29 360
30 10 1 6 -19 59 0 T M M 6.3 10 360 M M 7 M M
31 22 5 14 -12 51 0 0.00 M M 9.5 14 230 M M 3 M M
================================================================================
SM 1074 570 1183 0 M M M M 139
================================================================================
AV 34.6 18.4 M FASTST M M 5 MAX(MPH)
MISC ----> M M # M M
================================================================================
NOTES:
# LAST OF SEVERAL OCCURRENCES
COLUMN 17 PEAK WIND IN M.P.H.
PRELIMINARY LOCAL CLIMATOLOGICAL DATA (WS FORM: F-6) , PAGE 2
STATION: KEARNEY NE
MONTH: JANUARY
YEAR: 2023
LATITUDE: 40 43 N
LONGITUDE: 99 0 W
[TEMPERATURE DATA] [PRECIPITATION DATA] SYMBOLS USED IN COLUMN 16
AVERAGE MONTHLY: 26.5 TOTAL FOR MONTH: M 1 = FOG OR MIST
DPTR FM NORMAL: 1.7 DPTR FM NORMAL: M 2 = FOG REDUCING VISIBILITY
HIGHEST: 51 ON 10 GRTST 24HR M ON M TO 1/4 MILE OR LESS
LOWEST: -3 ON 29 3 = THUNDER
SNOW, ICE PELLETS, HAIL 4 = ICE PELLETS
TOTAL MONTH: M 5 = HAIL
GRTST 24HR M ON M 6 = FREEZING RAIN OR DRIZZLE
GRTST DEPTH: M ON M 7 = DUSTSTORM OR SANDSTORM:
VSBY 1/2 MILE OR LESS
8 = SMOKE OR HAZE
[NO. OF DAYS WITH] [WEATHER - DAYS WITH] 9 = BLOWING SNOW
X = TORNADO
MAX 32 OR BELOW: 8 0.01 INCH OR MORE: M
MAX 90 OR ABOVE: 0 0.10 INCH OR MORE: M
MIN 32 OR BELOW: 30 0.50 INCH OR MORE: M
MIN 0 OR BELOW: 1 1.00 INCH OR MORE: M
[HDD (BASE 65) ]
TOTAL THIS MO. 1183 CLEAR (SCALE 0-3) 12
DPTR FM NORMAL -68 PTCLDY (SCALE 4-7) 13
TOTAL FM JUL 1 3627 CLOUDY (SCALE 8-10) 6
DPTR FM NORMAL -260
[CDD (BASE 65) ]
TOTAL THIS MO. 0
DPTR FM NORMAL 0 [PRESSURE DATA]
TOTAL FM JAN 1 0 HIGHEST SLP M ON M
DPTR FM NORMAL 0 LOWEST SLP M ON M
[REMARKS]
SUBSTITUTED MAXIMUM TEMPERATURE (10 DEGREES) FOR 1/30/2023 FROM LOCAL COOPERATIVE
OBSERVER (KRNN1, SITE #25-4335) DUE TO THE AUTOMATED SENSOR ERRONEOUSLY READING
TEMPERATURES WELL ABOVE SURROUNDING SITES.
SUBSTITUTED MAXIMUM TEMPERATURE (22 DEGREES) FOR 1/31/2023 FROM LOCAL COOPERATIVE
OBSERVER (KRNN1, SITE #25-4335) DUE TO THE AUTOMATED SENSOR ERRONEOUSLY READING
TEMPERATURES WELL ABOVE SURROUNDING SITES.
#FINAL-01-23#