000
CXUS53 KGID 012352
CF6EAR
PRELIMINARY LOCAL CLIMATOLOGICAL DATA (WS FORM: F-6)
STATION: KEARNEY NE
MONTH: JANUARY
YEAR: 2022
LATITUDE: 40 43 N
LONGITUDE: 99 0 W
TEMPERATURE IN F: :PCPN: SNOW: WIND :SUNSHINE: SKY :PK WND
================================================================================
1 2 3 4 5 6A 6B 7 8 9 10 11 12 13 14 15 16 17 18
12Z AVG MX 2MIN
DY MAX MIN AVG DEP HDD CDD WTR SNW DPTH SPD SPD DIR MIN PSBL S-S WX SPD DR
================================================================================
1 5 -4 1 -24 64 0 M M M 18.4 30 10 M M 7 1 35 10
2 30 -9 11 -14 54 0 0.00 M M 6.2 10 270 M M 0 M M
3 46 13 30 5 35 0 0.00 M M 11.4 18 210 M M 0 M M
4 57 14 36 11 29 0 0.00 M M 16.8 30 310 M M 0 41 340
5 14 3 9 -16 56 0 M M M 17.1 27 350 M M 5 33 350
6 10 -3 4 -21 61 0 T M M 11.9 22 360 M M 5 22 350
7 20 5 13 -12 52 0 0.00 M M 16.7 23 180 M M 1 32 190
8 47 13 30 5 35 0 0.00 M M 13.9 28 360 M M 1 39 360
9 35 5 20 -5 45 0 0.00 M M 10.7 18 350 M M 0 M M
10 53 17 35 10 30 0 0.00 M M 7.8 13 220 M M 0 M M
11 57 24 41 16 24 0 0.00 M M 10.5 21 350 M M 0 30 360
12 59 26 43 18 22 0 0.00 M M 9.9 14 280 M M 0 M M
13 60 34 47 22 18 0 0.00 M M 8.4 14 300 M M 2 M M
14 43 18 31 6 34 0 M M M 18.5 37 350 M M 8 47 360
15 28 9 19 -6 46 0 M M M 14.4 38 350 M M 3 1 48 350
16 52 19 36 11 29 0 0.00 M M 13.8 29 350 M M 1 36 350
17 56 21 39 14 26 0 0.00 M M 8.8 17 240 M M 0 M M
18 64 26 45 20 20 0 0.00 M M 10.6 28 20 M M 0 35 20
19 27 2 15 -10 50 0 T M M 18.7 29 10 M M 5 33 360
20 19 -6 7 -18 58 0 0.00 M M 7.4 15 170 M M 3 M M
21 30 7 19 -6 46 0 T M M 14.2 21 200 M M 4 30 210
22 49 16 33 8 32 0 0.00 M M 12.2 23 240 M M 1 31 240
23 55 26 41 16 24 0 0.00 M M 10.6 16 250 M M 7 22 270
24 47 14 31 6 34 0 0.00 M M 13.6 21 340 M M 6 31 340
25 19 9 14 -11 51 0 T M M 4.5 8 60 M M 8 M M
26 36 14 25 0 40 0 T M M 15.7 29 210 M M 3 36 210
27 42 20 31 6 34 0 T M M 10.5 20 350 M M 4 30 360
28 47 15 31 6 34 0 T M M 5.8 10 230 M M 5 M M
29 61 24 43 18 22 0 0.00 M M 11.7 20 330 M M 0 25 320
30 54 17 36 11 29 0 0.00 M M 8.9 17 210 M M 0 20 220
31 62 20 41 15 24 0 0.00 M M 7.8 21 200 M M 0 M M
================================================================================
SM 1284 409 1158 0 M M 367.4 M 79
================================================================================
AV 41.4 13.2 11.9 FASTST M M 3 MAX(MPH)
MISC ----> 38 350 M M
================================================================================
NOTES:
# LAST OF SEVERAL OCCURRENCES
COLUMN 17 PEAK WIND IN M.P.H.
PRELIMINARY LOCAL CLIMATOLOGICAL DATA (WS FORM: F-6) , PAGE 2
STATION: KEARNEY NE
MONTH: JANUARY
YEAR: 2022
LATITUDE: 40 43 N
LONGITUDE: 99 0 W
[TEMPERATURE DATA] [PRECIPITATION DATA] SYMBOLS USED IN COLUMN 16
AVERAGE MONTHLY: 27.3 TOTAL FOR MONTH: M 1 = FOG OR MIST
DPTR FM NORMAL: 2.5 DPTR FM NORMAL: M 2 = FOG REDUCING VISIBILITY
HIGHEST: 64 ON 18 GRTST 24HR M ON M TO 1/4 MILE OR LESS
LOWEST: -9 ON 2 3 = THUNDER
SNOW, ICE PELLETS, HAIL 4 = ICE PELLETS
TOTAL MONTH: M 5 = HAIL
GRTST 24HR M ON M 6 = FREEZING RAIN OR DRIZZLE
GRTST DEPTH: M ON M 7 = DUSTSTORM OR SANDSTORM:
VSBY 1/2 MILE OR LESS
8 = SMOKE OR HAZE
[NO. OF DAYS WITH] [WEATHER - DAYS WITH] 9 = BLOWING SNOW
X = TORNADO
MAX 32 OR BELOW: 10 0.01 INCH OR MORE: M
MAX 90 OR ABOVE: 0 0.10 INCH OR MORE: M
MIN 32 OR BELOW: 30 0.50 INCH OR MORE: M
MIN 0 OR BELOW: 4 1.00 INCH OR MORE: M
[HDD (BASE 65) ]
TOTAL THIS MO. 1158 CLEAR (SCALE 0-3) 18
DPTR FM NORMAL -93 PTCLDY (SCALE 4-7) 13
TOTAL FM JUL 1 3107 CLOUDY (SCALE 8-10) 0
DPTR FM NORMAL -780
[CDD (BASE 65) ]
TOTAL THIS MO. 0
DPTR FM NORMAL 0 [PRESSURE DATA]
TOTAL FM JAN 1 0 HIGHEST SLP 30.79 ON 20
DPTR FM NORMAL 0 LOWEST SLP 29.52 ON 4
[REMARKS]
#FINAL-01-22#