000
CXUS53 KGID 010730
CF6EAR
PRELIMINARY LOCAL CLIMATOLOGICAL DATA (WS FORM: F-6)
STATION: KEARNEY NE
MONTH: JULY
YEAR: 2021
LATITUDE: 40 43 N
LONGITUDE: 99 0 W
TEMPERATURE IN F: :PCPN: SNOW: WIND :SUNSHINE: SKY :PK WND
================================================================================
1 2 3 4 5 6A 6B 7 8 9 10 11 12 13 14 15 16 17 18
12Z AVG MX 2MIN
DY MAX MIN AVG DEP HDD CDD WTR SNW DPTH SPD SPD DIR MIN PSBL S-S WX SPD DR
================================================================================
1 83 63 73 -1 0 8 0.00 M M 6.0 13 80 M M 2 1 16 80
2 84 59 72 -2 0 7 0.00 M M 5.6 12 110 M M 2 18 M M
3 88 62 75 1 0 10 0.00 M M 11.2 20 170 M M 2 24 170
4 91 66 79 5 0 14 0.00 M M 10.9 16 200 M M 1 M M
5 90 67 79 5 0 14 0.00 M M 8.4 14 170 M M 1 M M
6 88 65 77 3 0 12 0.33 M M 8.7 17 320 M M 4 3 25 320
7 78 63 71 -4 0 6 0.00 M M 8.7 17 10 M M 7 24 20
8 91 60 76 1 0 11 0.00 M M 13.9 24 180 M M 0 8 33 170
9 92 66 79 4 0 14 0.12 M M 13.3 48 310 M M 1 38 63 310
10 81 63 72 -3 0 7 0.16 M M 14.9 27 60 M M 4 40 10
11 79 59 69 -6 0 4 0.00 M M 8.2 16 20 M M 2 M M
12 81 56 69 -6 0 4 0.00 M M 4.8 9 140 M M 0 M M
13 83 59 71 -4 0 6 0.00 M M 7.5 10 100 M M 0 M M
14 81 68 75 0 0 10 0.71 M M 11.7 21 130 M M 5 138 31 260
15 80 66 73 -2 0 8 0.06 M M 8.7 14 100 M M 7 138 M M
16 82 68 75 0 0 10 0.00 M M 6.8 10 130 M M 7 1 M M
17 84 64 74 -1 0 9 0.21 M M 7.4 27 150 M M 2 13 31 150
18 81 65 73 -2 0 8 1.26 M M 7.3 18 300 M M 4 123 25 300
19 81 63 72 -3 0 7 0.00 M M 6.1 12 110 M M 2 1 M M
20 81 58 70 -5 0 5 0.00 M M 4.9 12 170 M M 1 1 M M
21 83 63 73 -2 0 8 0.00 M M 11.8 21 180 M M 0 24 210
22 88 63 76 1 0 11 0.00 M M 12.0 18 180 M M 0 22 190
23 92 65 79 4 0 14 0.00 M M 10.8 15 180 M M 0 8 22 180
24 86 66 76 1 0 11 0.00 M M 7.0 12 50 M M 4 M M
25 79 65 72 -3 0 7 0.04 M M 5.8 10 110 M M 2 138 M M
26 88 61 75 0 0 10 0.00 M M 9.6 20 150 M M 3 12 M M
27 91 67 79 4 0 14 0.00 M M 7.5 13 190 M M 0 8 18 190
28 95 69 82 7 0 17 0.00 M M 10.5 17 180 M M 0 8 M M
29 92 72 82 7 0 17 0.00 M M 8.3 15 200 M M 2 1 M M
30 89 73 81 6 0 16 0.00 M M 9.6 17 50 M M 6 1 M M
31 77 66 72 -3 0 7 0.00 M M 9.6 28 20 M M 5 18 32 20
================================================================================
SM 2639 1990 0 306 2.89 M 277.5 M 76
================================================================================
AV 85.1 64.2 9.0 FASTST M M 2 MAX(MPH)
MISC ----> 48 310 63 310
================================================================================
NOTES:
# LAST OF SEVERAL OCCURRENCES
COLUMN 17 PEAK WIND IN M.P.H.
PRELIMINARY LOCAL CLIMATOLOGICAL DATA (WS FORM: F-6) , PAGE 2
STATION: KEARNEY NE
MONTH: JULY
YEAR: 2021
LATITUDE: 40 43 N
LONGITUDE: 99 0 W
[TEMPERATURE DATA] [PRECIPITATION DATA] SYMBOLS USED IN COLUMN 16
AVERAGE MONTHLY: 74.7 TOTAL FOR MONTH: 2.89 1 = FOG OR MIST
DPTR FM NORMAL: -0.1 DPTR FM NORMAL: -0.47 2 = FOG REDUCING VISIBILITY
HIGHEST: 95 ON 28 GRTST 24HR 1.26 ON 18-18 TO 1/4 MILE OR LESS
LOWEST: 56 ON 12 3 = THUNDER
SNOW, ICE PELLETS, HAIL 4 = ICE PELLETS
TOTAL MONTH: M 5 = HAIL
GRTST 24HR M ON M 6 = FREEZING RAIN OR DRIZZLE
GRTST DEPTH: M ON M 7 = DUSTSTORM OR SANDSTORM:
VSBY 1/2 MILE OR LESS
8 = SMOKE OR HAZE
[NO. OF DAYS WITH] [WEATHER - DAYS WITH] 9 = BLOWING SNOW
X = TORNADO
MAX 32 OR BELOW: 0 0.01 INCH OR MORE: 8
MAX 90 OR ABOVE: 8 0.10 INCH OR MORE: 6
MIN 32 OR BELOW: 0 0.50 INCH OR MORE: 2
MIN 0 OR BELOW: 0 1.00 INCH OR MORE: 1
[HDD (BASE 65) ]
TOTAL THIS MO. 0 CLEAR (SCALE 0-3) 21
DPTR FM NORMAL 0 PTCLDY (SCALE 4-7) 10
TOTAL FM JUL 1 0 CLOUDY (SCALE 8-10) 0
DPTR FM NORMAL 0
[CDD (BASE 65) ]
TOTAL THIS MO. 306
DPTR FM NORMAL 0 [PRESSURE DATA]
TOTAL FM JAN 1 645 HIGHEST SLP 30.22 ON 19
DPTR FM NORMAL 113 LOWEST SLP 29.75 ON 9
[REMARKS]
#FINAL-07-21#