000
CXUS53 KGID 011657
CF6EAR
PRELIMINARY LOCAL CLIMATOLOGICAL DATA (WS FORM: F-6)
STATION: KEARNEY
MONTH: AUGUST
YEAR: 2020
LATITUDE: 40 43 N
LONGITUDE: 99 0 W
TEMPERATURE IN F: :PCPN: SNOW: WIND :SUNSHINE: SKY :PK WND
================================================================================
1 2 3 4 5 6A 6B 7 8 9 10 11 12 13 14 15 16 17 18
12Z AVG MX 2MIN
DY MAX MIN AVG DEP HDD CDD WTR SNW DPTH SPD SPD DIR MIN PSBL S-S WX SPD DR
================================================================================
1 86 60 73 -1 0 8 0.00 M M 9.9 21 10 M M 2 17 360
2 79 56 68 -6 0 3 0.00 M M 9.6 17 10 M M 1 25 10
3 78 53 66 -8 0 1 0.00 M M 4.6 10 130 M M 2 8 M M
4 74 56 65 -9 0 0 0.20 M M 10.8 17 140 M M 4 20 140
5 83 56 70 -4 0 5 0.00 M M 8.5 17 190 M M 1 3 M M
6 88 63 76 2 0 11 T M M 9.2 15 150 M M 1 13 20 150
7 88 68 78 4 0 13 0.00 M M 11.1 18 160 M M 4 1 23 150
8 94 67 81 7 0 16 0.00 M M 8.6 17 140 M M 0 1 M M
9 95 68 82 8 0 17 0.00 M M 8.9 17 170 M M 0 1 M M
10 83 65 74 0 0 9 0.00 M M 10.7 23 40 M M 2 12 31 10
11 89 60 75 1 0 10 0.00 M M 10.4 18 160 M M 0 24 160
12 91 64 78 5 0 13 0.00 M M 9.7 16 150 M M 0 M M
13 90 68 79 6 0 14 0.00 M M 10.5 18 170 M M 4 1 M M
14 88 67 78 5 0 13 0.00 M M 11.3 18 10 M M 2 24 10
15 85 57 71 -2 0 6 0.00 M M 7.3 14 150 M M 0 M M
16 91 62 77 4 0 12 0.00 M M 8.4 16 200 M M 2 3 M M
17 89 60 75 2 0 10 0.00 M M 5.5 9 50 M M 0 M M
18 85 61 73 0 0 8 0.13 M M 9.1 18 140 M M 0 3 23 140
19 84 61 73 1 0 8 0.00 M M 10.3 18 160 M M 1 24 170
20 91 60 76 4 0 11 T M M 11.1 16 200 M M 0 22 200
21 91 66 79 7 0 14 0.00 M M 9.2 14 160 M M 0 17 190
22 92 62 77 5 0 12 0.00 M M 7.6 12 180 M M 0 8 M M
23 94 64 79 7 0 14 0.00 M M 6.5 13 180 M M 0 M M
24 95 64 80 8 0 15 0.00 M M 11.6 17 160 M M 0 M M
25 95 64 80 9 0 15 0.00 M M 13.8 23 180 M M 0 29 200
26 95 64 80 9 0 15 0.00 M M 13.7 22 200 M M 0 8 32 200
27 95 66 81 10 0 16 0.00 M M 8.9 14 190 M M 0 8 M M
28 93 66 80 10 0 15 0.00 M M 10.1 23 10 M M 1 30 10
29 79 59 69 -1 0 4 0.00 M M 7.7 13 60 M M 0 8 M M
30 83 59 71 1 0 6 0.00 M M 13.6 22 170 M M 3 29 170
31 74 54 64 -6 1 0 0.00 M M 14.2 30 360 M M 3 45 360
================================================================================
SM 2717 1920 1 314 0.33 M 302.4 M 33
================================================================================
AV 87.7 61.9 9.8 FASTST M M 1 MAX(MPH)
MISC ----> # 30 360 # M M
================================================================================
NOTES:
# LAST OF SEVERAL OCCURRENCES
COLUMN 17 PEAK WIND IN M.P.H.
PRELIMINARY LOCAL CLIMATOLOGICAL DATA (WS FORM: F-6) , PAGE 2
STATION: KEARNEY
MONTH: AUGUST
YEAR: 2020
LATITUDE: 40 43 N
LONGITUDE: 99 0 W
[TEMPERATURE DATA] [PRECIPITATION DATA] SYMBOLS USED IN COLUMN 16
AVERAGE MONTHLY: 74.8 TOTAL FOR MONTH: 0.33 1 = FOG OR MIST
DPTR FM NORMAL: 2.2 DPTR FM NORMAL: -2.75 2 = FOG REDUCING VISIBILITY
HIGHEST: 95 ON 27,26 GRTST 24HR 0.20 ON 4- 4 TO 1/4 MILE OR LESS
LOWEST: 53 ON 3 3 = THUNDER
SNOW, ICE PELLETS, HAIL 4 = ICE PELLETS
TOTAL MONTH: M 5 = HAIL
GRTST 24HR M ON M 6 = FREEZING RAIN OR DRIZZLE
GRTST DEPTH: M ON M 7 = DUSTSTORM OR SANDSTORM:
VSBY 1/2 MILE OR LESS
8 = SMOKE OR HAZE
[NO. OF DAYS WITH] [WEATHER - DAYS WITH] 9 = BLOWING SNOW
X = TORNADO
MAX 32 OR BELOW: 0 0.01 INCH OR MORE: 2
MAX 90 OR ABOVE: 14 0.10 INCH OR MORE: 2
MIN 32 OR BELOW: 0 0.50 INCH OR MORE: 0
MIN 0 OR BELOW: 0 1.00 INCH OR MORE: 0
[HDD (BASE 65) ]
TOTAL THIS MO. 1 CLEAR (SCALE 0-3) 28
DPTR FM NORMAL -11 PTCLDY (SCALE 4-7) 3
TOTAL FM JUL 1 1 CLOUDY (SCALE 8-10) 0
DPTR FM NORMAL -16
[CDD (BASE 65) ]
TOTAL THIS MO. 314
DPTR FM NORMAL 66 [PRESSURE DATA]
TOTAL FM JAN 1 1022 HIGHEST SLP 30.24 ON 17
DPTR FM NORMAL 244 LOWEST SLP 29.58 ON 30
[REMARKS]
#FINAL-08-20#