000
CXUS52 KTAE 010800
CF6ECP
PRELIMINARY LOCAL CLIMATOLOGICAL DATA (WS FORM: F-6)
STATION: PANAMA CITY NW
MONTH: OCTOBER
YEAR: 2022
LATITUDE: 30 21 N
LONGITUDE: 85 48 W
TEMPERATURE IN F: :PCPN: SNOW: WIND :SUNSHINE: SKY :PK WND
================================================================================
1 2 3 4 5 6A 6B 7 8 9 10 11 12 13 14 15 16 17 18
12Z AVG MX 2MIN
DY MAX MIN AVG DEP HDD CDD WTR SNW DPTH SPD SPD DIR MIN PSBL S-S WX SPD DR
================================================================================
1 87 56 72 -3 0 7 0.00 0.0 0 5.4 17 290 M M 0 23 270
2 89 53 71 -4 0 6 0.00 0.0 0 8.0 18 310 M M 0 27 290
3 84 60 72 -3 0 7 0.00 0.0 0 6.3 15 350 M M 1 19 330
4 81 53 67 -7 0 2 0.00 0.0 0 4.6 15 30 M M 0 20 80
5 85 53 69 -5 0 4 0.00 0.0 0 3.3 14 310 M M 1 18 300
6 87 54 71 -3 0 6 0.00 0.0 0 4.0 14 230 M M 0 16 230
7 89 53 71 -2 0 6 0.00 0.0 0 3.9 13 240 M M 0 1 17 300
8 88 59 74 1 0 9 0.00 0.0 0 8.2 18 340 M M 0 23 360
9 83 53 68 -5 0 3 0.00 M M 7.8 18 340 M M 0 23 340
10 84 50 67 -5 0 2 0.00 0.0 M 7.2 15 30 M M 0 21 30
11 88 55 72 0 0 7 0.00 0.0 M 5.5 12 90 M M 1 17 90
12 87 69 78 6 0 13 T 0.0 M 8.1 17 20 M M 7 18 23 160
13 88 63 76 5 0 11 0.09 0.0 0 4.4 23 330 M M 2 13 32 320
14 86 55 71 0 0 6 0.00 0.0 0 5.1 16 30 M M 0 19 20
15 88 50 69 -1 0 4 0.00 0.0 0 2.2 10 130 M M 0 13 30
16 86 53 70 0 0 5 0.00 0.0 0 3.8 14 160 M M 2 12 17 150
17 83 64 74 4 0 9 0.60 0.0 0 4.5 16 150 M M 6 123 24 170
18 67 43 55 -14 10 0 0.00 0.0 0 11.8 20 310 M M 0 27 300
19 66 35 51 -18 14 0 0.00 0.0 0 8.6 17 320 M M 0 23 300
20 68 35 52 -17 13 0 0.00 0.0 M 3.2 14 200 M M 0 19 140
21 76 40 58 -10 7 0 0.00 0.0 M 3.6 13 330 M M 0 18 320
22 80 41 61 -7 4 0 0.00 0.0 M 2.3 12 10 M M 0 15 50
23 83 43 63 -5 2 0 0.00 0.0 0 2.3 9 160 M M 0 13 330
24 83 44 64 -3 1 0 0.00 0.0 M 4.6 14 150 M M 1 1 18 150
25 82 57 70 3 0 5 0.05 0.0 M 9.7 20 140 M M 6 123 25 140
26 79 53 66 0 0 1 0.15 0.0 M 8.5 23 330 M M 1 1 29 320
27 79 48 64 -2 1 0 0.00 0.0 M 3.3 9 170 M M 0 12 20
28 82 52 67 1 0 2 T M M 8.0 14 50 M M 8 18 18 50
29 72 66 69 3 0 4 0.00 0.0 0 8.1 14 80 M M 9 18 90
30 78 67 73 8 0 8 1.18 0.0 0 7.2 20 140 M M 10 18 25 130
31 79 59 69 4 0 4 0.00 0.0 0 4.4 13 150 M M 4 15 180
================================================================================
SM 2537 1636 52 131 2.07 0.0 177.9 M 59
================================================================================
AV 81.8 52.8 5.7 FASTST M M 2 MAX(MPH)
MISC ----> # 23 330 32 320
================================================================================
NOTES:
# LAST OF SEVERAL OCCURRENCES
COLUMN 17 PEAK WIND IN M.P.H.
PRELIMINARY LOCAL CLIMATOLOGICAL DATA (WS FORM: F-6) , PAGE 2
STATION: PANAMA CITY NW
MONTH: OCTOBER
YEAR: 2022
LATITUDE: 30 21 N
LONGITUDE: 85 48 W
[TEMPERATURE DATA] [PRECIPITATION DATA] SYMBOLS USED IN COLUMN 16
AVERAGE MONTHLY: 67.3 TOTAL FOR MONTH: 2.07 1 = FOG OR MIST
DPTR FM NORMAL: -2.8 DPTR FM NORMAL: -1.47 2 = FOG REDUCING VISIBILITY
HIGHEST: 89 ON 7, 2 GRTST 24HR 1.18 ON 30-30 TO 1/4 MILE OR LESS
LOWEST: 35 ON 20,19 3 = THUNDER
SNOW, ICE PELLETS, HAIL 4 = ICE PELLETS
TOTAL MONTH: 0.0 INCH 5 = HAIL
GRTST 24HR 0.0 6 = FREEZING RAIN OR DRIZZLE
GRTST DEPTH: 0 7 = DUSTSTORM OR SANDSTORM:
VSBY 1/2 MILE OR LESS
8 = SMOKE OR HAZE
[NO. OF DAYS WITH] [WEATHER - DAYS WITH] 9 = BLOWING SNOW
X = TORNADO
MAX 32 OR BELOW: 0 0.01 INCH OR MORE: 5
MAX 90 OR ABOVE: 0 0.10 INCH OR MORE: 3
MIN 32 OR BELOW: 0 0.50 INCH OR MORE: 2
MIN 0 OR BELOW: 0 1.00 INCH OR MORE: 1
[HDD (BASE 65) ]
TOTAL THIS MO. 52 CLEAR (SCALE 0-3) 24
DPTR FM NORMAL 21 PTCLDY (SCALE 4-7) 5
TOTAL FM JUL 1 52 CLOUDY (SCALE 8-10) 2
DPTR FM NORMAL 24
[CDD (BASE 65) ]
TOTAL THIS MO. 131
DPTR FM NORMAL -56 [PRESSURE DATA]
TOTAL FM JAN 1 2563 HIGHEST SLP M ON M
DPTR FM NORMAL 0 LOWEST SLP 29.84 ON 17
[REMARKS]
#FINAL-10-22#