372
CXUS52 KTAE 011254
CF6ECP
PRELIMINARY LOCAL CLIMATOLOGICAL DATA (WS FORM: F-6)
STATION: PANAMA CITY NW
MONTH: AUGUST
YEAR: 2020
LATITUDE: 30 21 N
LONGITUDE: 85 48 W
TEMPERATURE IN F: :PCPN: SNOW: WIND :SUNSHINE: SKY :PK WND
================================================================================
1 2 3 4 5 6A 6B 7 8 9 10 11 12 13 14 15 16 17 18
12Z AVG MX 2MIN
DY MAX MIN AVG DEP HDD CDD WTR SNW DPTH SPD SPD DIR MIN PSBL S-S WX SPD DR
================================================================================
1 90 74 82 M 0 17 0.00 0.0 0 5.3 15 140 M M 1 26 150
2 93 72 83 M 0 18 0.00 0.0 0 4.2 13 170 M M 2 16 160
3 95 75 85 M 0 20 0.00 0.0 0 5.5 15 210 M M 1 1 20 210
4 94 75 85 M 0 20 0.00 0.0 0 5.4 16 220 M M 1 20 210
5 92 75 84 M 0 19 0.00 0.0 0 4.6 17 170 M M 2 22 170
6 91 73 82 M 0 17 0.00 0.0 0 4.9 17 160 M M 2 23 170
7 91 73 82 M 0 17 0.56 0.0 0 4.6 17 310 M M 2 13 25 310
8 92 75 84 M 0 19 0.00 0.0 0 3.7 16 170 M M 3 26 120
9 92 75 84 M 0 19 0.01 0.0 0 3.6 17 10 M M 2 3 23 10
10 90 74 82 M 0 17 0.42 0.0 0 3.3 24 180 M M 3 13 28 180
11 94 73 84 M 0 19 1.10 0.0 0 5.0 37 20 M M 4 13 53 20
12 92 73 83 M 0 18 0.00 0.0 0 4.3 18 170 M M 2 13 23 170
13 88 76 82 M 0 17 0.09 0.0 0 3.5 14 170 M M 4 13 23 180
14 88 76 82 M 0 17 0.65 0.0 0 7.2 18 210 M M 4 13 26 200
15 88 77 83 M 0 18 T 0.0 0 4.3 20 300 M M 4 3 27 310
16 94 76 85 M 0 20 T 0.0 0 4.8 15 310 M M 2 19 330
17 95 73 84 M 0 19 0.00 0.0 0 4.0 14 220 M M 2 27 250
18 93 75 84 M 0 19 0.00 0.0 0 4.7 22 270 M M 2 3 25 270
19 89 73 81 M 0 16 0.40 0.0 0 5.7 17 290 M M 4 3 25 320
20 77 73 75 M 0 10 0.32 0.0 0 3.2 12 270 M M 5 13 15 270
21 86 70 78 M 0 13 0.03 0.0 0 3.5 16 150 M M 5 1 23 160
22 88 73 81 M 0 16 0.12 0.0 0 5.9 18 100 M M 4 13 23 100
23 85 74 80 M 0 15 0.14 0.0 0 6.9 13 70 M M 3 1 30 40
24 79 77 78 M 0 13 3.42 0.0 0 8.4 14 30 M M 8 13 19 50
25 94 76 85 M 0 20 T 0.0 0 7.5 16 100 M M 2 21 120
26 91 79 85 M 0 20 T 0.0 0 7.9 18 150 M M 4 26 240
27 90 78 84 M 0 19 T 0.0 0 6.9 20 130 M M 3 25 140
28 90 78 84 M 0 19 0.10 M M 8.7 15 170 M M 4 1 25 170
29 83 76 80 M 0 15 4.50 0.0 M 6.1 13 210 M M 6 1 M M
30 85 77 81 M 0 16 0.03 0.0 0 9.1 14 240 M M 5 20 240
31 90 78 84 M 0 19 T 0.0 0 6.1 15 230 M M 5 21 230
================================================================================
SM 2779 2322 0 541 11.89 0.0 168.8 M 101
================================================================================
AV 89.7 74.9 5.4 FASTST M M 3 MAX(MPH)
MISC ----> # 37 20 # 53 20
================================================================================
NOTES:
# LAST OF SEVERAL OCCURRENCES
COLUMN 17 PEAK WIND IN M.P.H.
PRELIMINARY LOCAL CLIMATOLOGICAL DATA (WS FORM: F-6) , PAGE 2
STATION: PANAMA CITY NW
MONTH: AUGUST
YEAR: 2020
LATITUDE: 30 21 N
LONGITUDE: 85 48 W
[TEMPERATURE DATA] [PRECIPITATION DATA] SYMBOLS USED IN COLUMN 16
AVERAGE MONTHLY: 82.3 TOTAL FOR MONTH: 11.89 1 = FOG OR MIST
DPTR FM NORMAL: M DPTR FM NORMAL: M 2 = FOG REDUCING VISIBILITY
HIGHEST: 95 ON 17, 3 GRTST 24HR 4.50 ON 29-29 TO 1/4 MILE OR LESS
LOWEST: 70 ON 21 3 = THUNDER
SNOW, ICE PELLETS, HAIL 4 = ICE PELLETS
TOTAL MONTH: 0.0 INCH 5 = HAIL
GRTST 24HR 0.0 6 = FREEZING RAIN OR DRIZZLE
GRTST DEPTH: 0 7 = DUSTSTORM OR SANDSTORM:
VSBY 1/2 MILE OR LESS
8 = SMOKE OR HAZE
[NO. OF DAYS WITH] [WEATHER - DAYS WITH] 9 = BLOWING SNOW
X = TORNADO
MAX 32 OR BELOW: 0 0.01 INCH OR MORE: 15
MAX 90 OR ABOVE: 20 0.10 INCH OR MORE: 11
MIN 32 OR BELOW: 0 0.50 INCH OR MORE: 5
MIN 0 OR BELOW: 0 1.00 INCH OR MORE: 3
[HDD (BASE 65) ]
TOTAL THIS MO. 0 CLEAR (SCALE 0-3) 16
DPTR FM NORMAL M PTCLDY (SCALE 4-7) 15
TOTAL FM JUL 1 0 CLOUDY (SCALE 8-10) 0
DPTR FM NORMAL M
[CDD (BASE 65) ]
TOTAL THIS MO. 541
DPTR FM NORMAL M [PRESSURE DATA]
TOTAL FM JAN 1 2207 HIGHEST SLP 30.18 ON 9
DPTR FM NORMAL M LOWEST SLP 29.82 ON 18
[REMARKS]
#FINAL-08-20#