000
CXUS56 KEKA 020233
CF6EKA
PRELIMINARY LOCAL CLIMATOLOGICAL DATA (WS FORM: F-6)
STATION: EUREKA CA
MONTH: JUNE
YEAR: 2022
LATITUDE: 40 47 N
LONGITUDE: 124 10 W
TEMPERATURE IN F: :PCPN: SNOW: WIND :SUNSHINE: SKY :PK WND
================================================================================
1 2 3 4 5 6A 6B 7 8 9 10 11 12 13 14 15 16 17 18
12Z AVG MX 2MIN
DY MAX MIN AVG DEP HDD CDD WTR SNW DPTH SPD SPD DIR MIN PSBL S-S WX SPD DR
================================================================================
1 59 50 55 0 10 0 0.00 0.0 0 3.2 7 10 M M 9 1 12 M
2 63 50 57 2 8 0 0.00 0.0 0 3.5 7 320 M M 6 1 12 M
3 59 53 56 1 9 0 0.13 0.0 0 3.0 6 260 M M 10 1 7 M
4 70 53 62 7 3 0 0.70 0.0 0 8.2 17 180 M M 10 23 M
5 69 54 62 7 3 0 0.17 0.0 0 6.5 13 280 M M 8 1 18 M
6 61 50 56 0 9 0 0.01 0.0 0 5.9 13 290 M M 5 1 21 M
7 62 49 56 0 9 0 0.05 0.0 0 3.4 12 310 M M 9 16 M
8 63 51 57 1 8 0 0.00 0.0 0 3.9 12 360 M M 8 13 M
9 75 49 62 6 3 0 0.00 0.0 0 3.4 12 290 M M 4 13 M
10 74 58 66 10 0 1 0.00 0.0 0 4.0 9 300 M M 4 10 M
11 69 58 64 8 1 0 0.07 0.0 0 4.5 12 270 M M 10 1 17 M
12 62 53 58 2 7 0 0.35 0.0 0 7.6 12 330 M M 9 1 17 M
13 61 53 57 1 8 0 T 0.0 0 9.9 15 320 M M 3 22 M
14 61 48 55 -1 10 0 0.00 0.0 0 6.8 15 330 M M 1 21 M
15 64 47 56 0 9 0 0.00 0.0 0 3.1 15 320 M M 9 1 15 M
16 60 50 55 -1 10 0 0.05 0.0 0 2.5 6 340 M M 10 1 7 M
17 62 47 55 -1 10 0 0.00 0.0 0 3.8 10 350 M M 3 12 M
18 62 46 54 -2 11 0 0.00 0.0 0 5.1 10 310 M M 3 14 M
19 62 53 58 2 7 0 0.00 0.0 0 7.7 14 30 M M 4 16 M
20 65 52 59 3 6 0 0.00 0.0 0 5.0 12 330 M M 4 21 M
21 66 48 57 1 8 0 0.00 0.0 0 3.5 8 20 M M 0 14 M
22 64 50 57 1 8 0 0.00 0.0 0 2.6 9 330 M M 1 18 15 M
23 61 50 56 0 9 0 0.00 M M 4.8 8 360 M M 5 1 10 M
24 60 47 54 -2 11 0 0.00 0.0 0 3.6 7 290 M M 0 9 M
25 66 50 58 2 7 0 0.00 0.0 0 4.2 12 280 M M 1 1 12 M
26 64 52 58 1 7 0 0.00 0.0 0 3.7 10 50 M M 7 28 10 M
27 61 53 57 0 8 0 0.00 0.0 0 3.0 9 270 M M 10 1 9 M
28 68 53 61 4 4 0 0.00 0.0 0 6.0 12 320 M M 5 1 16 M
29 60 53 57 0 8 0 T 0.0 0 5.9 13 360 M M 10 1 16 M
30 61 53 57 0 8 0 T 0.0 0 5.0 9 290 M M 9 1 12 0
================================================================================
SM 1914 1533 219 1 1.53 0.0 143.3 M 177
================================================================================
AV 63.8 51.1 4.8 FASTST M M 6 MAX(MPH)
MISC ----> 17 180 23 9999
================================================================================
NOTES:
# LAST OF SEVERAL OCCURRENCES
COLUMN 17 PEAK WIND IN M.P.H.
PRELIMINARY LOCAL CLIMATOLOGICAL DATA (WS FORM: F-6) , PAGE 2
STATION: EUREKA CA
MONTH: JUNE
YEAR: 2022
LATITUDE: 40 47 N
LONGITUDE: 124 10 W
[TEMPERATURE DATA] [PRECIPITATION DATA] SYMBOLS USED IN COLUMN 16
AVERAGE MONTHLY: 57.5 TOTAL FOR MONTH: 1.53 1 = FOG OR MIST
DPTR FM NORMAL: 1.4 DPTR FM NORMAL: 0.83 2 = FOG REDUCING VISIBILITY
HIGHEST: 75 ON 9 GRTST 24HR 0.79 ON 4-5 TO 1/4 MILE OR LESS
LOWEST: 46 ON 18 3 = THUNDER
SNOW, ICE PELLETS, HAIL 4 = ICE PELLETS
TOTAL MONTH: 0.0 INCH 5 = HAIL
GRTST 24HR 0.0 6 = FREEZING RAIN OR DRIZZLE
GRTST DEPTH: 0 7 = DUSTSTORM OR SANDSTORM:
VSBY 1/2 MILE OR LESS
8 = SMOKE OR HAZE
[NO. OF DAYS WITH] [WEATHER - DAYS WITH] 9 = BLOWING SNOW
X = TORNADO
MAX 32 OR BELOW: 0 0.01 INCH OR MORE: 8
MAX 90 OR ABOVE: 0 0.10 INCH OR MORE: 4
MIN 32 OR BELOW: 0 0.50 INCH OR MORE: 1
MIN 0 OR BELOW: 0 1.00 INCH OR MORE: 0
[HDD (BASE 65) ]
TOTAL THIS MO. 219 CLEAR (SCALE 0-3) 8
DPTR FM NORMAL -51 PTCLDY (SCALE 4-7) 11
TOTAL FM JUL 1 4624 CLOUDY (SCALE 8-10) 11
DPTR FM NORMAL 119
[CDD (BASE 65) ]
TOTAL THIS MO. 1
DPTR FM NORMAL 1 [PRESSURE DATA]
TOTAL FM JAN 1 1 HIGHEST SLP 30.24 ON 13
DPTR FM NORMAL 1 LOWEST SLP 29.71 ON 4
[REMARKS]
#FINAL-06-22#