000
CXUS56 KEKA 041654
CF6EKA
PRELIMINARY LOCAL CLIMATOLOGICAL DATA (WS FORM: F-6)
STATION: EUREKA CA
MONTH: MAY
YEAR: 2020
LATITUDE: 40 47 N
LONGITUDE: 124 10 W
TEMPERATURE IN F: :PCPN: SNOW: WIND :SUNSHINE: SKY :PK WND
================================================================================
1 2 3 4 5 6A 6B 7 8 9 10 11 12 13 14 15 16 17 18
12Z AVG MX 2MIN
DY MAX MIN AVG DEP HDD CDD WTR SNW DPTH SPD SPD DIR MIN PSBL S-S WX SPD DR
================================================================================
1 66 43 55 3 10 0 0.00 0.0 0 5.0 14 270 M M 5 15 M
2 65 47 56 4 9 0 0.73 0.0 0 4.5 14 270 M M 8 22 M
3 60 43 52 -1 13 0 0.00 0.0 0 5.4 14 350 M M 2 15 M
4 63 43 53 0 12 0 0.00 0.0 0 4.5 12 300 M M 4 12 M
5 64 46 55 2 10 0 T 0.0 0 5.0 16 250 M M 7 21 M
6 60 48 54 1 11 0 T 0.0 0 8.8 16 20 M M 0 21 20
7 63 43 53 0 12 0 0.00 0.0 0 3.7 10 340 M M 1 11 M
8 61 48 55 2 10 0 0.00 0.0 0 3.7 7 10 M M 8 1 9 M
9 62 51 57 4 8 0 0.00 0.0 0 4.5 12 330 M M 7 1 10 M
10 60 52 56 3 9 0 0.00 0.0 0 5.1 12 270 M M 7 13 M
11 67 49 58 5 7 0 0.19 0.0 0 9.0 14 170 M M 8 28 170
12 61 53 57 3 8 0 0.38 0.0 0 8.7 14 240 M M 8 23 220
13 61 54 58 4 7 0 0.05 0.0 0 6.4 14 270 M M 10 17 M
14 62 51 57 3 8 0 0.24 0.0 0 4.3 10 310 M M 7 14 M
15 63 47 55 1 10 0 0.00 0.0 0 3.2 8 270 M M 8 11 M
16 62 52 57 3 8 0 0.47 0.0 0 4.7 13 270 M M 10 18 270
17 67 50 59 5 6 0 1.00 0.0 0 5.5 13 180 M M 8 22 170
18 61 50 56 2 9 0 0.27 0.0 0 4.6 10 270 M M 9 14 M
19 61 49 55 1 10 0 0.02 0.0 0 5.8 14 350 M M 8 15 M
20 62 54 58 4 7 0 0.00 0.0 0 8.5 13 330 M M 7 17 330
21 62 49 56 2 9 0 0.00 0.0 0 6.8 13 350 M M 7 22 10
22 61 47 54 0 11 0 0.00 0.0 0 9.1 15 20 M M 1 23 10
23 61 45 53 -2 12 0 0.00 0.0 0 5.3 12 350 M M 0 18 350
24 62 50 56 1 9 0 0.00 0.0 0 4.2 10 10 M M 2 15 M
25 62 50 56 1 9 0 0.00 0.0 0 5.4 12 360 M M 6 1 16 M
26 61 53 57 2 8 0 0.00 0.0 0 4.3 8 10 M M 9 1 12 M
27 61 53 57 2 8 0 0.00 0.0 0 4.3 7 350 M M 9 1 12 M
28 62 55 59 4 6 0 0.00 0.0 0 3.8 8 0 M M 8 1 10 0
29 61 54 58 3 7 0 T 0.0 0 5.2 9 360 M M 10 1 13 M
30 55 52 54 -1 11 0 1.38 0.0 0 3.0 6 330 M M 10 13 14 M
31 61 52 57 2 8 0 0.00 0.0 0 3.7 12 360 M M 8 13 M
================================================================================
SM 1920 1533 282 0 4.73 0.0 166.0 M 202
================================================================================
AV 61.9 49.5 5.4 FASTST M M 7 MAX(MPH)
MISC ----> # 16 250 # 28 170
================================================================================
NOTES:
# LAST OF SEVERAL OCCURRENCES
COLUMN 17 PEAK WIND IN M.P.H.
PRELIMINARY LOCAL CLIMATOLOGICAL DATA (WS FORM: F-6) , PAGE 2
STATION: EUREKA CA
MONTH: MAY
YEAR: 2020
LATITUDE: 40 47 N
LONGITUDE: 124 10 W
[TEMPERATURE DATA] [PRECIPITATION DATA] SYMBOLS USED IN COLUMN 16
AVERAGE MONTHLY: 55.7 TOTAL FOR MONTH: 4.73 1 = FOG OR MIST
DPTR FM NORMAL: 1.9 DPTR FM NORMAL: 2.95 2 = FOG REDUCING VISIBILITY
HIGHEST: 67 ON 17,11 GRTST 24HR 1.38 ON 30-30 TO 1/4 MILE OR LESS
LOWEST: 43 ON 7, 4 3 = THUNDER
SNOW, ICE PELLETS, HAIL 4 = ICE PELLETS
TOTAL MONTH: 0.0 INCH 5 = HAIL
GRTST 24HR 0.0 6 = FREEZING RAIN OR DRIZZLE
GRTST DEPTH: 0 7 = DUSTSTORM OR SANDSTORM:
VSBY 1/2 MILE OR LESS
8 = SMOKE OR HAZE
[NO. OF DAYS WITH] [WEATHER - DAYS WITH] 9 = BLOWING SNOW
X = TORNADO
MAX 32 OR BELOW: 0 0.01 INCH OR MORE: 10
MAX 90 OR ABOVE: 0 0.10 INCH OR MORE: 8
MIN 32 OR BELOW: 0 0.50 INCH OR MORE: 3
MIN 0 OR BELOW: 0 1.00 INCH OR MORE: 2
[HDD (BASE 65) ]
TOTAL THIS MO. 282 CLEAR (SCALE 0-3) 6
DPTR FM NORMAL -65 PTCLDY (SCALE 4-7) 15
TOTAL FM JUL 1 3906 CLOUDY (SCALE 8-10) 10
DPTR FM NORMAL -262
[CDD (BASE 65) ]
TOTAL THIS MO. 0
DPTR FM NORMAL 0 [PRESSURE DATA]
TOTAL FM JAN 1 0 HIGHEST SLP 30.36 ON 6
DPTR FM NORMAL 0 LOWEST SLP 29.68 ON 17
[REMARKS]
#FINAL-05-20#