000
CXUS51 KRLX 011454
CF6EKN
PRELIMINARY LOCAL CLIMATOLOGICAL DATA (WS FORM: F-6)
STATION: ELKINS WV
MONTH: FEBRUARY
YEAR: 2022
LATITUDE: 38 52 N
LONGITUDE: 79 51 W
TEMPERATURE IN F: :PCPN: SNOW: WIND :SUNSHINE: SKY :PK WND
================================================================================
1 2 3 4 5 6A 6B 7 8 9 10 11 12 13 14 15 16 17 18
12Z AVG MX 2MIN
DY MAX MIN AVG DEP HDD CDD WTR SNW DPTH SPD SPD DIR MIN PSBL S-S WX SPD DR
================================================================================
1 51 10 31 0 34 0 0.00 0.0 3 2.4 13 170 M M 0 18 17 180
2 51 22 37 6 28 0 0.04 0.0 3 5.5 12 160 M M 2 18 170
3 56 40 48 16 17 0 0.86 0.0 0 6.2 14 180 M M 10 1 20 140
4 47 23 35 3 30 0 0.41 0.5 0 6.8 15 310 M M 10 168 21 310
5 23 7 15 -17 50 0 0.02 1.3 1 5.0 20 280 M M 8 27 290
6 44 4 24 -8 41 0 0.00 0.0 2 0.9 7 290 M M 0 11 220
7 48 16 32 0 33 0 0.00 0.0 T 1.4 10 290 M M 2 13 290
8 39 20 30 -2 35 0 0.00 0.0 0 4.0 17 300 M M 3 18 24 220
9 56 18 37 5 28 0 0.02 0.0 0 6.7 23 230 M M 3 32 230
10 49 22 36 3 29 0 0.02 0.0 0 8.2 24 250 M M 3 34 270
11 62 19 41 8 24 0 0.00 0.0 0 7.8 31 210 M M 2 41 200
12 56 30 43 10 22 0 0.02 0.5 0 7.2 17 320 M M 9 22 310
13 30 20 25 -8 40 0 0.10 2.4 2 5.6 13 280 M M 10 18 16 300
14 21 5 13 -20 52 0 0.01 1.0 4 4.9 17 340 M M 8 23 350
15 45 2 24 -10 41 0 0.00 0.0 0 0.6 8 160 M M 0 12 170
16 57 23 40 6 25 0 0.00 0.0 1 8.8 18 180 M M 0 26 220
17 63 51 57 23 8 0 0.71 0.0 0 10.1 23 200 M M 6 1 34 210
18 64 18 41 7 24 0 0.09 T T 11.6 37 290 M M 8 1 50 290
19 33 15 24 -10 41 0 T T 0 10.0 31 280 M M 3 44 230
20 54 11 33 -2 32 0 0.00 0.0 0 3.9 15 220 M M 0 20 220
21 64 22 43 8 22 0 0.00 0.0 0 3.9 15 200 M M 0 21 200
22 63 33 48 13 17 0 0.13 0.0 0 7.1 24 190 M M 8 1 32 170
23 60 33 47 12 18 0 T 0.0 0 8.8 24 230 M M 10 18 31 220
24 48 32 40 4 25 0 0.81 0.0 0 2.2 13 10 M M 10 18 16 10
25 57 27 42 6 23 0 0.39 T 0 11.0 31 290 M M 10 1 42 270
26 38 24 31 -5 34 0 0.00 0.0 0 5.8 14 300 M M 6 19 260
27 46 26 36 0 29 0 0.00 0.0 0 6.7 18 290 M M 2 26 280
28 50 22 36 0 29 0 0.00 0.0 0 2.0 14 310 M M 0 18 280
================================================================================
SM 1375 595 831 0 3.63 5.7 165.1 M 133
================================================================================
AV 49.1 21.3 5.9 FASTST M M 5 MAX(MPH)
MISC ----> 37 290 50 290
================================================================================
NOTES:
# LAST OF SEVERAL OCCURRENCES
COLUMN 17 PEAK WIND IN M.P.H.
PRELIMINARY LOCAL CLIMATOLOGICAL DATA (WS FORM: F-6) , PAGE 2
STATION: ELKINS WV
MONTH: FEBRUARY
YEAR: 2022
LATITUDE: 38 52 N
LONGITUDE: 79 51 W
[TEMPERATURE DATA] [PRECIPITATION DATA] SYMBOLS USED IN COLUMN 16
AVERAGE MONTHLY: 35.2 TOTAL FOR MONTH: 3.63 1 = FOG OR MIST
DPTR FM NORMAL: 1.7 DPTR FM NORMAL: 0.37 2 = FOG REDUCING VISIBILITY
HIGHEST: 64 ON 21,18 GRTST 24HR 1.18 ON 24-25 TO 1/4 MILE OR LESS
LOWEST: 2 ON 15 3 = THUNDER
SNOW, ICE PELLETS, HAIL 4 = ICE PELLETS
TOTAL MONTH: 5.7 INCHES 5 = HAIL
GRTST 24HR 2.4 ON 13-13 6 = FREEZING RAIN OR DRIZZLE
GRTST DEPTH: 4 ON 14 7 = DUSTSTORM OR SANDSTORM:
VSBY 1/2 MILE OR LESS
8 = SMOKE OR HAZE
[NO. OF DAYS WITH] [WEATHER - DAYS WITH] 9 = BLOWING SNOW
X = TORNADO
MAX 32 OR BELOW: 3 0.01 INCH OR MORE: 14
MAX 90 OR ABOVE: 0 0.10 INCH OR MORE: 7
MIN 32 OR BELOW: 24 0.50 INCH OR MORE: 3
MIN 0 OR BELOW: 0 1.00 INCH OR MORE: 0
[HDD (BASE 65) ]
TOTAL THIS MO. 831 CLEAR (SCALE 0-3) 14
DPTR FM NORMAL -50 PTCLDY (SCALE 4-7) 6
TOTAL FM JUL 1 3742 CLOUDY (SCALE 8-10) 8
DPTR FM NORMAL -323
[CDD (BASE 65) ]
TOTAL THIS MO. 0
DPTR FM NORMAL 0 [PRESSURE DATA]
TOTAL FM JAN 1 0 HIGHEST SLP 30.65 ON 15
DPTR FM NORMAL 0 LOWEST SLP 29.47 ON 18
[REMARKS]
#FINAL-02-22#