000
CXUS56 KLKN 070741
CF6EKO
PRELIMINARY LOCAL CLIMATOLOGICAL DATA (WS FORM: F-6)
STATION: ELKO AIRPORT NV
MONTH: OCTOBER
YEAR: 2020
LATITUDE: 40 49 N
LONGITUDE: 115 47 W
TEMPERATURE IN F: :PCPN: SNOW: WIND :SUNSHINE: SKY :PK WND
================================================================================
1 2 3 4 5 6A 6B 7 8 9 10 11 12 13 14 15 16 17 18
12Z AVG MX 2MIN
DY MAX MIN AVG DEP HDD CDD WTR SNW DPTH SPD SPD DIR MIN PSBL S-S WX SPD DR
================================================================================
1 86 33 60 8 5 0 0.00 0.0 0 2.7 9 80 M M 0 11 90
2 86 31 59 7 6 0 0.00 0.0 0 2.2 8 210 M M 0 11 10
3 83 37 60 8 5 0 0.00 0.0 0 2.4 10 70 M M 0 12 100
4 83 33 58 7 7 0 0.00 0.0 0 3.1 15 260 M M 0 8 22 220
5 82 33 58 7 7 0 0.00 0.0 0 3.9 16 270 M M 0 20 270
6 83 35 59 9 6 0 0.00 0.0 0 2.5 10 280 M M 0 8 12 280
7 83 31 57 7 8 0 0.00 0.0 0 2.3 12 260 M M 0 8 14 260
8 81 31 56 6 9 0 0.00 0.0 0 4.0 14 280 M M 0 17 250
9 80 34 57 8 8 0 0.00 0.0 0 2.5 9 230 M M 0 12 210
10 71 30 51 2 14 0 T 0.0 0 10.6 25 270 M M 3 8 31 250
11 61 32 47 -1 18 0 0.01 0.0 0 5.6 28 290 M M 2 35 280
12 74 26 50 2 15 0 0.00 0.0 0 7.2 24 280 M M 0 30 260
13 77 33 55 7 10 0 0.00 0.0 0 6.6 23 270 M M 0 28 250
14 71 38 55 8 10 0 0.00 0.0 0 7.7 24 280 M M 0 29 300
15 67 27 47 0 18 0 0.00 0.0 0 2.6 15 270 M M 0 17 280
16 70 26 48 2 17 0 0.00 0.0 0 5.5 16 240 M M 0 20 230
17 74 32 53 7 12 0 0.00 0.0 0 7.7 25 260 M M 0 30 260
18 73 32 53 7 12 0 0.00 0.0 0 6.8 24 260 M M 0 29 260
19 72 30 51 6 14 0 0.00 0.0 0 4.7 17 250 M M 0 27 250
20 75 30 53 8 12 0 0.00 0.0 0 5.6 21 260 M M 0 24 260
21 72 31 52 7 13 0 0.00 0.0 0 6.2 23 280 M M 0 28 260
22 52 22 37 -7 28 0 0.00 0.0 0 4.7 15 250 M M 0 18 20
23 56 15 36 -8 29 0 0.00 0.0 0 2.0 12 210 M M 0 14 230
24 65 24 45 1 20 0 0.00 0.0 0 7.8 25 270 M M 1 32 270
25 44 9 27 -16 38 0 0.00 0.0 0 10.0 22 20 M M 3 28 360
26 48 2 25 -18 40 0 0.00 0.0 0 6.4 18 230 M M 1 22 250
27 59 18 39 -3 26 0 0.00 0.0 0 5.8 20 250 M M 0 22 250
28 65 22 44 2 21 0 0.00 0.0 0 5.0 15 230 M M 0 19 200
29 68 17 43 1 22 0 0.00 0.0 0 2.3 8 60 M M 0 8 9 70
30 71 20 46 5 19 0 0.00 0.0 0 4.0 18 250 M M 0 8 22 250
31 68 25 47 6 18 0 0.00 0.0 0 3.3 12 250 M M 0 20 210
================================================================================
SM 2200 839 487 0 0.01 0.0 153.7 M 10
================================================================================
AV 71.0 27.1 5.0 FASTST M M 0 MAX(MPH)
MISC ----> # 28 290 # 35 280
================================================================================
NOTES:
# LAST OF SEVERAL OCCURRENCES
COLUMN 17 PEAK WIND IN M.P.H.
PRELIMINARY LOCAL CLIMATOLOGICAL DATA (WS FORM: F-6) , PAGE 2
STATION: ELKO AIRPORT NV
MONTH: OCTOBER
YEAR: 2020
LATITUDE: 40 49 N
LONGITUDE: 115 47 W
[TEMPERATURE DATA] [PRECIPITATION DATA] SYMBOLS USED IN COLUMN 16
AVERAGE MONTHLY: 49.0 TOTAL FOR MONTH: 0.01 1 = FOG OR MIST
DPTR FM NORMAL: 2.4 DPTR FM NORMAL: -0.74 2 = FOG REDUCING VISIBILITY
HIGHEST: 86 ON 2, 1 GRTST 24HR 0.01 ON 11-11 TO 1/4 MILE OR LESS
LOWEST: 2 ON 26 3 = THUNDER
SNOW, ICE PELLETS, HAIL 4 = ICE PELLETS
TOTAL MONTH: 0.0 INCH 5 = HAIL
GRTST 24HR 0.0 6 = FREEZING RAIN OR DRIZZLE
GRTST DEPTH: 0 7 = DUSTSTORM OR SANDSTORM:
VSBY 1/2 MILE OR LESS
8 = SMOKE OR HAZE
[NO. OF DAYS WITH] [WEATHER - DAYS WITH] 9 = BLOWING SNOW
X = TORNADO
MAX 32 OR BELOW: 0 0.01 INCH OR MORE: 1
MAX 90 OR ABOVE: 0 0.10 INCH OR MORE: 0
MIN 32 OR BELOW: 23 0.50 INCH OR MORE: 0
MIN 0 OR BELOW: 0 1.00 INCH OR MORE: 0
[HDD (BASE 65) ]
TOTAL THIS MO. 487 CLEAR (SCALE 0-3) 29
DPTR FM NORMAL -84 PTCLDY (SCALE 4-7) 2
TOTAL FM JUL 1 613 CLOUDY (SCALE 8-10) 0
DPTR FM NORMAL -216
[CDD (BASE 65) ]
TOTAL THIS MO. 0
DPTR FM NORMAL 0 [PRESSURE DATA]
TOTAL FM JAN 1 698 HIGHEST SLP 30.52 ON 26
DPTR FM NORMAL 315 LOWEST SLP 29.78 ON 10
[REMARKS]
#FINAL-10-20#