000
CXUS54 KEPZ 010948
CLMELP
CLIMATE REPORT
NATIONAL WEATHER SERVICE EL PASO TX/SANTA TERESA NM
348 AM MDT MON MAY 01 2023
...................................
...THE EL PASO CLIMATE SUMMARY FOR THE MONTH OF APRIL 2023...
CLIMATE NORMAL PERIOD 1991 TO 2020
CLIMATE RECORD PERIOD 1879 TO 2023
WEATHER OBSERVED NORMAL DEPART LAST YEAR`S
VALUE DATE(S) VALUE FROM VALUE DATE(S)
NORMAL
................................................................
TEMPERATURE (F)
RECORD
HIGH 98 04/21/1989
04/22/1965
LOW 23 04/08/1983
HIGHEST 94 04/30 82 12 93 04/18
LOWEST 38 04/05 44 -6 39 04/08
04/09
04/14
AVG. MAXIMUM 82.5 80.0 2.5 84.4
AVG. MINIMUM 53.4 53.3 0.1 54.6
MEAN 68.0 66.6 1.4 69.5
DAYS MAX >= 90 1 2.4 -1.4 6
DAYS MAX <= 32 0 0.0 0.0 0
DAYS MIN <= 32 0 0.0 0.0 0
DAYS MIN <= 0 0 0.0 0.0 0
PRECIPITATION (INCHES)
RECORD
MAXIMUM 2.24 1931
MINIMUM 0.00 2022
TOTALS 0.00R 0.17 -0.17 0.00
DAYS >= .01 0 0
DAYS >= .10 0 0
DAYS >= .50 0 0
DAYS >= 1.00 0 0
GREATEST
24 HR. TOTAL T 04/09 TO 04/09
SNOWFALL (INCHES)
TOTALS 0.0 0.0
SNOWDEPTH AVG. 0 0
DAYS >= TRACE 0 0
GREATEST
SNOW DEPTH 0
24 HR TOTAL MM
DEGREE DAYS
HEATING TOTAL 38 62 -24 21
SINCE 7/1 2103 2200 -97 MM
COOLING TOTAL 135 112 23 163
SINCE 1/1 143 133 10 MM
FREEZE DATES
RECORD
EARLIEST 10/16/1880
LATEST 05/02/1967
EARLIEST 11/17
LATEST 03/13
................................................................
WIND (MPH)
AVERAGE WIND SPEED 10.7
HIGHEST WIND SPEED/DIRECTION 43/260 DATE 04/04
HIGHEST GUST SPEED/DIRECTION 63/260 DATE 04/04
SKY COVER
AVERAGE SKY COVER 0.23
AVERAGE RH (PERCENT) 20
WEATHER CONDITIONS. NUMBER OF DAYS WITH
THUNDERSTORM 0 MIXED PRECIP 0
HEAVY RAIN 0 RAIN 0
LIGHT RAIN 0 FREEZING RAIN 0
LT FREEZING RAIN 0 HAIL 0
HEAVY SNOW 0 SNOW 0
LIGHT SNOW 0 SLEET 0
FOG 0 FOG W/VIS <= 1/4 MILE 0
HAZE 0
- INDICATES NEGATIVE NUMBERS.
R INDICATES RECORD WAS SET OR TIED.
MM INDICATES DATA IS MISSING.
T INDICATES TRACE AMOUNT.
$$