000
CXUS56 KLKN 011310
CF6ELY
PRELIMINARY LOCAL CLIMATOLOGICAL DATA (WS FORM: F-6)
STATION: ELY AIRPORT NV
MONTH: FEBRUARY
YEAR: 2022
LATITUDE: 39 16 N
LONGITUDE: 114 51 W
TEMPERATURE IN F: :PCPN: SNOW: WIND :SUNSHINE: SKY :PK WND
================================================================================
1 2 3 4 5 6A 6B 7 8 9 10 11 12 13 14 15 16 17 18
12Z AVG MX 2MIN
DY MAX MIN AVG DEP HDD CDD WTR SNW DPTH SPD SPD DIR MIN PSBL S-S WX SPD DR
================================================================================
1 28 11 20 -8 45 0 0.00 0.0 3 10.8 21 20 M M 1 8 28 20
2 23 8 16 -12 49 0 T T 3 11.9 23 10 M M 3 1 33 20
3 32 2 17 -11 48 0 0.00 0.0 3 8.5 20 360 M M 0 27 360
4 40 3 22 -6 43 0 0.00 0.0 3 6.7 16 180 M M 0 20 170
5 46 10 28 0 37 0 0.00 0.0 3 8.9 18 190 M M 0 22 180
6 43 14 29 1 36 0 0.00 0.0 2 8.5 20 10 M M 0 28 20
7 50 11 31 3 34 0 0.00 0.0 2 8.0 16 180 M M 0 21 190
8 50 16 33 5 32 0 0.00 0.0 2 9.2 17 30 M M 0 22 20
9 49 19 34 5 31 0 0.00 0.0 2 10.4 20 350 M M 0 30 360
10 53 24 39 10 26 0 0.00 0.0 1 5.8 13 300 M M 0 15 300
11 54 23 39 10 26 0 0.00 0.0 T 8.1 17 10 M M 0 23 10
12 57 20 39 10 26 0 0.00 0.0 T 6.3 14 200 M M 0 17 200
13 57 23 40 11 25 0 0.00 0.0 T 9.1 16 190 M M 0 20 180
14 54 25 40 10 25 0 0.00 0.0 T 11.9 22 220 M M 0 28 220
15 41 29 35 5 30 0 T T T 14.4 22 360 M M 5 1 30 340
16 34 21 28 -2 37 0 T T T 11.5 23 320 M M 6 1 35 330
17 43 14 29 -1 36 0 0.00 0.0 T 5.7 14 350 M M 0 17 340
18 49 17 33 3 32 0 0.00 0.0 0 7.4 13 360 M M 0 18 20
19 56 18 37 6 28 0 0.00 0.0 0 8.5 16 180 M M 0 22 170
20 52 23 38 7 27 0 0.00 0.0 0 9.4 21 200 M M 1 29 200
21 41 16 29 -2 36 0 0.06 1.8 0 9.9 21 10 M M 7 128 28 20
22 28 10 19 -13 46 0 0.11 2.1 1 11.0 22 160 M M 8 12 28 160
23 22 4 13 -19 52 0 0.18 3.9 4 12.1 22 20 M M 9 18 27 30
24 31 -6 13 -19 52 0 0.00 0.0 4 8.1 17 310 M M 4 23 310
25 30 0 15 -17 50 0 0.00 0.0 3 8.0 15 40 M M 0 19 40
26 36 -2 17 -16 48 0 0.00 0.0 2 7.2 14 180 M M 0 17 180
27 47 10 29 -4 36 0 0.00 0.0 2 8.2 15 190 M M 1 21 180
28 57 15 36 3 29 0 0.00 0.0 1 8.3 16 180 M M 0 22 190
================================================================================
SM 1203 378 1022 0 0.35 7.8 253.8 M 45
================================================================================
AV 43.0 13.5 9.1 FASTST M M 2 MAX(MPH)
MISC ----> # 23 10 35 330
================================================================================
NOTES:
# LAST OF SEVERAL OCCURRENCES
COLUMN 17 PEAK WIND IN M.P.H.
PRELIMINARY LOCAL CLIMATOLOGICAL DATA (WS FORM: F-6) , PAGE 2
STATION: ELY AIRPORT NV
MONTH: FEBRUARY
YEAR: 2022
LATITUDE: 39 16 N
LONGITUDE: 114 51 W
[TEMPERATURE DATA] [PRECIPITATION DATA] SYMBOLS USED IN COLUMN 16
AVERAGE MONTHLY: 28.2 TOTAL FOR MONTH: 0.35 1 = FOG OR MIST
DPTR FM NORMAL: -1.8 DPTR FM NORMAL: -0.49 2 = FOG REDUCING VISIBILITY
HIGHEST: 57 ON 28,13 GRTST 24HR 0.19 ON 22-23 TO 1/4 MILE OR LESS
LOWEST: -6 ON 24 3 = THUNDER
SNOW, ICE PELLETS, HAIL 4 = ICE PELLETS
TOTAL MONTH: 7.8 INCHES 5 = HAIL
GRTST 24HR 3.9 ON 23-23 6 = FREEZING RAIN OR DRIZZLE
GRTST DEPTH: 4 ON 24,23 7 = DUSTSTORM OR SANDSTORM:
VSBY 1/2 MILE OR LESS
8 = SMOKE OR HAZE
[NO. OF DAYS WITH] [WEATHER - DAYS WITH] 9 = BLOWING SNOW
X = TORNADO
MAX 32 OR BELOW: 7 0.01 INCH OR MORE: 3
MAX 90 OR ABOVE: 0 0.10 INCH OR MORE: 2
MIN 32 OR BELOW: 28 0.50 INCH OR MORE: 0
MIN 0 OR BELOW: 3 1.00 INCH OR MORE: 0
[HDD (BASE 65) ]
TOTAL THIS MO. 1022 CLEAR (SCALE 0-3) 22
DPTR FM NORMAL 42 PTCLDY (SCALE 4-7) 5
TOTAL FM JUL 1 4961 CLOUDY (SCALE 8-10) 1
DPTR FM NORMAL -132
[CDD (BASE 65) ]
TOTAL THIS MO. 0
DPTR FM NORMAL 0 [PRESSURE DATA]
TOTAL FM JAN 1 0 HIGHEST SLP 30.73 ON 4
DPTR FM NORMAL 0 LOWEST SLP 29.52 ON 21
[REMARKS]
#FINAL-02-22#