000
CXUS56 KOTX 250910
CF6EPH
PRELIMINARY LOCAL CLIMATOLOGICAL DATA (WS FORM: F-6)
STATION: EPHRATA WA AIRPORT
MONTH: APRIL
YEAR: 2024
LATITUDE: 47 18 N
LONGITUDE: 119 31 W
TEMPERATURE IN F: :PCPN: SNOW: WIND :SUNSHINE: SKY :PK WND
================================================================================
1 2 3 4 5 6A 6B 7 8 9 10 11 12 13 14 15 16 17 18
12Z AVG MX 2MIN
DY MAX MIN AVG DEP HDD CDD WTR SNW DPTH SPD SPD DIR MIN PSBL S-S WX SPD DR
================================================================================
1 70 32 51 4 14 0 0.00 M M 5.1 15 200 M M 0 22 200
2 75 39 57 10 8 0 0.00 M M 9.4 21 190 M M 0 28 220
3 56 37 47 0 18 0 0.00 M M 9.2 20 300 M M 0 28 310
4 48 34 41 -7 24 0 0.05 M M 8.8 21 330 M M 8 25 330
5 46 41 44 -4 21 0 0.27 M M 5.0 12 290 M M 10 1 17 290
6 58 40 49 1 16 0 0.00 M M 7.3 16 290 M M 7 23 300
7 60 32 46 -2 19 0 0.00 M M 8.9 18 300 M M 2 26 220
8 59 28 44 -4 21 0 0.00 M M 8.4 18 180 M M 3 27 170
9 65 40 53 4 12 0 0.00 M M 15.0 26 310 M M 2 39 250
10 61 37 49 0 16 0 0.00 M M 6.5 14 320 M M 0 18 360
11 63 37 50 1 15 0 0.00 M M 4.5 12 170 M M 1 16 170
12 67 42 55 5 10 0 0.00 M M 5.0 14 330 M M 3 22 330
13 72 41 57 7 8 0 0.00 M M 5.3 14 300 M M 0 16 310
14 80 53 67 17 0 2 0.00 M M 9.9 22 300 M M 0 32 320
15 69 48 59 9 6 0 0.00 M M 15.4 32 290 M M 0 44 290
16 59 39 49 -2 16 0 0.00 M M 15.4 33 310 M M 2 41 310
17 61 33 47 -4 18 0 0.00 M M 9.8 26 350 M M 2 33 350
18 61 34 48 -3 17 0 0.00 M M 9.5 21 80 M M 3 27 90
19 63 35 49 -3 16 0 0.00 M M 13.2 22 60 M M 1 36 30
20 69 42 56 4 9 0 T M M 11.7 26 270 M M 2 35 270
21 63 37 50 -2 15 0 0.00 M M 14.3 29 300 M M 0 40 280
22 64 37 51 -2 14 0 0.00 M M 7.4 18 340 M M 0 24 360
23 68 36 52 -1 13 0 0.00 M M 4.5 12 120 M M 0 15 360
24 69 35 52 -1 13 0 0.00 M M 8.6 23 310 M M 4 29 310
================================================================================
SM 1526 909 339 2 0.32 M 218.1 M 50
================================================================================
AV 63.6 37.9 9.1 FASTST M M 2 MAX(MPH)
MISC ----> 33 310 44 290
================================================================================
NOTES:
# LAST OF SEVERAL OCCURRENCES
COLUMN 17 PEAK WIND IN M.P.H.
PRELIMINARY LOCAL CLIMATOLOGICAL DATA (WS FORM: F-6) , PAGE 2
STATION: EPHRATA WA AIRPORT
MONTH: APRIL
YEAR: 2024
LATITUDE: 47 18 N
LONGITUDE: 119 31 W
[TEMPERATURE DATA] [PRECIPITATION DATA] SYMBOLS USED IN COLUMN 16
AVERAGE MONTHLY: 50.7 TOTAL FOR MONTH: 0.32 1 = FOG OR MIST
DPTR FM NORMAL: 0.9 DPTR FM NORMAL: -0.17 2 = FOG REDUCING VISIBILITY
HIGHEST: 80 ON 14 GRTST 24HR 0.27 ON 4- 5 TO 1/4 MILE OR LESS
LOWEST: 28 ON 8 3 = THUNDER
SNOW, ICE PELLETS, HAIL 4 = ICE PELLETS
TOTAL MONTH: M 5 = HAIL
GRTST 24HR M ON M 6 = FREEZING RAIN OR DRIZZLE
GRTST DEPTH: M ON M 7 = DUSTSTORM OR SANDSTORM:
VSBY 1/2 MILE OR LESS
8 = SMOKE OR HAZE
[NO. OF DAYS WITH] [WEATHER - DAYS WITH] 9 = BLOWING SNOW
X = TORNADO
MAX 32 OR BELOW: 0 0.01 INCH OR MORE: 2
MAX 90 OR ABOVE: 0 0.10 INCH OR MORE: 1
MIN 32 OR BELOW: 3 0.50 INCH OR MORE: 0
MIN 0 OR BELOW: 0 1.00 INCH OR MORE: 0
[HDD (BASE 65) ]
TOTAL THIS MO. 339 CLEAR (SCALE 0-3) 20
DPTR FM NORMAL -25 PTCLDY (SCALE 4-7) 2
TOTAL FM JUL 1 4990 CLOUDY (SCALE 8-10) 2
DPTR FM NORMAL -467
[CDD (BASE 65) ]
TOTAL THIS MO. 2
DPTR FM NORMAL 2 [PRESSURE DATA]
TOTAL FM JAN 1 2 HIGHEST SLP M ON M
DPTR FM NORMAL 2 LOWEST SLP 29.60 ON 5
[REMARKS]