000
CXUS51 KCLE 010900
CF6ERI
PRELIMINARY LOCAL CLIMATOLOGICAL DATA (WS FORM: F-6)
STATION: ERIE PA
MONTH: NOVEMBER
YEAR: 2020
LATITUDE: 42 4 N
LONGITUDE: 80 11 W
TEMPERATURE IN F: :PCPN: SNOW: WIND :SUNSHINE: SKY :PK WND
================================================================================
1 2 3 4 5 6A 6B 7 8 9 10 11 12 13 14 15 16 17 18
12Z AVG MX 2MIN
DY MAX MIN AVG DEP HDD CDD WTR SNW DPTH SPD SPD DIR MIN PSBL S-S WX SPD DR
================================================================================
1 54 37 46 -2 19 0 0.19 T 0 21.0 31 300 M M 9 49 290
2 49 37 43 -5 22 0 0.02 T 0 16.6 29 260 M M 8 47 310
3 55 41 48 0 17 0 0.00 0.0 0 10.6 25 270 M M 1 39 260
4 71 50 61 14 4 0 0.00 0.0 0 15.2 25 210 M M 0 33 200
5 72 57 65 18 0 0 0.00 0.0 0 12.7 18 190 M M 0 30 210
6 70 55 63 16 2 0 0.00 0.0 0 9.0 15 220 M M 0 21 190
7 71 50 61 15 4 0 0.00 0.0 0 5.8 15 210 M M 0 8 19 220
8 73 51 62 16 3 0 0.00 0.0 0 3.8 9 320 M M 0 13 350
9 79 54 67 21 0 2 0.00 0.0 0 9.4 16 170 M M 0 22 170
10 79 61 70 25 0 5 0.00 0.0 0 13.6 24 180 M M 2 32 160
11 72 46 59 14 6 0 0.63 0.0 0 12.7 24 170 M M 8 18 34 190
12 50 37 44 -1 21 0 0.00 0.0 0 7.2 16 40 M M 4 20 50
13 52 39 46 2 19 0 T 0.0 0 11.1 18 280 M M 6 28 280
14 48 39 44 0 21 0 0.00 0.0 0 7.6 18 150 M M 5 27 160
15 59 37 48 4 17 0 0.26 T 0 20.7 33 250 M M 9 3 50 250
16 44 37 41 -2 24 0 0.23 T 0 13.9 29 220 M M 10 45 220
17 41 32 37 -6 28 0 0.46 0.8 0 15.4 25 320 M M 10 18 36 310
18 40 31 36 -6 29 0 0.01 0.1 1 10.2 17 330 M M 7 26 350
19 66 36 51 9 14 0 0.00 0.0 0 21.5 35 180 M M 0 48 180
20 62 55 59 17 6 0 0.00 0.0 0 15.0 24 210 M M 3 31 190
21 55 32 44 3 21 0 0.00 0.0 0 6.0 14 350 M M 7 19 340
22 45 34 40 -1 25 0 0.81 0.0 0 7.2 14 340 M M 9 1 19 270
23 43 34 39 -1 26 0 0.32 0.2 0 10.6 20 290 M M 10 1 26 310
24 45 33 39 -1 26 0 0.01 0.0 0 5.0 16 150 M M 7 21 130
25 52 44 48 8 17 0 0.24 0.0 0 16.2 25 160 M M 7 8 33 160
26 56 46 51 12 14 0 0.37 0.0 0 12.6 24 260 M M 9 18 35 230
27 49 43 46 7 19 0 0.04 0.0 0 7.3 15 250 M M 10 1 22 240
28 45 36 41 3 24 0 0.10 0.0 0 10.4 18 280 M M 5 1 26 300
29 55 37 46 8 19 0 0.00 0.0 0 9.1 17 200 M M 0 22 190
30 47 37 42 4 23 0 0.88 0.0 0 10.5 25 10 M M 8 1 33 10
================================================================================
SM 1699 1258 470 7 4.57 1.1 347.9 M 154
================================================================================
AV 56.6 41.9 11.6 FASTST M M 5 MAX(MPH)
MISC ----> 35 180 50 250
================================================================================
NOTES:
# LAST OF SEVERAL OCCURRENCES
COLUMN 17 PEAK WIND IN M.P.H.
PRELIMINARY LOCAL CLIMATOLOGICAL DATA (WS FORM: F-6) , PAGE 2
STATION: ERIE PA
MONTH: NOVEMBER
YEAR: 2020
LATITUDE: 42 4 N
LONGITUDE: 80 11 W
[TEMPERATURE DATA] [PRECIPITATION DATA] SYMBOLS USED IN COLUMN 16
AVERAGE MONTHLY: 49.3 TOTAL FOR MONTH: 4.57 1 = FOG OR MIST
DPTR FM NORMAL: 6.0 DPTR FM NORMAL: 0.64 2 = FOG REDUCING VISIBILITY
HIGHEST: 79 ON 10, 9 GRTST 24HR 1.07 ON 22-23 TO 1/4 MILE OR LESS
LOWEST: 31 ON 18 3 = THUNDER
SNOW, ICE PELLETS, HAIL 4 = ICE PELLETS
TOTAL MONTH: 1.1 INCHES 5 = HAIL
GRTST 24HR 0.8 ON 17-17 6 = FREEZING RAIN OR DRIZZLE
GRTST DEPTH: 1 ON 18 7 = DUSTSTORM OR SANDSTORM:
VSBY 1/2 MILE OR LESS
8 = SMOKE OR HAZE
[NO. OF DAYS WITH] [WEATHER - DAYS WITH] 9 = BLOWING SNOW
X = TORNADO
MAX 32 OR BELOW: 0 0.01 INCH OR MORE: 15
MAX 90 OR ABOVE: 0 0.10 INCH OR MORE: 11
MIN 32 OR BELOW: 3 0.50 INCH OR MORE: 3
MIN 0 OR BELOW: 0 1.00 INCH OR MORE: 0
[HDD (BASE 65) ]
TOTAL THIS MO. 470 CLEAR (SCALE 0-3) 11
DPTR FM NORMAL -183 PTCLDY (SCALE 4-7) 10
TOTAL FM JUL 1 861 CLOUDY (SCALE 8-10) 9
DPTR FM NORMAL -294
[CDD (BASE 65) ]
TOTAL THIS MO. 7
DPTR FM NORMAL 7 [PRESSURE DATA]
TOTAL FM JAN 1 980 HIGHEST SLP M ON M
DPTR FM NORMAL 342 LOWEST SLP 29.37 ON 15
[REMARKS]
#FINAL-11-20#