000
CXUS51 KCLE 041050
CLSERI
CLIMATE REPORT
NATIONAL WEATHER SERVICE CLEVELAND, OH
650 AM EDT THU JUN 04 2020
...................................
...THE ERIE PA CLIMATE SUMMARY FOR THE SEASON, FROM
3/1/2020 TO 5/31/2020...
CLIMATE NORMAL PERIOD 1981 TO 2010
CLIMATE RECORD PERIOD 1873 TO 2020
WEATHER OBSERVED NORMAL DEPART
VALUE DATE(S) VALUE FROM
NORMAL
................................................
TEMPERATURE (F)
RECORD
HIGH 91 05/30/1879
LOW -9 03/02/1980
HIGHEST 90 05/26
LOWEST 19 03/22
AVG. MAXIMUM 56.5 55.5 1.0
AVG. MINIMUM 40.2 37.9 2.3
MEAN 48.3 46.7 1.6
DAYS MAX >= 90 1 0.1
DAYS MAX <= 32 1 5.7
DAYS MIN <= 32 19 30.4
DAYS MIN <= 0 0 0.0
PRECIPITATION (INCHES)
RECORD
MAXIMUM 19.76 2011
MINIMUM 4.46 1962
TOTALS 10.68 9.72 0.96
DAYS >= .01 47 41.0
DAYS >= .10 27 24.3
DAYS >= .50 8 6.0
DAYS >= 1.00 0 1.1
SNOWFALL (INCHES)
RECORDS
TOTAL 42.0 2018
TOTALS 1.3 16.9
DAYS >= TRACE 15
DAYS >= 1.0 1 4.8
DEGREE DAYS
HEATING TOTAL 1569 1721 -152
COOLING TOTAL 63 39 24
................................................
WIND (MPH)
HIGHEST GUST SPEED/DIRECTION 52/240 DATE 04/13
SKY COVER
POSSIBLE SUNSHINE (PERCENT) MM
NUMBER OF DAYS FAIR 19
NUMBER OF DAYS PC 22
NUMBER OF DAYS CLOUDY 21
WEATHER CONDITIONS. NUMBER OF DAYS WITH
THUNDERSTORM 5 MIXED PRECIP 0
HEAVY RAIN 9 RAIN 16
LIGHT RAIN 46 FREEZING RAIN 0
LT FREEZING RAIN 0 HAIL 0
HEAVY SNOW 1 SNOW 2
LIGHT SNOW 15 SLEET 0
FOG 47 FOG W/VIS <= 1/4 MILE 8
HAZE 24
- INDICATES NEGATIVE NUMBERS.
R INDICATES RECORD WAS SET OR TIED.
MM INDICATES DATA IS MISSING.
T INDICATES TRACE AMOUNT.
$$