000
CXUS53 KDMX 010810
CF6EST
PRELIMINARY LOCAL CLIMATOLOGICAL DATA (WS FORM: F-6)
STATION: ESTHERVILLE IA
MONTH: AUGUST
YEAR: 2022
LATITUDE: 43 24 N
LONGITUDE: 94 45 W
TEMPERATURE IN F: :PCPN: SNOW: WIND :SUNSHINE: SKY :PK WND
================================================================================
1 2 3 4 5 6A 6B 7 8 9 10 11 12 13 14 15 16 17 18
12Z AVG MX 2MIN
DY MAX MIN AVG DEP HDD CDD WTR SNW DPTH SPD SPD DIR MIN PSBL S-S WX SPD DR
================================================================================
1 84 61 73 3 0 8 0.00 0.0 0 6.1 12 310 M M 1 19 290
2 93 63 78 8 0 13 0.00 0.0 0 11.5 22 190 M M 0 32 190
3 85 59 72 2 0 7 0.00 0.0 0 9.1 21 330 M M 1 31 330
4 83 54 69 -1 0 4 0.00 0.0 0 5.0 10 120 M M 0 13 80
5 87 60 74 4 0 9 0.00 0.0 0 10.3 20 170 M M 0 30 160
6 79 68 74 5 0 9 0.42 0.0 0 8.1 17 40 M M 6 13 22 20
7 79 64 72 3 0 7 3.18 0.0 0 8.8 23 360 M M 9 13 33 360
8 75 56 66 -3 0 1 0.00 0.0 0 7.5 18 360 M M 6 1 24 340
9 79 52 66 -3 0 1 0.00 0.0 0 4.1 12 180 M M 0 12 16 180
10 86 58 72 3 0 7 0.00 0.0 0 3.5 9 30 M M 1 1 11 30
11 77 64 71 2 0 6 T 0.0 0 8.8 16 110 M M 4 22 110
12 84 65 75 6 0 10 0.00 0.0 0 14.1 25 150 M M 3 1 32 200
13 75 66 71 2 0 6 0.00 0.0 0 11.0 20 360 M M 8 27 220
14 73 61 67 -1 0 2 0.00 0.0 0 5.7 12 100 M M 6 17 70
15 71 56 64 -4 1 0 T 0.0 0 4.5 16 150 M M 5 12 22 160
16 78 56 67 -1 0 2 0.00 0.0 0 3.2 10 90 M M 6 12 15 130
17 80 55 68 0 0 3 0.00 0.0 0 3.3 9 190 M M 2 12 12 190
18 82 58 70 2 0 5 0.65 0.0 0 7.9 29 340 M M 3 13 49 320
19 75 57 66 -2 0 1 2.58 0.0 0 9.2 22 290 M M 7 1238 34 300
20 76 60 68 0 0 3 0.00 0.0 0 10.5 17 10 M M 6 1 24 360
21 79 57 68 1 0 3 0.00 0.0 0 4.9 12 30 M M 0 1 16 40
22 80 56 68 1 0 3 0.00 0.0 0 5.1 10 200 M M 4 1 13 200
23 85 62 74 7 0 9 0.00 0.0 0 8.6 17 160 M M 4 26 170
24 83 65 74 7 0 9 0.00 0.0 0 8.4 15 290 M M 3 22 260
25 78 58 68 1 0 3 0.00 0.0 0 7.5 15 10 M M 5 12 19 340
26 79 54 67 1 0 2 0.00 0.0 0 7.2 16 140 M M 4 12 22 130
27 87 66 77 11 0 12 1.30 0.0 0 10.3 36 240 M M 3 13 51 230
28 86 68 77 11 0 12 0.00 0.0 0 12.3 22 190 M M 6 30 170
29 78 56 67 1 0 2 T 0.0 0 9.2 22 280 M M 0 31 280
30 79 52 66 0 0 1 0.00 0.0 0 7.1 15 320 M M 0 22 310
31 86 57 72 6 0 7 0.00 0.0 0 7.0 10 220 M M 0 M M
================================================================================
SM 2501 1844 1 167 8.13 0.0 239.8 M 103
================================================================================
AV 80.7 59.5 7.7 FASTST M M 3 MAX(MPH)
MISC ----> 36 240 51 230
================================================================================
NOTES:
# LAST OF SEVERAL OCCURRENCES
COLUMN 17 PEAK WIND IN M.P.H.
PRELIMINARY LOCAL CLIMATOLOGICAL DATA (WS FORM: F-6) , PAGE 2
STATION: ESTHERVILLE IA
MONTH: AUGUST
YEAR: 2022
LATITUDE: 43 24 N
LONGITUDE: 94 45 W
[TEMPERATURE DATA] [PRECIPITATION DATA] SYMBOLS USED IN COLUMN 16
AVERAGE MONTHLY: 70.1 TOTAL FOR MONTH: 8.13 1 = FOG OR MIST
DPTR FM NORMAL: 2.1 DPTR FM NORMAL: 4.82 2 = FOG REDUCING VISIBILITY
HIGHEST: 93 ON 2 GRTST 24HR 3.58 ON 6- 7 TO 1/4 MILE OR LESS
LOWEST: 52 ON 30, 9 3 = THUNDER
SNOW, ICE PELLETS, HAIL 4 = ICE PELLETS
TOTAL MONTH: 0.0 INCH 5 = HAIL
GRTST 24HR 0.0 6 = FREEZING RAIN OR DRIZZLE
GRTST DEPTH: 0 7 = DUSTSTORM OR SANDSTORM:
VSBY 1/2 MILE OR LESS
8 = SMOKE OR HAZE
[NO. OF DAYS WITH] [WEATHER - DAYS WITH] 9 = BLOWING SNOW
X = TORNADO
MAX 32 OR BELOW: 0 0.01 INCH OR MORE: 5
MAX 90 OR ABOVE: 1 0.10 INCH OR MORE: 5
MIN 32 OR BELOW: 0 0.50 INCH OR MORE: 4
MIN 0 OR BELOW: 0 1.00 INCH OR MORE: 3
[HDD (BASE 65) ]
TOTAL THIS MO. 1 CLEAR (SCALE 0-3) 15
DPTR FM NORMAL -31 PTCLDY (SCALE 4-7) 15
TOTAL FM JUL 1 1 CLOUDY (SCALE 8-10) 1
DPTR FM NORMAL -44
[CDD (BASE 65) ]
TOTAL THIS MO. 167
DPTR FM NORMAL 42 [PRESSURE DATA]
TOTAL FM JAN 1 734 HIGHEST SLP M ON M
DPTR FM NORMAL 260 LOWEST SLP 29.56 ON 28
[REMARKS]
#FINAL-08-22#