000
CXUS53 KPAH 010849
CF6EVV
PRELIMINARY LOCAL CLIMATOLOGICAL DATA (WS FORM: F-6)
STATION: EVANSVILLE IN
MONTH: JULY
YEAR: 2023
LATITUDE: 38 2 N
LONGITUDE: 87 32 W
TEMPERATURE IN F: :PCPN: SNOW: WIND :SUNSHINE: SKY :PK WND
================================================================================
1 2 3 4 5 6A 6B 7 8 9 10 11 12 13 14 15 16 17 18
12Z AVG MX 2MIN
DY MAX MIN AVG DEP HDD CDD WTR SNW DPTH SPD SPD DIR MIN PSBL S-S WX SPD DR
================================================================================
1 89 69 79 1 0 14 1.06 0.0 0 6.5 32 240 M M 4 13 58 250
2 91 71 81 3 0 16 0.37 0.0 0 8.3 25 250 M M 5 13 34 240
3 89 70 80 2 0 15 0.00 0.0 0 4.7 12 340 M M 2 18 19 310
4 90 70 80 1 0 15 0.00 0.0 0 2.6 10 150 M M 1 18 13 150
5 91 72 82 3 0 17 0.00 0.0 0 5.3 15 230 M M 1 18 21 310
6 88 71 80 1 0 15 0.00 0.0 0 6.3 15 320 M M 2 25 310
7 90 68 79 0 0 14 0.00 0.0 0 3.4 9 260 M M 0 13 230
8 88 72 80 1 0 15 T 0.0 0 5.1 15 340 M M 5 3 22 350
9 81 64 73 -6 0 8 0.00 0.0 0 5.1 14 40 M M 2 19 360
10 88 61 75 -4 0 10 0.00 0.0 0 1.3 7 270 M M 2 12 280
11 90 64 77 -2 0 12 0.00 0.0 0 4.1 14 220 M M 0 1 20 220
12 90 65 78 -1 0 13 0.00 0.0 0 6.3 14 180 M M 0 24 180
13 91 76 84 5 0 19 0.00 0.0 0 5.5 16 250 M M 2 20 260
14 96 71 84 5 0 19 T 0.0 0 4.2 22 40 M M 2 3 31 70
15 88 73 81 2 0 16 0.22 0.0 0 4.4 13 30 M M 5 13 18 290
16 88 67 78 -1 0 13 0.00 0.0 0 6.9 14 220 M M 0 18 19 240
17 87 68 78 -1 0 13 0.29 0.0 0 6.0 25 240 M M 3 138 35 250
18 88 70 79 0 0 14 0.00 0.0 0 6.2 13 240 M M 5 3 19 250
19 83 71 77 -2 0 12 0.01 0.0 0 5.6 15 220 M M 8 1 19 230
20 87 73 80 1 0 15 T 0.0 0 6.0 14 340 M M 4 23 340
21 85 68 77 -2 0 12 0.00 0.0 0 5.5 13 290 M M 1 18 360
22 86 64 75 -4 0 10 0.00 0.0 0 2.8 13 10 M M 2 17 320
23 88 63 76 -3 0 11 0.00 0.0 0 5.0 14 240 M M 1 18 260
24 93 72 83 4 0 18 0.09 0.0 0 6.7 17 250 M M 2 3 24 200
25 94 70 82 3 0 17 0.00 0.0 0 5.3 16 220 M M 2 22 210
26 90 78 84 5 0 19 T 0.0 0 11.1 21 210 M M 1 31 200
27 98 78 88 9 0 23 0.00 0.0 0 11.3 18 230 M M 2 25 250
28 100 78 89 10 0 24 0.00 0.0 0 9.0 18 220 M M 1 26 230
29 92 72 82 3 0 17 1.47 0.0 0 7.0 23 250 M M 4 13 39 280
30 89 71 80 2 0 15 0.00 0.0 0 5.2 13 320 M M 3 1 18 350
31 87 67 77 -1 0 12 0.00 0.0 0 6.1 13 340 M M 0 18 20
================================================================================
SM 2775 2167 0 463 3.51 0.0 178.8 M 72
================================================================================
AV 89.5 69.9 5.8 FASTST M M 2 MAX(MPH)
MISC ----> 32 240 58 250
================================================================================
NOTES:
# LAST OF SEVERAL OCCURRENCES
COLUMN 17 PEAK WIND IN M.P.H.
PRELIMINARY LOCAL CLIMATOLOGICAL DATA (WS FORM: F-6) , PAGE 2
STATION: EVANSVILLE IN
MONTH: JULY
YEAR: 2023
LATITUDE: 38 2 N
LONGITUDE: 87 32 W
[TEMPERATURE DATA] [PRECIPITATION DATA] SYMBOLS USED IN COLUMN 16
AVERAGE MONTHLY: 79.7 TOTAL FOR MONTH: 3.51 1 = FOG OR MIST
DPTR FM NORMAL: 1.0 DPTR FM NORMAL: -0.87 2 = FOG REDUCING VISIBILITY
HIGHEST: 100 ON 28 GRTST 24HR 1.47 ON 29-29 TO 1/4 MILE OR LESS
LOWEST: 61 ON 10 3 = THUNDER
SNOW, ICE PELLETS, HAIL 4 = ICE PELLETS
TOTAL MONTH: 0.0 INCH 5 = HAIL
GRTST 24HR 0.0 6 = FREEZING RAIN OR DRIZZLE
GRTST DEPTH: 0 7 = DUSTSTORM OR SANDSTORM:
VSBY 1/2 MILE OR LESS
8 = SMOKE OR HAZE
[NO. OF DAYS WITH] [WEATHER - DAYS WITH] 9 = BLOWING SNOW
X = TORNADO
MAX 32 OR BELOW: 0 0.01 INCH OR MORE: 7
MAX 90 OR ABOVE: 14 0.10 INCH OR MORE: 5
MIN 32 OR BELOW: 0 0.50 INCH OR MORE: 2
MIN 0 OR BELOW: 0 1.00 INCH OR MORE: 2
[HDD (BASE 65) ]
TOTAL THIS MO. 0 CLEAR (SCALE 0-3) 23
DPTR FM NORMAL 0 PTCLDY (SCALE 4-7) 8
TOTAL FM JUL 1 0 CLOUDY (SCALE 8-10) 0
DPTR FM NORMAL 0
[CDD (BASE 65) ]
TOTAL THIS MO. 463
DPTR FM NORMAL 38 [PRESSURE DATA]
TOTAL FM JAN 1 885 HIGHEST SLP 30.13 ON 31
DPTR FM NORMAL -26 LOWEST SLP 29.76 ON 2
[REMARKS]
#FINAL-07-23#