000
CXUS53 KPAH 010730
CF6EVV
PRELIMINARY LOCAL CLIMATOLOGICAL DATA (WS FORM: F-6)
STATION: EVANSVILLE IN
MONTH: APRIL
YEAR: 2023
LATITUDE: 38 2 N
LONGITUDE: 87 32 W
TEMPERATURE IN F: :PCPN: SNOW: WIND :SUNSHINE: SKY :PK WND
================================================================================
1 2 3 4 5 6A 6B 7 8 9 10 11 12 13 14 15 16 17 18
12Z AVG MX 2MIN
DY MAX MIN AVG DEP HDD CDD WTR SNW DPTH SPD SPD DIR MIN PSBL S-S WX SPD DR
================================================================================
1 64 37 51 -1 14 0 0.00 0.0 0 12.2 31 250 M M 5 51 310
2 63 31 47 -5 18 0 0.00 0.0 0 4.5 17 180 M M 0 1 22 180
3 76 50 63 10 2 0 0.40 0.0 0 9.2 21 150 M M 6 138 33 170
4 84 60 72 19 0 7 0.00 0.0 0 11.7 24 190 M M 6 35 200
5 79 51 65 11 0 0 0.62 0.0 0 12.1 46 240 M M 7 13 62 240
6 56 44 50 -4 15 0 0.00 0.0 0 8.2 14 30 M M 6 20 340
7 62 42 52 -2 13 0 0.00 0.0 0 10.1 17 50 M M 0 25 50
8 66 42 54 -1 11 0 0.00 0.0 0 9.4 20 70 M M 0 28 90
9 71 39 55 0 10 0 0.00 0.0 0 7.1 17 80 M M 0 24 70
10 75 40 58 3 7 0 0.00 0.0 0 3.5 9 250 M M 0 14 240
11 76 45 61 5 4 0 0.00 0.0 0 3.1 13 230 M M 0 18 190
12 78 44 61 5 4 0 0.00 0.0 0 4.8 16 170 M M 0 25 180
13 82 45 64 8 1 0 0.00 0.0 0 3.1 10 90 M M 1 18 17 100
14 80 60 70 13 0 5 0.00 0.0 0 3.4 13 200 M M 3 18 180
15 80 55 68 11 0 3 0.42 0.0 0 7.4 31 260 M M 2 13 47 250
16 59 46 53 -5 12 0 T 0.0 0 12.6 24 250 M M 9 18 36 300
17 65 42 54 -4 11 0 0.00 0.0 0 13.5 30 260 M M 2 43 270
18 77 38 58 0 7 0 0.00 0.0 0 3.5 13 210 M M 0 16 210
19 82 49 66 7 0 1 0.00 0.0 0 7.9 23 210 M M 0 32 230
20 85 62 74 15 0 9 0.01 0.0 0 13.1 28 200 M M 1 40 180
21 64 47 56 -3 9 0 0.63 0.0 0 6.2 20 350 M M 9 1 30 350
22 59 36 48 -12 17 0 0.08 0.0 0 9.0 21 280 M M 3 13 36 280
23 54 36 45 -15 20 0 0.00 0.0 0 4.6 15 260 M M 7 25 260
24 59 32 46 -14 19 0 0.00 0.0 0 3.2 15 30 M M 0 22 350
25 68 37 53 -8 12 0 0.00 0.0 0 2.1 12 260 M M 1 8 17 220
26 70 44 57 -4 8 0 0.00 0.0 0 6.2 13 340 M M 0 8 20 350
27 70 47 59 -2 6 0 0.29 0.0 0 7.5 22 60 M M 5 1 30 50
28 67 49 58 -4 7 0 0.00 0.0 0 4.3 15 340 M M 7 1 22 330
29 69 47 58 -4 7 0 T 0.0 0 8.9 22 320 M M 6 1 36 350
30 58 42 50 -12 15 0 0.32 0.0 0 10.0 24 310 M M 7 13 41 320
================================================================================
SM 2098 1339 249 25 2.77 0.0 222.4 M 93
================================================================================
AV 69.9 44.6 7.4 FASTST M M 3 MAX(MPH)
MISC ----> 46 240 62 240
================================================================================
NOTES:
# LAST OF SEVERAL OCCURRENCES
COLUMN 17 PEAK WIND IN M.P.H.
PRELIMINARY LOCAL CLIMATOLOGICAL DATA (WS FORM: F-6) , PAGE 2
STATION: EVANSVILLE IN
MONTH: APRIL
YEAR: 2023
LATITUDE: 38 2 N
LONGITUDE: 87 32 W
[TEMPERATURE DATA] [PRECIPITATION DATA] SYMBOLS USED IN COLUMN 16
AVERAGE MONTHLY: 57.3 TOTAL FOR MONTH: 2.77 1 = FOG OR MIST
DPTR FM NORMAL: 0.1 DPTR FM NORMAL: -2.37 2 = FOG REDUCING VISIBILITY
HIGHEST: 85 ON 20 GRTST 24HR 0.71 ON 21-22 TO 1/4 MILE OR LESS
LOWEST: 31 ON 2 3 = THUNDER
SNOW, ICE PELLETS, HAIL 4 = ICE PELLETS
TOTAL MONTH: 0.0 INCH 5 = HAIL
GRTST 24HR 0.0 6 = FREEZING RAIN OR DRIZZLE
GRTST DEPTH: 0 7 = DUSTSTORM OR SANDSTORM:
VSBY 1/2 MILE OR LESS
8 = SMOKE OR HAZE
[NO. OF DAYS WITH] [WEATHER - DAYS WITH] 9 = BLOWING SNOW
X = TORNADO
MAX 32 OR BELOW: 0 0.01 INCH OR MORE: 8
MAX 90 OR ABOVE: 0 0.10 INCH OR MORE: 6
MIN 32 OR BELOW: 2 0.50 INCH OR MORE: 2
MIN 0 OR BELOW: 0 1.00 INCH OR MORE: 0
[HDD (BASE 65) ]
TOTAL THIS MO. 249 CLEAR (SCALE 0-3) 18
DPTR FM NORMAL -12 PTCLDY (SCALE 4-7) 10
TOTAL FM JUL 1 3838 CLOUDY (SCALE 8-10) 2
DPTR FM NORMAL -424
[CDD (BASE 65) ]
TOTAL THIS MO. 25
DPTR FM NORMAL -4 [PRESSURE DATA]
TOTAL FM JAN 1 25 HIGHEST SLP M ON M
DPTR FM NORMAL -8 LOWEST SLP 29.55 ON 1
[REMARKS]
#FINAL-04-23#