000
CXUS53 KPAH 010700
CF6EVV
PRELIMINARY LOCAL CLIMATOLOGICAL DATA (WS FORM: F-6)
STATION: EVANSVILLE IN
MONTH: OCTOBER
YEAR: 2021
LATITUDE: 38 2 N
LONGITUDE: 87 32 W
TEMPERATURE IN F: :PCPN: SNOW: WIND :SUNSHINE: SKY :PK WND
================================================================================
1 2 3 4 5 6A 6B 7 8 9 10 11 12 13 14 15 16 17 18
12Z AVG MX 2MIN
DY MAX MIN AVG DEP HDD CDD WTR SNW DPTH SPD SPD DIR MIN PSBL S-S WX SPD DR
================================================================================
1 85 62 74 9 0 9 0.00 0.0 0 4.5 10 80 M M 1 1 14 80
2 75 65 70 6 0 5 M 0.0 0 7.2 18 200 M M 8 1 26 200
3 82 62 72 8 0 7 M 0.0 0 7.2 18 220 M M 7 1 26 250
4 82 62 72 9 0 7 0.00 0.0 0 3.1 15 260 M M 5 1 25 330
5 81 60 71 8 0 6 M 0.0 0 5.6 14 50 M M 5 12 18 50
6 78 65 72 9 0 7 M 0.0 0 5.8 12 80 M M 6 1 16 130
7 78 63 71 9 0 6 M 0.0 0 2.8 24 310 M M 7 123 35 320
8 81 64 73 11 0 8 0.00 0.0 0 2.7 10 240 M M 5 1 14 250
9 85 63 74 13 0 9 0.00 0.0 0 5.9 13 170 M M 2 18 170
10 86 66 76 15 0 11 0.00 0.0 0 9.2 20 210 M M 0 8 28 210
11 84 66 75 14 0 10 0.17 0.0 0 10.5 26 190 M M 3 13 36 170
12 77 57 67 7 0 2 0.00 0.0 0 4.2 13 250 M M 3 17 260
13 79 56 68 8 0 3 T 0.0 0 4.2 10 180 M M 3 1 17 170
14 84 65 75 16 0 10 T 0.0 0 6.3 15 210 M M 2 22 210
15 80 53 67 8 0 2 0.82 0.0 0 9.0 29 260 M M 8 13 40 260
16 65 43 54 -5 11 0 0.00 0.0 0 7.3 18 280 M M 2 29 270
17 71 40 56 -2 9 0 0.00 0.0 0 6.4 17 260 M M 0 23 270
18 72 43 58 0 7 0 0.00 0.0 0 2.3 12 240 M M 0 16 220
19 72 44 58 1 7 0 0.00 0.0 0 2.3 14 220 M M 0 1 21 200
20 76 47 62 5 3 0 0.00 0.0 0 6.8 17 210 M M 0 1 26 210
21 68 51 60 3 5 0 0.00 0.0 0 9.5 21 260 M M 6 33 250
22 57 42 50 -6 15 0 0.00 0.0 0 3.5 13 260 M M 8 1 17 270
23 62 42 52 -4 13 0 0.14 0.0 0 3.0 10 210 M M 7 12 14 190
24 80 56 68 13 0 3 0.03 0.0 0 11.9 24 190 M M 5 3 37 210
25 65 50 58 3 7 0 0.71 0.0 0 11.8 25 250 M M 10 13 41 250
26 61 41 51 -4 14 0 0.00 0.0 0 4.2 12 40 M M 2 17 40
27 63 39 51 -3 14 0 0.00 0.0 0 6.7 14 90 M M 0 21 70
28 59 50 55 1 10 0 1.29 0.0 0 7.0 16 210 M M 9 13 21 80
29 65 53 59 6 6 0 0.02 0.0 0 5.1 14 320 M M 9 1 22 290
30 56 52 54 1 11 0 0.18 0.0 0 8.1 15 320 M M 10 1 25 290
31 66 45 56 4 9 0 0.00 0.0 0 7.5 18 310 M M 6 28 310
================================================================================
SM 2275 1667 141 105 3.36 0.0 191.6 M 139
================================================================================
AV 73.4 53.8 6.2 FASTST M M 4 MAX(MPH)
MISC ----> 29 260 41 250
================================================================================
NOTES:
# LAST OF SEVERAL OCCURRENCES
COLUMN 17 PEAK WIND IN M.P.H.
PRELIMINARY LOCAL CLIMATOLOGICAL DATA (WS FORM: F-6) , PAGE 2
STATION: EVANSVILLE IN
MONTH: OCTOBER
YEAR: 2021
LATITUDE: 38 2 N
LONGITUDE: 87 32 W
[TEMPERATURE DATA] [PRECIPITATION DATA] SYMBOLS USED IN COLUMN 16
AVERAGE MONTHLY: 63.6 TOTAL FOR MONTH: 3.36 1 = FOG OR MIST
DPTR FM NORMAL: 5.0 DPTR FM NORMAL: -0.03 2 = FOG REDUCING VISIBILITY
HIGHEST: 86 ON 10 GRTST 24HR 1.29 ON 28-28 TO 1/4 MILE OR LESS
LOWEST: 39 ON 27 3 = THUNDER
SNOW, ICE PELLETS, HAIL 4 = ICE PELLETS
TOTAL MONTH: 0.0 INCH 5 = HAIL
GRTST 24HR 0.0 6 = FREEZING RAIN OR DRIZZLE
GRTST DEPTH: 0 7 = DUSTSTORM OR SANDSTORM:
VSBY 1/2 MILE OR LESS
8 = SMOKE OR HAZE
[NO. OF DAYS WITH] [WEATHER - DAYS WITH] 9 = BLOWING SNOW
X = TORNADO
MAX 32 OR BELOW: 0 0.01 INCH OR MORE: 8
MAX 90 OR ABOVE: 0 0.10 INCH OR MORE: 6
MIN 32 OR BELOW: 0 0.50 INCH OR MORE: 3
MIN 0 OR BELOW: 0 1.00 INCH OR MORE: 1
[HDD (BASE 65) ]
TOTAL THIS MO. 141 CLEAR (SCALE 0-3) 13
DPTR FM NORMAL -96 PTCLDY (SCALE 4-7) 13
TOTAL FM JUL 1 161 CLOUDY (SCALE 8-10) 5
DPTR FM NORMAL -110
[CDD (BASE 65) ]
TOTAL THIS MO. 105
DPTR FM NORMAL 66 [PRESSURE DATA]
TOTAL FM JAN 1 1614 HIGHEST SLP M ON M
DPTR FM NORMAL 91 LOWEST SLP 29.39 ON 28
[REMARKS]
#FINAL-10-21#