373
CXUS51 KOKX 010702
CF6EWR
PRELIMINARY LOCAL CLIMATOLOGICAL DATA (WS FORM: F-6)
STATION: NEWARK NJ
MONTH: MAY
YEAR: 2020
LATITUDE: 40 42 N
LONGITUDE: 74 10 W
TEMPERATURE IN F: :PCPN: SNOW: WIND :SUNSHINE: SKY :PK WND
================================================================================
1 2 3 4 5 6A 6B 7 8 9 10 11 12 13 14 15 16 17 18
12Z AVG MX 2MIN
DY MAX MIN AVG DEP HDD CDD WTR SNW DPTH SPD SPD DIR MIN PSBL S-S WX SPD DR
================================================================================
1 68 53 61 3 4 0 0.12 0.0 0 8.7 22 350 M M 9 1 29 340
2 75 51 63 5 2 0 0.00 0.0 0 13.5 26 330 M M 5 33 330
3 80 55 68 9 0 3 0.05 0.0 0 10.4 22 260 M M 8 27 230
4 74 49 62 3 3 0 T 0.0 0 14.8 35 330 M M 7 45 330
5 64 46 55 -4 10 0 0.00 0.0 0 8.8 21 340 M M 6 33 310
6 54 46 50 -10 15 0 0.15 0.0 0 6.9 15 90 M M 9 1 22 70
7 68 44 56 -4 9 0 0.00 0.0 0 11.4 28 250 M M 5 33 250
8 58 37 48 -12 17 0 0.43 0.0 0 8.1 28 330 M M 9 1 37 330
9 50 34 42 -18 23 0 T T 0 20.3 32 310 M M 5 43 270
10 65 35 50 -11 15 0 0.00 0.0 0 16.9 30 250 M M 5 37 250
11 64 44 54 -7 11 0 0.04 0.0 0 12.0 36 270 M M 7 1 45 260
12 62 44 53 -8 12 0 0.00 0.0 0 14.9 28 290 M M 5 37 280
13 66 41 54 -8 11 0 0.00 0.0 0 9.5 22 270 M M 1 26 280
14 67 43 55 -7 10 0 T 0.0 0 5.9 15 110 M M 6 8 20 110
15 86 59 73 11 0 8 0.02 0.0 0 12.5 26 220 M M 7 38 230
16 78 60 69 6 0 4 T 0.0 0 9.9 22 330 M M 8 27 340
17 67 55 61 -2 4 0 T 0.0 0 8.1 16 160 M M 8 22 140
18 69 55 62 -1 3 0 0.00 0.0 0 8.4 16 110 M M 8 22 110
19 68 55 62 -2 3 0 0.00 0.0 0 14.1 24 50 M M 7 34 50
20 66 50 58 -6 7 0 0.00 0.0 0 10.3 18 140 M M 7 25 110
21 66 47 57 -7 8 0 0.00 0.0 0 5.9 12 130 M M 2 17 160
22 77 52 65 1 0 0 0.03 0.0 0 4.7 14 140 M M 7 1 18 110
23 71 55 63 -2 2 0 0.79 0.0 0 7.3 22 40 M M 10 12 28 40
24 68 53 61 -4 4 0 T 0.0 0 9.0 17 50 M M 8 21 40
25 73 56 65 -1 0 0 T 0.0 0 6.4 12 130 M M 8 1 15 90
26 77 58 68 2 0 3 0.00 0.0 0 3.9 12 160 M M 6 18 16 160
27 79 59 69 3 0 4 T 0.0 0 4.6 12 140 M M 9 12 16 140
28 78 62 70 4 0 5 T 0.0 0 6.6 21 190 M M 10 18 26 170
29 86 68 77 10 0 12 T 0.0 0 8.8 25 290 M M 9 13 31 290
30 84 68 76 9 0 11 0.03 0.0 0 11.4 21 340 M M 6 26 280
31 73 55 64 -4 1 0 0.00 0.0 0 15.5 25 330 M M 2 33 300
================================================================================
SM 2181 1589 174 50 1.66 T 309.5 M 209
================================================================================
AV 70.4 51.3 10.0 FASTST M M 7 MAX(MPH)
MISC ----> # 36 270 # 45 330
================================================================================
NOTES:
# LAST OF SEVERAL OCCURRENCES
COLUMN 17 PEAK WIND IN M.P.H.
PRELIMINARY LOCAL CLIMATOLOGICAL DATA (WS FORM: F-6) , PAGE 2
STATION: NEWARK NJ
MONTH: MAY
YEAR: 2020
LATITUDE: 40 42 N
LONGITUDE: 74 10 W
[TEMPERATURE DATA] [PRECIPITATION DATA] SYMBOLS USED IN COLUMN 16
AVERAGE MONTHLY: 60.8 TOTAL FOR MONTH: 1.66 1 = FOG OR MIST
DPTR FM NORMAL: -1.9 DPTR FM NORMAL: -2.43 2 = FOG REDUCING VISIBILITY
HIGHEST: 86 ON 29,15 GRTST 24HR 0.79 ON 23-23 TO 1/4 MILE OR LESS
LOWEST: 34 ON 9 3 = THUNDER
SNOW, ICE PELLETS, HAIL 4 = ICE PELLETS
TOTAL MONTH: T 5 = HAIL
GRTST 24HR T ON 9- 9 6 = FREEZING RAIN OR DRIZZLE
GRTST DEPTH: 0 7 = DUSTSTORM OR SANDSTORM:
VSBY 1/2 MILE OR LESS
8 = SMOKE OR HAZE
[NO. OF DAYS WITH] [WEATHER - DAYS WITH] 9 = BLOWING SNOW
X = TORNADO
MAX 32 OR BELOW: 0 0.01 INCH OR MORE: 9
MAX 90 OR ABOVE: 0 0.10 INCH OR MORE: 4
MIN 32 OR BELOW: 0 0.50 INCH OR MORE: 1
MIN 0 OR BELOW: 0 1.00 INCH OR MORE: 0
[HDD (BASE 65) ]
TOTAL THIS MO. 174 CLEAR (SCALE 0-3) 3
DPTR FM NORMAL 39 PTCLDY (SCALE 4-7) 21
TOTAL FM JUL 1 4334 CLOUDY (SCALE 8-10) 7
DPTR FM NORMAL -521
[CDD (BASE 65) ]
TOTAL THIS MO. 50
DPTR FM NORMAL -14 [PRESSURE DATA]
TOTAL FM JAN 1 50 HIGHEST SLP M ON M
DPTR FM NORMAL -26 LOWEST SLP 29.58 ON 8
[REMARKS]
#FINAL-05-20#