000
CXUS53 KFGF 010815
CF6FAR
PRELIMINARY LOCAL CLIMATOLOGICAL DATA (WS FORM: F-6)
STATION: FARGO HECTOR INTL AP ND
MONTH: SEPTEMBER
YEAR: 2023
LATITUDE: 46 54 N
LONGITUDE: 96 48 W
TEMPERATURE IN F: :PCPN: SNOW: WIND :SUNSHINE: SKY :PK WND
================================================================================
1 2 3 4 5 6A 6B 7 8 9 10 11 12 13 14 15 16 17 18
12Z AVG MX 2MIN
DY MAX MIN AVG DEP HDD CDD WTR SNW DPTH SPD SPD DIR MIN PSBL S-S WX SPD DR
================================================================================
1 91 65 78 13 0 13 0.00 0.0 0 8.6 17 190 M M 0 24 200
2 95 63 79 14 0 14 0.00 0.0 0 7.3 18 190 M M 0 12 25 190
3 97 66 82 17 0 17 T 0.0 0 5.7 13 360 M M 0 17 10
4 96 72 84 20 0 19 0.02 0.0 0 9.7 20 180 M M 1 3 26 190
5 80 59 70 6 0 5 0.11 0.0 0 17.3 29 350 M M 6 138 39 350
6 72 49 61 -3 4 0 0.00 0.0 0 10.3 15 340 M M 1 24 360
7 77 42 60 -4 5 0 0.00 0.0 0 6.6 15 130 M M 0 18 20 130
8 81 57 69 6 0 4 0.00 0.0 0 8.2 13 330 M M 1 M M
9 80 49 65 2 0 0 0.00 0.0 0 9.1 20 10 M M 1 29 330
10 79 46 63 1 2 0 T 0.0 0 4.0 14 40 M M 0 18 60
11 70 48 59 -3 6 0 0.02 0.0 0 7.6 18 310 M M 3 25 330
12 69 44 57 -5 8 0 0.00 0.0 0 4.5 9 50 M M 3 12 M M
13 75 48 62 1 3 0 0.00 0.0 0 12.3 18 140 M M 1 8 30 140
14 77 56 67 6 0 2 0.02 0.0 0 7.8 21 160 M M 4 3 33 150
15 77 52 65 5 0 0 0.00 0.0 0 10.7 23 260 M M 2 8 30 250
16 67 48 58 -2 7 0 0.00 0.0 0 6.1 15 350 M M 7 18 23 360
17 74 40 57 -3 8 0 0.00 0.0 0 4.0 12 160 M M 1 12 17 170
18 85 56 71 12 0 6 0.00 0.0 0 14.6 28 170 M M 0 36 160
19 88 59 74 15 0 9 0.00 0.0 0 8.9 16 170 M M 0 24 140
20 85 51 68 10 0 3 0.14 0.0 0 6.9 13 30 M M 0 38 19 40
21 83 64 74 16 0 9 0.01 0.0 0 9.9 23 20 M M 4 38 31 20
22 78 61 70 12 0 5 T 0.0 0 6.3 15 140 M M 7 21 110
23 73 61 67 10 0 2 1.27 0.0 0 6.9 21 60 M M 9 13 27 80
24 69 56 63 6 2 0 0.36 0.0 0 5.8 16 160 M M 6 12 23 160
25 73 55 64 8 1 0 0.01 0.0 0 7.6 16 30 M M 9 1 20 30
26 77 54 66 10 0 1 0.00 0.0 0 7.0 14 130 M M 5 1 20 120
27 71 58 65 10 0 0 0.00 0.0 0 8.0 14 130 M M 7 21 140
28 78 62 70 15 0 5 0.00 0.0 0 16.1 28 150 M M 5 41 150
29 77 56 67 13 0 2 0.25 0.0 0 7.7 23 190 M M 4 13 31 210
30 78 53 66 12 0 1 0.00 0.0 0 7.6 20 130 M M 5 12 26 130
================================================================================
SM 2372 1650 46 117 2.21 0.0 253.1 M 92
================================================================================
AV 79.1 55.0 8.4 FASTST M M 3 MAX(MPH)
MISC ----> 29 350 41 150
================================================================================
NOTES:
# LAST OF SEVERAL OCCURRENCES
COLUMN 17 PEAK WIND IN M.P.H.
PRELIMINARY LOCAL CLIMATOLOGICAL DATA (WS FORM: F-6) , PAGE 2
STATION: FARGO HECTOR INTL AP ND
MONTH: SEPTEMBER
YEAR: 2023
LATITUDE: 46 54 N
LONGITUDE: 96 48 W
[TEMPERATURE DATA] [PRECIPITATION DATA] SYMBOLS USED IN COLUMN 16
AVERAGE MONTHLY: 67.0 TOTAL FOR MONTH: 2.21 1 = FOG OR MIST
DPTR FM NORMAL: 7.0 DPTR FM NORMAL: -0.47 2 = FOG REDUCING VISIBILITY
HIGHEST: 97 ON 3 GRTST 24HR 1.56 ON 23-24 TO 1/4 MILE OR LESS
LOWEST: 40 ON 17 3 = THUNDER
SNOW, ICE PELLETS, HAIL 4 = ICE PELLETS
TOTAL MONTH: 0.0 INCH 5 = HAIL
GRTST 24HR 0.0 6 = FREEZING RAIN OR DRIZZLE
GRTST DEPTH: 0 7 = DUSTSTORM OR SANDSTORM:
VSBY 1/2 MILE OR LESS
8 = SMOKE OR HAZE
[NO. OF DAYS WITH] [WEATHER - DAYS WITH] 9 = BLOWING SNOW
X = TORNADO
MAX 32 OR BELOW: 0 0.01 INCH OR MORE: 10
MAX 90 OR ABOVE: 4 0.10 INCH OR MORE: 5
MIN 32 OR BELOW: 0 0.50 INCH OR MORE: 1
MIN 0 OR BELOW: 0 1.00 INCH OR MORE: 1
[HDD (BASE 65) ]
TOTAL THIS MO. 46 CLEAR (SCALE 0-3) 15
DPTR FM NORMAL -152 PTCLDY (SCALE 4-7) 13
TOTAL FM JUL 1 60 CLOUDY (SCALE 8-10) 2
DPTR FM NORMAL -187
[CDD (BASE 65) ]
TOTAL THIS MO. 117
DPTR FM NORMAL 68 [PRESSURE DATA]
TOTAL FM JAN 1 958 HIGHEST SLP M ON M
DPTR FM NORMAL 420 LOWEST SLP 29.44 ON 4
[REMARKS]
#FINAL-09-23#