000
CXUS54 KOUN 061454
CF6FDR
PRELIMINARY LOCAL CLIMATOLOGICAL DATA (WS FORM: F-6)
STATION: FREDERICK MUNICIPAL
MONTH: DECEMBER
YEAR: 2021
LATITUDE: 34 21 N
LONGITUDE: 98 59 W
TEMPERATURE IN F: :PCPN: SNOW: WIND :SUNSHINE: SKY :PK WND
================================================================================
1 2 3 4 5 6A 6B 7 8 9 10 11 12 13 14 15 16 17 18
12Z AVG MX 2MIN
DY MAX MIN AVG DEP HDD CDD WTR SNW DPTH SPD SPD DIR MIN PSBL S-S WX SPD DR
================================================================================
1 74 38 56 10 9 0 0.00 0.0 0 4.9 14 310 M M 0 8 15 310
2 79 40 60 14 5 0 0.00 0.0 0 6.0 14 180 M M 0 8 16 210
3 80 47 64 18 1 0 0.00 0.0 0 7.2 17 50 M M 0 8 20 50
4 59 45 52 6 13 0 0.00 0.0 0 7.5 17 360 M M 7 21 360
5 80 40 60 15 5 0 0.00 0.0 0 12.2 38 30 M M 0 18 46 20
6 53 30 42 -3 23 0 0.00 0.0 0 16.9 37 20 M M 0 46 20
7 53 26 40 -5 25 0 0.00 0.0 0 7.9 16 160 M M 0 20 160
8 60 31 46 2 19 0 0.00 0.0 0 9.0 16 160 M M 0 20 150
9 79 40 60 16 5 0 0.00 0.0 0 11.3 24 250 M M 0 32 250
10 82 45 64 20 1 0 T 0.0 0 20.2 45 230 M M 4 8 54 220
11 54 34 44 0 21 0 0.00 0.0 0 10.9 26 340 M M 0 33 340
12 68 28 48 5 17 0 0.00 0.0 0 13.5 26 190 M M 0 31 190
13 71 33 52 9 13 0 0.00 0.0 0 10.5 22 160 M M 0 25 160
14 77 46 62 19 3 0 0.00 0.0 0 13.9 24 220 M M 0 1 30 200
15 81 59 70 27 0 5 0.00 0.0 0 18.9 40 190 M M 3 49 190
16 62 43 53 11 12 0 0.00 0.0 0 10.9 24 10 M M 1 29 10
17 65 47 56 14 9 0 T 0.0 0 7.8 25 20 M M 7 31 20
18 51 28 40 -2 25 0 0.00 0.0 0 17.2 31 10 M M 1 38 360
19 46 16 31 -11 34 0 0.00 0.0 0 5.5 12 10 M M 0 13 190
20 59 31 45 3 20 0 0.00 0.0 0 7.5 15 170 M M 2 17 130
21 65 27 46 4 19 0 0.00 0.0 0 6.2 16 170 M M 0 18 19 170
22 64 32 48 6 17 0 0.00 0.0 0 8.3 13 50 M M 0 18 14 140
23 80 32 56 14 9 0 0.00 0.0 0 7.0 20 190 M M 3 12 29 240
24 88 52 70 28 0 5 0.00 0.0 0 M M M M M 0 M M
25 66 62 64 23 1 0 0.00 0.0 0 M M M M M 0 M M
26 M M M M M M 0.00 0.0 0 M M M M M 0 M M
27 M M M M M M 0.00 0.0 M M M M M M 1 M M
28 M M M M M M M M M M M M M M 1 M M
29 72 45 59 18 6 0 M 0.0 M 7.6 21 260 M M 3 25 260
30 71 34 53 12 12 0 0.00 0.0 0 9.8 23 250 M M 0 27 260
31 62 46 54 13 11 0 0.16 0.0 0 7.6 18 190 M M 6 1 23 190
================================================================================
SM 1901 1077 335 10 0.16 0.0 266.2 M 39
================================================================================
AV 67.9 38.5 10.2 FASTST M M 1 MAX(MPH)
MISC ----> 45 230 54 220
================================================================================
NOTES:
# LAST OF SEVERAL OCCURRENCES
COLUMN 17 PEAK WIND IN M.P.H.
PRELIMINARY LOCAL CLIMATOLOGICAL DATA (WS FORM: F-6) , PAGE 2
STATION: FREDERICK MUNICIPAL
MONTH: DECEMBER
YEAR: 2021
LATITUDE: 34 21 N
LONGITUDE: 98 59 W
[TEMPERATURE DATA] [PRECIPITATION DATA] SYMBOLS USED IN COLUMN 16
AVERAGE MONTHLY: 53.2 TOTAL FOR MONTH: 0.16 1 = FOG OR MIST
DPTR FM NORMAL: 10.2 DPTR FM NORMAL: M 2 = FOG REDUCING VISIBILITY
HIGHEST: 88 ON 24 GRTST 24HR 0.16 ON 31-31 TO 1/4 MILE OR LESS
LOWEST: 16 ON 19 3 = THUNDER
SNOW, ICE PELLETS, HAIL 4 = ICE PELLETS
TOTAL MONTH: 0.0 INCH 5 = HAIL
GRTST 24HR 0.0 6 = FREEZING RAIN OR DRIZZLE
GRTST DEPTH: 0 7 = DUSTSTORM OR SANDSTORM:
VSBY 1/2 MILE OR LESS
8 = SMOKE OR HAZE
[NO. OF DAYS WITH] [WEATHER - DAYS WITH] 9 = BLOWING SNOW
X = TORNADO
MAX 32 OR BELOW: 0 0.01 INCH OR MORE: 1
MAX 90 OR ABOVE: 0 0.10 INCH OR MORE: 1
MIN 32 OR BELOW: 10 0.50 INCH OR MORE: 0
MIN 0 OR BELOW: 0 1.00 INCH OR MORE: 0
[HDD (BASE 65) ]
TOTAL THIS MO. 335 CLEAR (SCALE 0-3) 27
DPTR FM NORMAL -347 PTCLDY (SCALE 4-7) 4
TOTAL FM JUL 1 669 CLOUDY (SCALE 8-10) 0
DPTR FM NORMAL -524
[CDD (BASE 65) ]
TOTAL THIS MO. 10
DPTR FM NORMAL 10 [PRESSURE DATA]
TOTAL FM JAN 1 2444 HIGHEST SLP 30.42 ON 19
DPTR FM NORMAL -52 LOWEST SLP 29.45 ON 10
[REMARKS]
#FINAL-12-21#