000
CXUS54 KOUN 010700
CF6FDR
PRELIMINARY LOCAL CLIMATOLOGICAL DATA (WS FORM: F-6)
STATION: FREDERICK MUNICIPAL
MONTH: JUNE
YEAR: 2020
LATITUDE: 34 21 N
LONGITUDE: 98 59 W
TEMPERATURE IN F: :PCPN: SNOW: WIND :SUNSHINE: SKY :PK WND
================================================================================
1 2 3 4 5 6A 6B 7 8 9 10 11 12 13 14 15 16 17 18
12Z AVG MX 2MIN
DY MAX MIN AVG DEP HDD CDD WTR SNW DPTH SPD SPD DIR MIN PSBL S-S WX SPD DR
================================================================================
1 89 64 77 0 0 12 0.00 0.0 0 10.8 23 150 M M 2 27 160
2 91 69 80 3 0 15 0.00 0.0 0 11.8 22 180 M M 1 27 180
3 97 70 84 6 0 19 0.00 0.0 0 11.7 20 180 M M 0 25 180
4 103 71 87 9 0 22 0.03 0.0 0 11.8 47 340 M M 0 38 61 350
5 101 71 86 8 0 21 0.01 0.0 0 11.1 36 340 M M 0 42 340
6 100 72 86 8 0 21 0.00 0.0 0 12.1 23 140 M M 0 31 150
7 96 72 84 6 0 19 0.00 0.0 0 13.6 23 140 M M 0 30 120
8 98 69 84 5 0 19 0.00 0.0 0 9.5 17 130 M M 0 22 150
9 89 62 76 -3 0 11 0.00 0.0 0 21.0 39 300 M M 3 8 48 310
10 91 53 72 -7 0 7 0.00 0.0 0 12.3 25 320 M M 0 33 320
11 95 60 78 -1 0 13 0.00 0.0 0 11.4 22 160 M M 0 29 200
12 96 64 80 0 0 15 0.00 0.0 0 12.3 21 170 M M 0 26 170
13 98 63 81 1 0 16 0.00 0.0 0 11.7 22 150 M M 0 26 190
14 95 66 81 1 0 16 0.00 0.0 0 12.5 23 140 M M 0 29 150
15 96 64 80 0 0 15 0.00 0.0 0 12.2 25 150 M M 1 31 150
16 96 70 83 3 0 18 0.00 0.0 0 14.4 26 150 M M 1 34 140
17 98 73 86 5 0 21 0.00 0.0 0 17.7 29 160 M M 1 35 140
18 99 75 87 6 0 22 0.00 0.0 0 19.5 28 140 M M 1 35 160
19 92 67 80 -1 0 15 0.75 0.0 0 14.6 31 280 M M 4 13 42 280
20 89 67 78 -3 0 13 0.08 0.0 0 11.4 32 160 M M 2 3 38 160
21 89 68 79 -2 0 14 0.24 0.0 0 16.0 40 20 M M 2 138 53 20
22 94 67 81 -1 0 16 0.00 0.0 0 11.3 32 80 M M 5 3 38 70
23 88 69 79 -3 0 14 0.80 0.0 0 11.1 41 330 M M 3 13 50 330
24 89 65 77 -5 0 12 0.00 0.0 0 6.6 16 130 M M 0 21 130
25 93 68 81 -1 0 16 0.00 0.0 0 9.4 20 140 M M 0 25 130
26 97 71 84 2 0 19 0.00 0.0 0 13.4 23 180 M M 0 27 190
27 96 72 84 2 0 19 0.00 0.0 0 17.1 30 180 M M 0 36 200
28 94 76 85 3 0 20 0.00 0.0 0 21.0 30 180 M M 2 36 180
29 101 77 89 6 0 24 0.00 0.0 0 21.3 32 160 M M 1 38 140
30 104 74 89 6 0 24 T 0.0 0 17.5 31 170 M M 0 38 180
================================================================================
SM 2854 2049 0 508 1.91 0.0 408.1 M 29
================================================================================
AV 95.1 68.3 13.6 FASTST M M 1 MAX(MPH)
MISC ----> # 47 340 # 61 350
================================================================================
NOTES:
# LAST OF SEVERAL OCCURRENCES
COLUMN 17 PEAK WIND IN M.P.H.
PRELIMINARY LOCAL CLIMATOLOGICAL DATA (WS FORM: F-6) , PAGE 2
STATION: FREDERICK MUNICIPAL
MONTH: JUNE
YEAR: 2020
LATITUDE: 34 21 N
LONGITUDE: 98 59 W
[TEMPERATURE DATA] [PRECIPITATION DATA] SYMBOLS USED IN COLUMN 16
AVERAGE MONTHLY: 81.7 TOTAL FOR MONTH: 1.91 1 = FOG OR MIST
DPTR FM NORMAL: 1.6 DPTR FM NORMAL: -1.77 2 = FOG REDUCING VISIBILITY
HIGHEST: 104 ON 30 GRTST 24HR 0.80 ON 23-23 TO 1/4 MILE OR LESS
LOWEST: 53 ON 10 3 = THUNDER
SNOW, ICE PELLETS, HAIL 4 = ICE PELLETS
TOTAL MONTH: 0.0 INCH 5 = HAIL
GRTST 24HR 0.0 6 = FREEZING RAIN OR DRIZZLE
GRTST DEPTH: 0 7 = DUSTSTORM OR SANDSTORM:
VSBY 1/2 MILE OR LESS
8 = SMOKE OR HAZE
[NO. OF DAYS WITH] [WEATHER - DAYS WITH] 9 = BLOWING SNOW
X = TORNADO
MAX 32 OR BELOW: 0 0.01 INCH OR MORE: 6
MAX 90 OR ABOVE: 24 0.10 INCH OR MORE: 3
MIN 32 OR BELOW: 0 0.50 INCH OR MORE: 2
MIN 0 OR BELOW: 0 1.00 INCH OR MORE: 0
[HDD (BASE 65) ]
TOTAL THIS MO. 0 CLEAR (SCALE 0-3) 27
DPTR FM NORMAL 0 PTCLDY (SCALE 4-7) 3
TOTAL FM JUL 1 2884 CLOUDY (SCALE 8-10) 0
DPTR FM NORMAL -168
[CDD (BASE 65) ]
TOTAL THIS MO. 508
DPTR FM NORMAL 53 [PRESSURE DATA]
TOTAL FM JAN 1 866 HIGHEST SLP M ON M
DPTR FM NORMAL 88 LOWEST SLP 29.45 ON 9
[REMARKS]
#FINAL-06-20#