000
CXUS52 KFFC 011110
CF6FFC
PRELIMINARY LOCAL CLIMATOLOGICAL DATA (WS FORM: F-6)
STATION: PEACHTREE CITY
MONTH: FEBRUARY
YEAR: 2022
LATITUDE: 33 20 N
LONGITUDE: 84 34 W
TEMPERATURE IN F: :PCPN: SNOW: WIND :SUNSHINE: SKY :PK WND
================================================================================
1 2 3 4 5 6A 6B 7 8 9 10 11 12 13 14 15 16 17 18
12Z AVG MX 2MIN
DY MAX MIN AVG DEP HDD CDD WTR SNW DPTH SPD SPD DIR MIN PSBL S-S WX SPD DR
================================================================================
1 63 26 45 -1 20 0 0.00 M M 5.0 15 130 M M 0 8 22 120
2 63 45 54 8 11 0 0.04 M M 8.2 16 130 M M 4 22 120
3 68 49 59 13 6 0 1.27 M M 6.1 14 160 M M 10 13 25 140
4 65 36 51 5 14 0 1.45 M M 8.9 22 310 M M 10 13 29 320
5 48 29 39 -8 26 0 0.00 M M 8.5 22 320 M M 2 31 310
6 53 27 40 -7 25 0 0.00 M M 4.5 13 80 M M 4 20 80
7 53 38 46 -1 19 0 0.00 M M 3.3 14 300 M M 5 19 310
8 57 31 44 -3 21 0 0.00 M M 4.8 20 330 M M 0 25 290
9 63 27 45 -3 20 0 0.00 M M 2.1 15 270 M M 0 22 250
10 68 30 49 1 16 0 0.00 M M 2.1 16 310 M M 0 25 330
11 68 31 50 2 15 0 0.00 M M 1.8 14 280 M M 0 21 290
12 71 34 53 5 12 0 0.00 M M 3.8 17 340 M M 1 1 25 330
13 50 33 42 -6 23 0 T M M 10.6 22 320 M M 2 34 300
14 59 26 43 -5 22 0 0.00 M M 3.5 15 300 M M 0 21 300
15 66 28 47 -2 18 0 0.00 M M 1.9 12 110 M M 0 22 110
16 72 34 53 4 12 0 0.00 M M 3.5 17 130 M M 3 25 120
17 73 49 61 12 4 0 0.82 M M 8.1 21 300 M M 9 1 34 310
18 64 34 49 0 16 0 0.46 M M 10.3 21 310 M M 6 1 28 290
19 59 30 45 -5 20 0 0.00 M M 9.2 18 340 M M 0 26 340
20 63 28 46 -4 19 0 0.00 M M 3.0 16 120 M M 0 22 120
21 58 41 50 0 15 0 0.72 0.0 M 2.6 9 120 M M 8 1 13 120
22 75 55 65 15 0 0 0.02 M M 4.7 15 250 M M 6 13 23 280
23 76 58 67 17 0 2 0.12 M M 2.6 10 250 M M 4 1 21 250
24 78 57 68 17 0 3 0.00 M M 3.1 10 260 M M 5 1 16 240
25 66 48 57 6 8 0 0.04 M M 6.5 15 320 M M 6 18 23 300
26 66 39 53 2 12 0 0.00 M M 5.7 14 320 M M 6 19 320
27 54 48 51 0 14 0 0.16 M M 5.2 14 330 M M 10 1 19 350
28 66 42 54 2 11 0 0.00 M M 3.5 12 10 M M 5 18 16 10
================================================================================
SM 1785 1053 399 5 5.10 0.0 143.1 M 106
================================================================================
AV 63.8 37.6 5.1 FASTST M M 4 MAX(MPH)
MISC ----> # 22 310 # 34 300
================================================================================
NOTES:
# LAST OF SEVERAL OCCURRENCES
COLUMN 17 PEAK WIND IN M.P.H.
PRELIMINARY LOCAL CLIMATOLOGICAL DATA (WS FORM: F-6) , PAGE 2
STATION: PEACHTREE CITY
MONTH: FEBRUARY
YEAR: 2022
LATITUDE: 33 20 N
LONGITUDE: 84 34 W
[TEMPERATURE DATA] [PRECIPITATION DATA] SYMBOLS USED IN COLUMN 16
AVERAGE MONTHLY: 50.7 TOTAL FOR MONTH: 5.10 1 = FOG OR MIST
DPTR FM NORMAL: 2.0 DPTR FM NORMAL: 0.49 2 = FOG REDUCING VISIBILITY
HIGHEST: 78 ON 24 GRTST 24HR 2.69 ON 3- 4 TO 1/4 MILE OR LESS
LOWEST: 26 ON 14, 1 3 = THUNDER
SNOW, ICE PELLETS, HAIL 4 = ICE PELLETS
TOTAL MONTH: 0.0 INCH 5 = HAIL
GRTST 24HR 0.0 6 = FREEZING RAIN OR DRIZZLE
GRTST DEPTH: M ON M 7 = DUSTSTORM OR SANDSTORM:
VSBY 1/2 MILE OR LESS
8 = SMOKE OR HAZE
[NO. OF DAYS WITH] [WEATHER - DAYS WITH] 9 = BLOWING SNOW
X = TORNADO
MAX 32 OR BELOW: 0 0.01 INCH OR MORE: 10
MAX 90 OR ABOVE: 0 0.10 INCH OR MORE: 7
MIN 32 OR BELOW: 11 0.50 INCH OR MORE: 4
MIN 0 OR BELOW: 0 1.00 INCH OR MORE: 2
[HDD (BASE 65) ]
TOTAL THIS MO. 399 CLEAR (SCALE 0-3) 12
DPTR FM NORMAL -60 PTCLDY (SCALE 4-7) 11
TOTAL FM JUL 1 1808 CLOUDY (SCALE 8-10) 5
DPTR FM NORMAL -313
[CDD (BASE 65) ]
TOTAL THIS MO. 5
DPTR FM NORMAL 2 [PRESSURE DATA]
TOTAL FM JAN 1 15 HIGHEST SLP 30.57 ON 15
DPTR FM NORMAL 14 LOWEST SLP 29.85 ON 17
[REMARKS]
#FINAL-02-22#