000
CXUS53 KLMK 010710
CF6FFT
PRELIMINARY LOCAL CLIMATOLOGICAL DATA (WS FORM: F-6)
STATION: FRANKFORT KY
MONTH: JULY
YEAR: 2023
LATITUDE: 38 10 N
LONGITUDE: 84 54 W
TEMPERATURE IN F: :PCPN: SNOW: WIND :SUNSHINE: SKY :PK WND
================================================================================
1 2 3 4 5 6A 6B 7 8 9 10 11 12 13 14 15 16 17 18
12Z AVG MX 2MIN
DY MAX MIN AVG DEP HDD CDD WTR SNW DPTH SPD SPD DIR MIN PSBL S-S WX SPD DR
================================================================================
1 83 69 76 -1 0 11 0.50 M M 7.7 23 40 M M 3 13 38 30
2 85 68 77 0 0 12 0.59 M M 11.0 21 230 M M 4 13 32 270
3 84 69 77 0 0 12 0.00 M M 6.1 14 250 M M 6 1 22 230
4 86 67 77 0 0 12 T M M 2.3 12 330 M M 2 18 17 300
5 89 66 78 1 0 13 0.00 M M 3.0 14 220 M M 1 18 17 200
6 88 70 79 2 0 14 0.01 M M 5.4 14 260 M M 1 1 23 350
7 88 67 78 1 0 13 0.00 M M 2.9 8 320 M M 0 13 290
8 80 65 73 -4 0 8 0.54 M M 3.6 22 320 M M 2 13 30 330
9 80 65 73 -4 0 8 0.00 M M 4.1 13 310 M M 5 19 280
10 85 57 71 -6 0 6 0.00 M M 1.3 8 310 M M 1 1 12 60
11 85 60 73 -4 0 8 0.00 M M 2.5 14 230 M M 1 17 230
12 86 61 74 -3 0 9 0.00 M M 4.7 15 200 M M 1 1 20 240
13 89 71 80 3 0 15 0.01 M M 6.7 15 240 M M 3 3 20 240
14 90 69 80 3 0 15 0.00 M M 2.4 12 330 M M 1 15 330
15 82 69 76 -1 0 11 0.31 M M 3.5 20 210 M M 4 13 32 200
16 84 67 76 -1 0 11 0.00 M M 5.0 10 230 M M 3 18 15 320
17 84 67 76 -1 0 11 0.05 M M 6.7 15 230 M M 3 138 23 220
18 87 64 76 -1 0 11 0.85 M M 7.3 25 230 M M 5 13 35 230
19 82 70 76 -1 0 11 0.00 M M 5.4 15 230 M M 9 1 21 220
20 84 71 78 1 0 13 0.00 M M 5.1 16 230 M M 6 22 220
21 83 67 75 -2 0 10 0.00 M M 4.9 12 320 M M 1 18 19 310
22 84 64 74 -3 0 9 0.00 M M 3.4 12 330 M M 2 16 340
23 84 60 72 -5 0 7 0.00 M M 2.8 12 240 M M 0 16 260
24 87 64 76 -1 0 11 0.81 M M 6.7 28 180 M M 2 13 39 180
25 88 63 76 -1 0 11 0.00 M M 1.9 9 230 M M 0 1 12 210
26 90 72 81 4 0 16 0.00 M M 9.3 16 190 M M 1 23 240
27 92 76 84 7 0 19 T M M 9.0 18 230 M M 2 3 25 200
28 93 73 83 6 0 18 T M M 7.1 18 100 M M 2 3 25 90
29 91 74 83 6 0 18 T M M 7.1 18 340 M M 1 27 340
30 90 69 80 3 0 15 0.00 M M 4.1 14 320 M M 2 3 19 320
31 86 65 76 -1 0 11 0.00 M M 4.0 12 360 M M 2 18 360
================================================================================
SM 2669 2079 0 369 3.67 M 157.0 M 76
================================================================================
AV 86.1 67.1 5.1 FASTST M M 2 MAX(MPH)
MISC ----> 28 180 39 180
================================================================================
NOTES:
# LAST OF SEVERAL OCCURRENCES
COLUMN 17 PEAK WIND IN M.P.H.
PRELIMINARY LOCAL CLIMATOLOGICAL DATA (WS FORM: F-6) , PAGE 2
STATION: FRANKFORT KY
MONTH: JULY
YEAR: 2023
LATITUDE: 38 10 N
LONGITUDE: 84 54 W
[TEMPERATURE DATA] [PRECIPITATION DATA] SYMBOLS USED IN COLUMN 16
AVERAGE MONTHLY: 76.6 TOTAL FOR MONTH: 3.67 1 = FOG OR MIST
DPTR FM NORMAL: -0.6 DPTR FM NORMAL: -1.02 2 = FOG REDUCING VISIBILITY
HIGHEST: 93 ON 28 GRTST 24HR 0.89 ON 1- 2 TO 1/4 MILE OR LESS
LOWEST: 57 ON 10 3 = THUNDER
SNOW, ICE PELLETS, HAIL 4 = ICE PELLETS
TOTAL MONTH: M 5 = HAIL
GRTST 24HR M ON M 6 = FREEZING RAIN OR DRIZZLE
GRTST DEPTH: M ON M 7 = DUSTSTORM OR SANDSTORM:
VSBY 1/2 MILE OR LESS
8 = SMOKE OR HAZE
[NO. OF DAYS WITH] [WEATHER - DAYS WITH] 9 = BLOWING SNOW
X = TORNADO
MAX 32 OR BELOW: 0 0.01 INCH OR MORE: 9
MAX 90 OR ABOVE: 6 0.10 INCH OR MORE: 6
MIN 32 OR BELOW: 0 0.50 INCH OR MORE: 5
MIN 0 OR BELOW: 0 1.00 INCH OR MORE: 0
[HDD (BASE 65) ]
TOTAL THIS MO. 0 CLEAR (SCALE 0-3) 24
DPTR FM NORMAL 0 PTCLDY (SCALE 4-7) 6
TOTAL FM JUL 1 0 CLOUDY (SCALE 8-10) 1
DPTR FM NORMAL 0
[CDD (BASE 65) ]
TOTAL THIS MO. 369
DPTR FM NORMAL -9 [PRESSURE DATA]
TOTAL FM JAN 1 615 HIGHEST SLP M ON M
DPTR FM NORMAL -171 LOWEST SLP 29.78 ON 2
[REMARKS]
#FINAL-07-23#