000
CXUS53 KMKX 180810
CF6FLD
PRELIMINARY LOCAL CLIMATOLOGICAL DATA (WS FORM: F-6)
STATION: FOND_DU_LAC WI
MONTH: APRIL
YEAR: 2024
LATITUDE: 43 46 N
LONGITUDE: 88 29 W
TEMPERATURE IN F: :PCPN: SNOW: WIND :SUNSHINE: SKY :PK WND
================================================================================
1 2 3 4 5 6A 6B 7 8 9 10 11 12 13 14 15 16 17 18
12Z AVG MX 2MIN
DY MAX MIN AVG DEP HDD CDD WTR SNW DPTH SPD SPD DIR MIN PSBL S-S WX SPD DR
================================================================================
1 43 32 38 -2 27 0 0.36 M M 10.9 20 40 M M 6 1 25 40
2 38 34 36 -4 29 0 0.83 M M 18.0 31 360 M M 10 12 46 10
3 37 34 36 -4 29 0 0.04 M M 17.7 30 360 M M 10 1 41 360
4 43 34 39 -2 26 0 0.03 M M 13.2 24 360 M M 10 1 32 10
5 51 32 42 1 23 0 0.00 M M 6.9 17 20 M M 1 23 40
6 56 28 42 0 23 0 0.00 M M 5.3 14 90 M M 0 19 110
7 51 30 41 -1 24 0 0.06 M M 11.7 23 130 M M 5 34 130
8 63 43 53 11 12 0 0.00 M M 11.1 24 210 M M 2 36 200
9 62 37 50 7 15 0 0.00 M M 8.3 24 300 M M 4 32 280
10 71 42 57 14 8 0 0.00 M M 7.6 16 280 M M 4 21 210
11 61 45 53 9 12 0 0.02 M M 4.2 14 30 M M 7 16 30
12 63 39 51 7 14 0 0.03 M M 14.4 36 310 M M 4 3 47 310
13 70 39 55 11 10 0 0.00 M M 10.1 22 200 M M 0 32 210
14 80 49 65 20 0 0 0.00 M M 9.5 20 320 M M 0 39 40
15 72 40 56 11 9 0 0.00 M M 7.0 16 80 M M 0 23 40
16 65 46 56 10 9 0 0.28 M M 15.6 32 120 M M 4 13 48 130
17 65 48 57 11 8 0 0.13 M M 16.5 29 280 M M 9 1 38 270
================================================================================
SM 991 652 278 0 1.78 M 188.0 M 76
================================================================================
AV 58.3 38.4 11.1 FASTST M M 4 MAX(MPH)
MISC ----> 36 310 48 130
================================================================================
NOTES:
# LAST OF SEVERAL OCCURRENCES
COLUMN 17 PEAK WIND IN M.P.H.
PRELIMINARY LOCAL CLIMATOLOGICAL DATA (WS FORM: F-6) , PAGE 2
STATION: FOND_DU_LAC WI
MONTH: APRIL
YEAR: 2024
LATITUDE: 43 46 N
LONGITUDE: 88 29 W
[TEMPERATURE DATA] [PRECIPITATION DATA] SYMBOLS USED IN COLUMN 16
AVERAGE MONTHLY: 48.3 TOTAL FOR MONTH: 1.78 1 = FOG OR MIST
DPTR FM NORMAL: 5.5 DPTR FM NORMAL: 0.33 2 = FOG REDUCING VISIBILITY
HIGHEST: 80 ON 14 GRTST 24HR 1.09 ON 1- 2 TO 1/4 MILE OR LESS
LOWEST: 28 ON 6 3 = THUNDER
SNOW, ICE PELLETS, HAIL 4 = ICE PELLETS
TOTAL MONTH: M 5 = HAIL
GRTST 24HR M ON M 6 = FREEZING RAIN OR DRIZZLE
GRTST DEPTH: M ON M 7 = DUSTSTORM OR SANDSTORM:
VSBY 1/2 MILE OR LESS
8 = SMOKE OR HAZE
[NO. OF DAYS WITH] [WEATHER - DAYS WITH] 9 = BLOWING SNOW
X = TORNADO
MAX 32 OR BELOW: 0 0.01 INCH OR MORE: 9
MAX 90 OR ABOVE: 0 0.10 INCH OR MORE: 4
MIN 32 OR BELOW: 4 0.50 INCH OR MORE: 1
MIN 0 OR BELOW: 0 1.00 INCH OR MORE: 0
[HDD (BASE 65) ]
TOTAL THIS MO. 278 CLEAR (SCALE 0-3) 6
DPTR FM NORMAL -98 PTCLDY (SCALE 4-7) 7
TOTAL FM JUL 1 5269 CLOUDY (SCALE 8-10) 4
DPTR FM NORMAL -1475
[CDD (BASE 65) ]
TOTAL THIS MO. 0
DPTR FM NORMAL 0 [PRESSURE DATA]
TOTAL FM JAN 1 0 HIGHEST SLP M ON M
DPTR FM NORMAL -1 LOWEST SLP 29.17 ON 3
[REMARKS]