000
CXUS53 KMKX 010910
CF6FLD
PRELIMINARY LOCAL CLIMATOLOGICAL DATA (WS FORM: F-6)
STATION: FOND_DU_LAC WI
MONTH: NOVEMBER
YEAR: 2022
LATITUDE: 43 46 N
LONGITUDE: 88 29 W
TEMPERATURE IN F: :PCPN: SNOW: WIND :SUNSHINE: SKY :PK WND
================================================================================
1 2 3 4 5 6A 6B 7 8 9 10 11 12 13 14 15 16 17 18
12Z AVG MX 2MIN
DY MAX MIN AVG DEP HDD CDD WTR SNW DPTH SPD SPD DIR MIN PSBL S-S WX SPD DR
================================================================================
1 73 39 56 13 9 0 0.00 M M 6.7 14 200 M M 0 18 210
2 73 45 59 17 6 0 0.00 M M 9.3 18 190 M M 0 24 190
3 73 54 64 22 1 0 T M M 15.4 28 190 M M 1 36 190
4 66 50 58 16 7 0 1.11 M M 10.3 21 190 M M 6 13 28 190
5 62 43 53 12 12 0 0.78 M M 15.6 40 190 M M 9 1 59 170
6 57 41 49 8 16 0 T M M 12.8 22 200 M M 0 32 200
7 47 35 41 1 24 0 0.00 M M 8.1 17 300 M M 0 24 260
8 50 37 44 4 21 0 0.00 M M 10.1 18 120 M M 0 26 160
9 66 47 57 18 8 0 0.00 M M 14.2 22 190 M M 5 31 180
10 73 49 61 22 4 0 0.23 M M 16.0 24 270 M M 6 1 43 270
11 49 31 40 1 25 0 0.06 M M 13.4 22 300 M M 10 29 290
12 38 29 34 -4 31 0 T M M 11.3 18 320 M M 8 24 320
13 34 25 30 -8 35 0 0.00 M M 6.1 14 320 M M 9 18 310
14 37 20 29 -8 36 0 0.00 M M 3.1 12 190 M M 5 15 190
15 35 31 33 -4 32 0 0.07 M M 7.0 13 20 M M 10 1 16 60
16 35 29 32 -4 33 0 T M M 8.0 14 30 M M 9 1 19 320
17 31 23 27 -9 38 0 0.01 M M 10.1 20 290 M M 9 18 26 280
18 27 18 23 -13 42 0 T M M 13.3 22 270 M M 9 35 240
19 26 13 20 -15 45 0 T M M 15.1 29 290 M M 6 8 40 310
20 31 10 21 -14 44 0 0.00 M M 11.5 20 200 M M 2 29 210
21 39 22 31 -3 34 0 0.00 M M 10.0 21 210 M M 0 30 200
22 39 19 29 -5 36 0 0.00 M M 3.0 13 270 M M 1 17 260
23 51 21 36 2 29 0 T M M 4.0 10 190 M M 0 13 200
24 52 37 45 12 20 0 T M M 9.6 21 320 M M 5 28 310
25 50 30 40 7 25 0 0.00 M M 7.3 15 300 M M 1 22 300
26 54 37 46 14 19 0 T M M 13.1 23 210 M M 0 33 200
27 43 23 33 1 32 0 0.00 M M 7.9 21 10 M M 4 28 10
28 44 18 31 -1 34 0 0.00 M M 8.3 18 170 M M 2 24 190
29 52 29 41 10 24 0 0.12 M M 15.9 29 280 M M 9 1 41 280
30 29 18 24 -7 41 0 T M M 17.4 26 270 M M 7 40 290
================================================================================
SM 1436 923 763 0 2.38 M 313.9 M 133
================================================================================
AV 47.9 30.8 10.5 FASTST M M 4 MAX(MPH)
MISC ----> 40 190 59 170
================================================================================
NOTES:
# LAST OF SEVERAL OCCURRENCES
COLUMN 17 PEAK WIND IN M.P.H.
PRELIMINARY LOCAL CLIMATOLOGICAL DATA (WS FORM: F-6) , PAGE 2
STATION: FOND_DU_LAC WI
MONTH: NOVEMBER
YEAR: 2022
LATITUDE: 43 46 N
LONGITUDE: 88 29 W
[TEMPERATURE DATA] [PRECIPITATION DATA] SYMBOLS USED IN COLUMN 16
AVERAGE MONTHLY: 39.3 TOTAL FOR MONTH: 2.38 1 = FOG OR MIST
DPTR FM NORMAL: 2.6 DPTR FM NORMAL: 0.54 2 = FOG REDUCING VISIBILITY
HIGHEST: 73 ON 10, 3 GRTST 24HR 1.83 ON 4- 5 TO 1/4 MILE OR LESS
LOWEST: 10 ON 20 3 = THUNDER
SNOW, ICE PELLETS, HAIL 4 = ICE PELLETS
TOTAL MONTH: M 5 = HAIL
GRTST 24HR M ON M 6 = FREEZING RAIN OR DRIZZLE
GRTST DEPTH: M ON M 7 = DUSTSTORM OR SANDSTORM:
VSBY 1/2 MILE OR LESS
8 = SMOKE OR HAZE
[NO. OF DAYS WITH] [WEATHER - DAYS WITH] 9 = BLOWING SNOW
X = TORNADO
MAX 32 OR BELOW: 5 0.01 INCH OR MORE: 7
MAX 90 OR ABOVE: 0 0.10 INCH OR MORE: 4
MIN 32 OR BELOW: 18 0.50 INCH OR MORE: 2
MIN 0 OR BELOW: 0 1.00 INCH OR MORE: 1
[HDD (BASE 65) ]
TOTAL THIS MO. 763 CLEAR (SCALE 0-3) 13
DPTR FM NORMAL -86 PTCLDY (SCALE 4-7) 8
TOTAL FM JUL 1 1355 CLOUDY (SCALE 8-10) 9
DPTR FM NORMAL -161
[CDD (BASE 65) ]
TOTAL THIS MO. 0
DPTR FM NORMAL 0 [PRESSURE DATA]
TOTAL FM JAN 1 739 HIGHEST SLP 30.71 ON 8
DPTR FM NORMAL 156 LOWEST SLP 29.22 ON 5
[REMARKS]
#FINAL-11-22#