687
CXUS56 KFGZ 010900
CF6FLG
PRELIMINARY LOCAL CLIMATOLOGICAL DATA (WS FORM: F-6)
STATION: FLAGSTAFF AZ AIRPORT
MONTH: OCTOBER
YEAR: 2020
LATITUDE: 35 7 N
LONGITUDE: 111 40 W
TEMPERATURE IN F: :PCPN: SNOW: WIND :SUNSHINE: SKY :PK WND
================================================================================
1 2 3 4 5 6A 6B 7 8 9 10 11 12 13 14 15 16 17 18
12Z AVG MX 2MIN
DY MAX MIN AVG DEP HDD CDD WTR SNW DPTH SPD SPD DIR MIN PSBL S-S WX SPD DR
================================================================================
1 81 33 57 5 8 0 0.00 0.0 0 M M M M M M M M
2 83 29 56 4 9 0 0.00 0.0 0 M M M M M M M M
3 80 30 55 4 10 0 0.00 0.0 0 4.3 13 70 M M 0 21 70
4 80 31 56 5 9 0 0.00 0.0 0 3.9 22 230 M M 0 28 210
5 80 40 60 10 5 0 0.00 0.0 0 5.1 18 230 M M 0 26 200
6 79 32 56 6 9 0 0.00 0.0 0 2.6 16 220 M M 0 22 220
7 77 33 55 5 10 0 0.00 0.0 0 3.6 21 210 M M 0 8 26 220
8 73 36 55 6 10 0 0.00 0.0 0 4.9 21 210 M M 0 27 220
9 73 37 55 6 10 0 0.00 0.0 0 4.9 16 220 M M 0 23 190
10 70 36 53 4 12 0 0.00 0.0 0 8.1 26 220 M M 0 30 230
11 72 37 55 7 10 0 0.00 0.0 0 7.0 24 240 M M 0 32 230
12 77 29 53 5 12 0 0.00 0.0 0 2.6 15 80 M M 0 19 80
13 79 30 55 7 10 0 0.00 0.0 0 3.7 22 210 M M 0 27 210
14 81 39 60 13 5 0 0.00 0.0 0 6.1 14 340 M M 0 21 240
15 81 47 64 17 1 0 0.00 0.0 0 7.0 15 80 M M 0 22 60
16 75 37 56 9 9 0 0.00 0.0 0 5.9 16 40 M M 0 8 24 40
17 77 30 54 8 11 0 0.00 0.0 0 3.9 16 250 M M 0 22 230
18 75 37 56 10 9 0 0.00 0.0 0 7.0 21 220 M M 0 29 210
19 75 33 54 8 11 0 0.00 0.0 0 4.2 20 210 M M 0 25 220
20 75 36 56 11 9 0 0.00 0.0 0 4.2 16 230 M M 0 20 240
21 70 30 50 5 15 0 0.00 0.0 0 4.7 21 220 M M 0 25 230
22 70 35 53 8 12 0 0.00 0.0 0 8.2 22 220 M M 0 29 220
23 67 31 49 5 16 0 0.00 0.0 0 6.6 22 210 M M 0 30 210
24 66 37 52 8 13 0 0.00 0.0 0 10.9 24 230 M M 0 32 220
25 60 38 49 5 16 0 0.04 0.0 0 19.4 43 220 M M 4 57 220
26 38 20 29 -15 36 0 0.01 T T 16.0 31 40 M M 4 1 41 40
27 44 19 32 -11 33 0 0.00 0.0 0 13.1 33 60 M M 0 46 60
28 58 16 37 -6 28 0 0.00 0.0 0 6.1 24 80 M M 0 35 80
29 62 22 42 -1 23 0 0.00 0.0 0 3.9 13 60 M M 0 18 80
30 65 24 45 3 20 0 0.00 0.0 0 3.2 15 200 M M 0 20 210
31 64 24 44 2 21 0 0.00 0.0 0 2.7 14 80 M M 0 19 110
================================================================================
SM 2207 988 412 0 0.05 T 183.8 M 8
================================================================================
AV 71.2 31.9 6.3 FASTST M M 0 MAX(MPH)
MISC ----> # 43 220 # 57 220
================================================================================
NOTES:
# LAST OF SEVERAL OCCURRENCES
COLUMN 17 PEAK WIND IN M.P.H.
PRELIMINARY LOCAL CLIMATOLOGICAL DATA (WS FORM: F-6) , PAGE 2
STATION: FLAGSTAFF AZ AIRPORT
MONTH: OCTOBER
YEAR: 2020
LATITUDE: 35 7 N
LONGITUDE: 111 40 W
[TEMPERATURE DATA] [PRECIPITATION DATA] SYMBOLS USED IN COLUMN 16
AVERAGE MONTHLY: 51.5 TOTAL FOR MONTH: 0.05 1 = FOG OR MIST
DPTR FM NORMAL: 4.7 DPTR FM NORMAL: -1.61 2 = FOG REDUCING VISIBILITY
HIGHEST: 83 ON 2 GRTST 24HR 0.04 ON 25-25 TO 1/4 MILE OR LESS
LOWEST: 16 ON 28 3 = THUNDER
SNOW, ICE PELLETS, HAIL 4 = ICE PELLETS
TOTAL MONTH: T 5 = HAIL
GRTST 24HR T ON 26-26 6 = FREEZING RAIN OR DRIZZLE
GRTST DEPTH: T 7 = DUSTSTORM OR SANDSTORM:
VSBY 1/2 MILE OR LESS
8 = SMOKE OR HAZE
[NO. OF DAYS WITH] [WEATHER - DAYS WITH] 9 = BLOWING SNOW
X = TORNADO
MAX 32 OR BELOW: 0 0.01 INCH OR MORE: 2
MAX 90 OR ABOVE: 0 0.10 INCH OR MORE: 0
MIN 32 OR BELOW: 15 0.50 INCH OR MORE: 0
MIN 0 OR BELOW: 0 1.00 INCH OR MORE: 0
[HDD (BASE 65) ]
TOTAL THIS MO. 412 CLEAR (SCALE 0-3) 27
DPTR FM NORMAL -154 PTCLDY (SCALE 4-7) 2
TOTAL FM JUL 1 603 CLOUDY (SCALE 8-10) 0
DPTR FM NORMAL -280
[CDD (BASE 65) ]
TOTAL THIS MO. 0
DPTR FM NORMAL 0 [PRESSURE DATA]
TOTAL FM JAN 1 275 HIGHEST SLP M ON M
DPTR FM NORMAL 158 LOWEST SLP 29.53 ON 25
[REMARKS]
#FINAL-10-20#