000
CXUS54 KLZK 011130
CF6FLP
PRELIMINARY LOCAL CLIMATOLOGICAL DATA (WS FORM: F-6)
STATION: FLIPPIN
MONTH: SEPTEMBER
YEAR: 2021
LATITUDE: 36 17 N
LONGITUDE: 92 28 W
TEMPERATURE IN F: :PCPN: SNOW: WIND :SUNSHINE: SKY :PK WND
================================================================================
1 2 3 4 5 6A 6B 7 8 9 10 11 12 13 14 15 16 17 18
12Z AVG MX 2MIN
DY MAX MIN AVG DEP HDD CDD WTR SNW DPTH SPD SPD DIR MIN PSBL S-S WX SPD DR
================================================================================
1 90 69 80 M 0 15 M M M 3.0 8 20 M M 2 M M
2 87 65 76 M 0 11 0.00 M M 2.0 5 140 M M 3 M M
3 90 64 77 M 0 12 M M M 2.3 7 80 M M 1 M M
4 95 74 85 M 0 20 0.34 0.0 0 4.7 10 320 M M 5 1 M M
5 85 64 75 M 0 10 0.79 0.0 0 3.7 12 30 M M 5 1 M M
6 88 59 74 M 0 9 M M M 0.7 5 110 M M 1 12 M M
7 91 60 76 M 0 11 0.09 M M 2.8 7 99 M M 0 M M
8 86 59 73 M 0 8 0.02 M M 6.3 13 350 M M 2 23 350
9 87 53 70 M 0 5 0.00 0.0 M 0.9 7 320 M M 0 M M
10 90 58 74 M 0 9 0.00 0.0 0 2.3 7 210 M M 0 M M
11 89 62 76 M 0 11 M M M 3.0 9 210 M M 1 16 210
12 88 60 74 M 0 9 0.00 0.0 0 1.8 6 99 M M 0 M M
13 92 60 76 M 0 11 0.00 0.0 0 3.6 9 210 M M 2 M M
14 93 68 81 M 0 16 0.00 0.0 0 4.0 14 240 M M 2 M M
15 89 68 79 M 0 14 0.26 M M 3.5 8 50 M M 4 M M
16 86 64 75 M 0 10 M M M 2.1 8 120 M M 2 M M
17 91 65 78 M 0 13 M M M 2.8 10 30 M M 3 1 M M
18 87 67 77 M 0 12 M M M 3.5 8 30 M M 5 1 M M
19 84 68 76 M 0 11 M M M 3.0 8 110 M M 7 1 M M
20 92 68 80 M 0 15 M M M 4.2 8 180 M M 3 M M
21 77 57 67 M 0 2 1.39 M M 5.7 10 320 M M 6 13 18 330
22 75 51 63 M 2 0 M M M 5.4 12 320 M M 0 18 340
23 77 46 62 M 3 0 M M M 1.0 7 300 M M 0 M M
24 82 45 64 M 1 0 M M M 2.2 7 99 M M 0 M M
25 80 53 67 M 0 2 M M M 2.5 9 350 M M 0 M M
26 88 48 68 M 0 3 M M M 2.8 12 220 M M 0 M M
27 89 58 74 M 0 9 M M M 2.4 9 240 M M 0 M M
28 88 56 72 M 0 7 M M M 2.1 7 220 M M 1 M M
29 85 64 75 M 0 10 M M M 2.6 7 110 M M 3 1 M M
30 80 67 74 M 0 9 0.02 M M 2.9 8 120 M M 6 3 M M
================================================================================
SM 2601 1820 6 274 2.91 0.0 89.6 M 64
================================================================================
AV 86.7 60.7 3.0 FASTST M M 2 MAX(MPH)
MISC ----> 14 240 23 350
================================================================================
NOTES:
# LAST OF SEVERAL OCCURRENCES
COLUMN 17 PEAK WIND IN M.P.H.
PRELIMINARY LOCAL CLIMATOLOGICAL DATA (WS FORM: F-6) , PAGE 2
STATION: FLIPPIN
MONTH: SEPTEMBER
YEAR: 2021
LATITUDE: 36 17 N
LONGITUDE: 92 28 W
[TEMPERATURE DATA] [PRECIPITATION DATA] SYMBOLS USED IN COLUMN 16
AVERAGE MONTHLY: 73.7 TOTAL FOR MONTH: 2.91 1 = FOG OR MIST
DPTR FM NORMAL: 0.0 DPTR FM NORMAL: M 2 = FOG REDUCING VISIBILITY
HIGHEST: 95 ON 4 GRTST 24HR 1.39 ON 21-21 TO 1/4 MILE OR LESS
LOWEST: 45 ON 24 3 = THUNDER
SNOW, ICE PELLETS, HAIL 4 = ICE PELLETS
TOTAL MONTH: 0.0 INCH 5 = HAIL
GRTST 24HR 0.0 6 = FREEZING RAIN OR DRIZZLE
GRTST DEPTH: 0 7 = DUSTSTORM OR SANDSTORM:
VSBY 1/2 MILE OR LESS
8 = SMOKE OR HAZE
[NO. OF DAYS WITH] [WEATHER - DAYS WITH] 9 = BLOWING SNOW
X = TORNADO
MAX 32 OR BELOW: 0 0.01 INCH OR MORE: 7
MAX 90 OR ABOVE: 9 0.10 INCH OR MORE: 4
MIN 32 OR BELOW: 0 0.50 INCH OR MORE: 2
MIN 0 OR BELOW: 0 1.00 INCH OR MORE: 1
[HDD (BASE 65) ]
TOTAL THIS MO. 6 CLEAR (SCALE 0-3) 21
DPTR FM NORMAL M PTCLDY (SCALE 4-7) 9
TOTAL FM JUL 1 6 CLOUDY (SCALE 8-10) 0
DPTR FM NORMAL M
[CDD (BASE 65) ]
TOTAL THIS MO. 274
DPTR FM NORMAL M [PRESSURE DATA]
TOTAL FM JAN 1 1671 HIGHEST SLP 30.27 ON 22
DPTR FM NORMAL M LOWEST SLP 29.77 ON 1
[REMARKS]
#FINAL-09-21#