000
CXUS52 KTBW 020315
CLMFMY
CLIMATE REPORT
NATIONAL WEATHER SERVICE TAMPA BAY FL
1210 AM EDT WED AUG 02 2023
...................................
...THE FORT MYERS CLIMATE SUMMARY FOR THE MONTH OF JULY 2023...
CLIMATE NORMAL PERIOD: 1991 TO 2020
CLIMATE RECORD PERIOD: 1902 TO 2023
WEATHER OBSERVED NORMAL DEPART LAST YEAR`S
VALUE DATE(S) VALUE FROM VALUE DATE(S)
NORMAL
................................................................
TEMPERATURE (F)
ALL-TIME JULY RECORD
HIGH 101 07/20/1942
07/07/1942
LOW 66 07/25/1950
07/30/1928
JULY 2023
HIGHEST 98 07/13 MM MM 97 07/20
07/25
07/29
LOWEST 73 07/26 MM MM 73 07/01
AVG. MAXIMUM 94.1 91.6 2.5 93.6
AVG. MINIMUM 78.2 74.7 3.5 77.0
MEAN 86.1 83.2 2.9 85.3
DAYS MAX >= 90 30 24.6 5.4 30
DAYS MAX <= 32 0 0.0 0.0 0
DAYS MIN <= 32 0 0.0 0.0 0
DAYS MIN <= 0 0 0.0 0.0 0
PRECIPITATION (INCHES)
ALL-TIME JULY RECORD
MAXIMUM 15.28 1941
MINIMUM 2.28 1964
JULY 2023
TOTALS 4.24 9.38 -5.14 9.52
DAILY AVG. 0.14 0.30 -0.16 0.31
DAYS >= .01 11 18.5 -7.5 22
DAYS >= .10 8 13.1 -5.1 13
DAYS >= .50 2 6.4 -4.4 5
DAYS >= 1.00 1 3.1 -2.1 2
GREATEST
24 HR. TOTAL 1.64 07/26 TO 07/27
DEGREE DAYS
HEATING TOTAL 0 0 0 0
SINCE 7/1 0 0 0 MM
COOLING TOTAL 663 563 100 638
SINCE 1/1 2894 2211 683 MM
................................................................
WIND (MPH)
AVERAGE WIND SPEED 5.3
HIGHEST WIND SPEED/DIRECTION 43/100 DATE 07/26
HIGHEST GUST SPEED/DIRECTION 68/100 DATE 07/26
SKY COVER (DOES NOT INCLUDE ANY CLOUDS ABOVE 12000 FEET)
POSSIBLE SUNSHINE (PERCENT) MM
AVERAGE SKY COVER 0.16
NUMBER OF DAYS FAIR 28
NUMBER OF DAYS PC 0
NUMBER OF DAYS CLOUDY 0
AVERAGE RH (PERCENT) 73
WEATHER CONDITIONS. NUMBER OF DAYS WITH
THUNDERSTORM 24 MIXED PRECIP 0
HEAVY RAIN 7 RAIN 10
LIGHT RAIN 19 FREEZING RAIN 0
LT FREEZING RAIN 0 HAIL 0
HEAVY SNOW 0 SNOW 0
LIGHT SNOW 0 SLEET 0
FOG 7 FOG W/VIS <= 1/4 MILE 1
HAZE 3
- INDICATES NEGATIVE NUMBERS.
R INDICATES RECORD WAS SET OR TIED.
MM INDICATES DATA IS MISSING.
T INDICATES TRACE AMOUNT.
$$