000
CXUS53 KOAX 011233
CF6FNB
PRELIMINARY LOCAL CLIMATOLOGICAL DATA (WS FORM: F-6)
STATION: FALLS CITY NE
MONTH: APRIL
YEAR: 2023
LATITUDE: 40 4 N
LONGITUDE: 95 35 W
TEMPERATURE IN F: :PCPN: SNOW: WIND :SUNSHINE: SKY :PK WND
================================================================================
1 2 3 4 5 6A 6B 7 8 9 10 11 12 13 14 15 16 17 18
12Z AVG MX 2MIN
DY MAX MIN AVG DEP HDD CDD WTR SNW DPTH SPD SPD DIR MIN PSBL S-S WX SPD DR
================================================================================
1 60 34 47 -2 18 0 0.00 M M 15.3 37 290 M M 2 8 52 280
2 79 39 59 10 6 0 0.00 M M 10.3 25 220 M M 0 37 220
3 63 48 56 7 9 0 0.00 M M 12.7 22 40 M M 7 31 40
4 92 39 66 16 0 1 0.00 M M 17.2 31 210 M M 2 3 47 210
5 53 30 42 -8 23 0 0.00 M M 15.5 28 300 M M 2 35 300
6 60 17 39 -11 26 0 0.00 M M 5.3 13 160 M M 0 8 19 230
7 69 31 50 -1 15 0 0.00 M M 10.2 21 180 M M 0 8 31 170
8 71 37 54 3 11 0 0.00 M M 11.6 21 150 M M 0 32 140
9 76 37 57 6 8 0 0.00 M M 9.7 21 180 M M 1 8 32 190
10 74 52 63 11 2 0 0.18 M M 8.0 17 150 M M 4 3 26 150
11 82 43 63 11 2 0 0.00 M M 11.1 23 180 M M 0 1 34 180
12 85 56 71 19 0 6 0.00 M M 15.0 28 210 M M 0 40 170
13 83 50 67 15 0 2 0.00 M M 14.4 28 170 M M 0 38 170
14 84 53 69 16 0 4 0.31 M M 15.9 30 170 M M 1 13 41 170
15 57 42 50 -3 15 0 0.65 M M 14.8 31 70 M M 10 13 44 330
16 59 37 48 -5 17 0 0.00 M M 19.0 35 310 M M 5 50 300
17 68 31 50 -4 15 0 0.00 M M 7.3 15 300 M M 0 17 310
18 80 46 63 9 2 0 0.00 M M 14.5 30 160 M M 1 39 170
19 80 62 71 17 0 6 0.24 M M 15.0 29 160 M M 8 38 43 170
20 67 42 55 0 10 0 0.93 M M 12.8 37 310 M M 6 13 52 300
21 53 35 44 -11 21 0 0.00 M M 13.8 29 270 M M 2 39 260
22 48 32 40 -15 25 0 0.00 M M 12.1 24 320 M M 6 38 320
23 57 27 42 -14 23 0 0.00 M M 5.7 15 290 M M 2 8 22 320
24 70 37 54 -2 11 0 0.00 M M 10.6 23 220 M M 4 32 210
25 67 39 53 -3 12 0 0.00 M M 5.3 12 120 M M 3 8 18 240
26 68 43 56 0 9 0 0.00 M M 8.9 17 100 M M 1 23 60
27 70 38 54 -3 11 0 0.00 M M 4.8 15 190 M M 5 24 130
28 65 50 58 1 7 0 T M M 10.2 22 320 M M 10 29 320
29 75 36 56 -2 9 0 0.00 M M 13.0 32 320 M M 2 47 340
30 60 41 51 -7 14 0 0.00 M M 17.7 33 310 M M 1 48 310
================================================================================
SM 2075 1204 321 19 2.31 M 357.7 M 85
================================================================================
AV 69.2 40.1 11.9 FASTST M M 3 MAX(MPH)
MISC ----> # 37 290 # 52 280
================================================================================
NOTES:
# LAST OF SEVERAL OCCURRENCES
COLUMN 17 PEAK WIND IN M.P.H.
PRELIMINARY LOCAL CLIMATOLOGICAL DATA (WS FORM: F-6) , PAGE 2
STATION: FALLS CITY NE
MONTH: APRIL
YEAR: 2023
LATITUDE: 40 4 N
LONGITUDE: 95 35 W
[TEMPERATURE DATA] [PRECIPITATION DATA] SYMBOLS USED IN COLUMN 16
AVERAGE MONTHLY: 54.7 TOTAL FOR MONTH: 2.31 1 = FOG OR MIST
DPTR FM NORMAL: 1.4 DPTR FM NORMAL: -1.20 2 = FOG REDUCING VISIBILITY
HIGHEST: 92 ON 4 GRTST 24HR 1.17 ON 19-20 TO 1/4 MILE OR LESS
LOWEST: 17 ON 6 3 = THUNDER
SNOW, ICE PELLETS, HAIL 4 = ICE PELLETS
TOTAL MONTH: M 5 = HAIL
GRTST 24HR M ON M 6 = FREEZING RAIN OR DRIZZLE
GRTST DEPTH: M ON M 7 = DUSTSTORM OR SANDSTORM:
VSBY 1/2 MILE OR LESS
8 = SMOKE OR HAZE
[NO. OF DAYS WITH] [WEATHER - DAYS WITH] 9 = BLOWING SNOW
X = TORNADO
MAX 32 OR BELOW: 0 0.01 INCH OR MORE: 5
MAX 90 OR ABOVE: 1 0.10 INCH OR MORE: 5
MIN 32 OR BELOW: 6 0.50 INCH OR MORE: 2
MIN 0 OR BELOW: 0 1.00 INCH OR MORE: 0
[HDD (BASE 65) ]
TOTAL THIS MO. 321 CLEAR (SCALE 0-3) 20
DPTR FM NORMAL -46 PTCLDY (SCALE 4-7) 8
TOTAL FM JUL 1 5215 CLOUDY (SCALE 8-10) 2
DPTR FM NORMAL -192
[CDD (BASE 65) ]
TOTAL THIS MO. 19
DPTR FM NORMAL 4 [PRESSURE DATA]
TOTAL FM JAN 1 19 HIGHEST SLP 30.49 ON 6
DPTR FM NORMAL 1 LOWEST SLP 29.19 ON 4
[REMARKS]
#FINAL-04-23#