000
CXUS53 KOAX 011548
CF6FNB
PRELIMINARY LOCAL CLIMATOLOGICAL DATA (WS FORM: F-6)
STATION: FALLS CITY NE
MONTH: JUNE
YEAR: 2021
LATITUDE: 40 4 N
LONGITUDE: 95 35 W
TEMPERATURE IN F: :PCPN: SNOW: WIND :SUNSHINE: SKY :PK WND
================================================================================
1 2 3 4 5 6A 6B 7 8 9 10 11 12 13 14 15 16 17 18
12Z AVG MX 2MIN
DY MAX MIN AVG DEP HDD CDD WTR SNW DPTH SPD SPD DIR MIN PSBL S-S WX SPD DR
================================================================================
1 75 50 63 -7 2 0 0.00 M M 3.1 12 110 M M 5 128 15 100
2 80 51 66 -4 0 1 0.00 M M 3.4 15 140 M M 3 1 22 140
3 85 53 69 -2 0 4 0.00 M M 4.4 12 180 M M 1 1 16 230
4 92 58 75 4 0 10 0.00 M M 7.0 16 190 M M 0 23 180
5 92 67 80 9 0 15 0.00 M M 11.5 20 200 M M 1 28 180
6 86 62 74 2 0 9 0.00 M M 9.3 20 170 M M 3 1 26 160
7 90 65 78 6 0 13 0.00 M M 7.4 15 160 M M 1 8 21 180
8 91 65 78 6 0 13 1.04 M M 3.8 20 110 M M 2 1 27 110
9 93 67 80 8 0 15 0.00 M M 3.8 13 110 M M 1 1 19 130
10 94 70 82 9 0 17 0.00 M M 5.2 15 160 M M 2 8 21 160
11 87 70 79 6 0 14 0.19 M M 7.7 39 360 M M 3 13 57 10
12 87 64 76 3 0 11 0.00 M M 6.3 16 30 M M 1 23 20
13 93 58 76 3 0 11 0.00 M M 2.5 9 90 M M 0 13 110
14 96 60 78 4 0 13 0.00 M M 3.7 10 80 M M 0 8 13 90
15 92 69 81 7 0 16 0.00 M M 6.5 13 70 M M 1 20 100
16 96 70 83 9 0 18 0.00 M M 7.8 15 150 M M 3 3 20 140
17 100 74 87 13 0 22 0.13 M M 11.5 21 200 M M 0 3 32 200
18 96 73 85 11 0 20 0.01 M M 6.6 26 200 M M 0 38 43 200
19 93 75 84 9 0 19 0.00 M M 6.8 14 80 M M 1 8 19 20
20 91 67 79 4 0 14 0.26 M M 10.7 23 350 M M 3 3 39 320
21 78 61 70 -5 0 5 0.00 M M 8.2 18 360 M M 1 30 360
22 90 54 72 -3 0 7 T M M 12.0 24 190 M M 0 33 180
23 89 69 79 4 0 14 0.00 M M 13.9 24 180 M M 0 8 35 180
24 85 68 77 1 0 12 5.45 M M 10.9 28 170 M M 6 13 43 170
25 87 69 78 2 0 13 0.45 M M 8.1 17 160 M M 4 13 23 160
26 80 64 72 -4 0 7 1.58 M M 9.2 20 300 M M 7 1 27 300
27 80 63 72 -4 0 7 0.02 M M 4.7 10 150 M M 3 1 14 180
28 82 66 74 -2 0 9 0.00 M M 4.0 12 150 M M 1 1 17 160
29 81 71 76 0 0 11 0.01 M M 4.6 12 150 M M 6 16 190
30 81 68 75 -1 0 10 0.01 M M 2.0 13 140 M M 5 128 17 140
================================================================================
SM 2642 1941 2 350 9.15 M 206.6 M 64
================================================================================
AV 88.1 64.7 6.9 FASTST M M 2 MAX(MPH)
MISC ----> 39 360 57 10
================================================================================
NOTES:
# LAST OF SEVERAL OCCURRENCES
COLUMN 17 PEAK WIND IN M.P.H.
PRELIMINARY LOCAL CLIMATOLOGICAL DATA (WS FORM: F-6) , PAGE 2
STATION: FALLS CITY NE
MONTH: JUNE
YEAR: 2021
LATITUDE: 40 4 N
LONGITUDE: 95 35 W
[TEMPERATURE DATA] [PRECIPITATION DATA] SYMBOLS USED IN COLUMN 16
AVERAGE MONTHLY: 76.4 TOTAL FOR MONTH: 9.15 1 = FOG OR MIST
DPTR FM NORMAL: 2.7 DPTR FM NORMAL: 4.32 2 = FOG REDUCING VISIBILITY
HIGHEST: 100 ON 17 GRTST 24HR 5.76 ON 24-25 TO 1/4 MILE OR LESS
LOWEST: 50 ON 1 3 = THUNDER
SNOW, ICE PELLETS, HAIL 4 = ICE PELLETS
TOTAL MONTH: M 5 = HAIL
GRTST 24HR M ON M 6 = FREEZING RAIN OR DRIZZLE
GRTST DEPTH: M ON M 7 = DUSTSTORM OR SANDSTORM:
VSBY 1/2 MILE OR LESS
8 = SMOKE OR HAZE
[NO. OF DAYS WITH] [WEATHER - DAYS WITH] 9 = BLOWING SNOW
X = TORNADO
MAX 32 OR BELOW: 0 0.01 INCH OR MORE: 11
MAX 90 OR ABOVE: 15 0.10 INCH OR MORE: 7
MIN 32 OR BELOW: 0 0.50 INCH OR MORE: 3
MIN 0 OR BELOW: 0 1.00 INCH OR MORE: 3
[HDD (BASE 65) ]
TOTAL THIS MO. 2 CLEAR (SCALE 0-3) 22
DPTR FM NORMAL -8 PTCLDY (SCALE 4-7) 8
TOTAL FM JUL 1 5411 CLOUDY (SCALE 8-10) 0
DPTR FM NORMAL -127
[CDD (BASE 65) ]
TOTAL THIS MO. 350
DPTR FM NORMAL 80 [PRESSURE DATA]
TOTAL FM JAN 1 454 HIGHEST SLP 30.20 ON 1
DPTR FM NORMAL 73 LOWEST SLP 29.54 ON 20
[REMARKS]
#FINAL-06-21#