000
CXUS53 KOAX 011030
CF6FNB
PRELIMINARY LOCAL CLIMATOLOGICAL DATA (WS FORM: F-6)
STATION: FALLS CITY NE
MONTH: JANUARY
YEAR: 2021
LATITUDE: 40 4 N
LONGITUDE: 95 35 W
TEMPERATURE IN F: :PCPN: SNOW: WIND :SUNSHINE: SKY :PK WND
================================================================================
1 2 3 4 5 6A 6B 7 8 9 10 11 12 13 14 15 16 17 18
12Z AVG MX 2MIN
DY MAX MIN AVG DEP HDD CDD WTR SNW DPTH SPD SPD DIR MIN PSBL S-S WX SPD DR
================================================================================
1 29 22 26 -1 39 0 0.00 M M 7.9 13 80 M M 6 1 17 350
2 33 21 27 1 38 0 0.00 M M 2.6 8 320 M M 0 128 10 310
3 42 19 31 5 34 0 0.00 M M 7.4 13 160 M M 1 12 17 150
4 45 30 38 12 27 0 0.00 M M 8.1 20 320 M M 4 1 28 330
5 49 23 36 10 29 0 0.00 M M 8.0 20 150 M M 2 27 150
6 39 33 36 10 29 0 0.15 M M 7.5 12 130 M M 8 1 20 140
7 37 28 33 7 32 0 0.03 M M 7.9 15 80 M M 7 1 19 70
8 37 23 30 4 35 0 0.00 M M 4.5 10 320 M M 5 18 13 330
9 31 27 29 3 36 0 0.00 M M 6.8 10 310 M M 10 18 15 320
10 34 25 30 4 35 0 0.00 M M 5.4 14 320 M M 10 18 19 320
11 49 25 37 11 28 0 0.00 M M 9.5 21 230 M M 1 28 240
12 57 25 41 15 24 0 0.00 M M 5.0 15 230 M M 0 20 240
13 54 30 42 16 23 0 0.00 M M 6.4 16 220 M M 0 22 230
14 49 35 42 16 23 0 T M M 21.9 43 300 M M 8 8 56 330
15 35 30 33 7 32 0 0.01 M M 25.2 38 310 M M 10 1 55 310
16 36 21 29 3 36 0 0.00 M M 10.9 23 320 M M 7 34 330
17 42 21 32 6 33 0 0.00 M M 9.3 24 320 M M 4 33 320
18 44 22 33 7 32 0 0.00 M M 4.5 14 30 M M 5 1 18 40
19 46 21 34 8 31 0 0.00 M M 11.0 28 310 M M 3 1 40 310
20 57 20 39 13 26 0 0.00 M M 12.0 35 220 M M 0 49 220
21 56 23 40 14 25 0 0.00 M M 5.9 17 350 M M 1 24 340
22 30 18 24 -2 41 0 0.00 M M 6.5 16 10 M M 4 27 360
23 35 18 27 1 38 0 0.00 M M 8.0 20 150 M M 7 26 140
24 38 31 35 8 30 0 T M M 6.9 15 350 M M 10 22 350
25 33 24 29 2 36 0 0.66 M M 12.1 22 80 M M 10 126 32 30
26 24 18 21 -6 44 0 T M M 9.3 17 10 M M 9 1 24 360
27 25 17 21 -6 44 0 0.08 M M 4.8 13 20 M M 10 1 16 20
28 30 17 24 -3 41 0 0.00 M M 7.3 17 170 M M 7 25 180
29 40 20 30 3 35 0 0.00 M M 8.4 15 170 M M 0 1 21 170
30 41 33 37 10 28 0 0.39 M M 10.1 24 320 M M 6 1 35 340
31 33 28 31 4 34 0 0.00 M M 16.7 24 320 M M 10 18 36 330
================================================================================
SM 1230 748 1018 0 1.32 M 277.8 M 165
================================================================================
AV 39.7 24.1 9.0 FASTST M M 5 MAX(MPH)
MISC ----> 43 300 56 330
================================================================================
NOTES:
# LAST OF SEVERAL OCCURRENCES
COLUMN 17 PEAK WIND IN M.P.H.
PRELIMINARY LOCAL CLIMATOLOGICAL DATA (WS FORM: F-6) , PAGE 2
STATION: FALLS CITY NE
MONTH: JANUARY
YEAR: 2021
LATITUDE: 40 4 N
LONGITUDE: 95 35 W
[TEMPERATURE DATA] [PRECIPITATION DATA] SYMBOLS USED IN COLUMN 16
AVERAGE MONTHLY: 31.9 TOTAL FOR MONTH: 1.32 1 = FOG OR MIST
DPTR FM NORMAL: 5.4 DPTR FM NORMAL: 0.67 2 = FOG REDUCING VISIBILITY
HIGHEST: 57 ON 20,12 GRTST 24HR 1.13 ON 25-25 TO 1/4 MILE OR LESS
LOWEST: 17 ON 27,28 3 = THUNDER
SNOW, ICE PELLETS, HAIL 4 = ICE PELLETS
TOTAL MONTH: M 5 = HAIL
GRTST 24HR M ON M 6 = FREEZING RAIN OR DRIZZLE
GRTST DEPTH: M ON M 7 = DUSTSTORM OR SANDSTORM:
VSBY 1/2 MILE OR LESS
8 = SMOKE OR HAZE
[NO. OF DAYS WITH] [WEATHER - DAYS WITH] 9 = BLOWING SNOW
X = TORNADO
MAX 32 OR BELOW: 6 0.01 INCH OR MORE: 6
MAX 90 OR ABOVE: 0 0.10 INCH OR MORE: 3
MIN 32 OR BELOW: 28 0.50 INCH OR MORE: 1
MIN 0 OR BELOW: 0 1.00 INCH OR MORE: 0
[HDD (BASE 65) ]
TOTAL THIS MO. 1018 CLEAR (SCALE 0-3) 9
DPTR FM NORMAL -175 PTCLDY (SCALE 4-7) 13
TOTAL FM JUL 1 3091 CLOUDY (SCALE 8-10) 9
DPTR FM NORMAL -372
[CDD (BASE 65) ]
TOTAL THIS MO. 0
DPTR FM NORMAL 0 [PRESSURE DATA]
TOTAL FM JAN 1 0 HIGHEST SLP 30.63 ON 28
DPTR FM NORMAL 0 LOWEST SLP 29.48 ON 14
[REMARKS]
#FINAL-01-21#